-- Table structure for table `bimbingans`
--

CREATE TABLE `bimbingans` (
  `id` bigint(20) unsigned NOT NULL AUTO_INCREMENT,
  `periode` varchar(10) COLLATE utf8mb4_unicode_ci NOT NULL,
  `bulan` varchar(20) COLLATE utf8mb4_unicode_ci NOT NULL,
  `tanggal` date NOT NULL,
  `mahasiswa_id` bigint(20) unsigned NOT NULL,
  `sidang_id` bigint(20) unsigned NOT NULL,
  `pembimbing_id` bigint(20) unsigned NOT NULL,
  `topik` longtext COLLATE utf8mb4_unicode_ci NOT NULL,
  `konfirmasi` varchar(20) COLLATE utf8mb4_unicode_ci DEFAULT NULL,
  `created_at` timestamp NULL DEFAULT NULL,
  `updated_at` timestamp NULL DEFAULT NULL,
  PRIMARY KEY (`id`)
) ENGINE=InnoDB AUTO_INCREMENT=38 DEFAULT CHARSET=utf8mb4 COLLATE=utf8mb4_unicode_ci;

--
-- Dumping data for table `bimbingans`
--

INSERT INTO `bimbingans` VALUES (1,'20231','Januari','2023-11-29',922,1152,184,'membahss revenue dan mengatasi permasalahan','Diterima','2023-12-13 16:56:38','2024-01-05 02:41:00'),(2,'20231','Januari','2023-12-01',922,1152,62,'merevisi dan mengarahkan isi TA sebelumnya','Diterima','2023-12-13 16:57:08','2024-01-05 02:41:00'),(3,'20231','Januari','2023-12-07',922,1152,62,'memberikan arahan dalam pengsian kuisioner','Diterima','2023-12-13 16:58:12','2024-01-05 02:41:00'),(4,'20231','Januari','2023-12-07',922,1152,184,'merevisi TA dan memberikan arahan apa saja yang harus diisi di BAB 3','Diterima','2023-12-21 05:11:26','2024-01-05 02:41:00'),(5,'20231','Januari','2023-12-14',922,1152,62,'mengirimkan TA sesuai yang diminta Pembimbing untuk bahan revisi selanjutnya','Diterima','2023-12-21 05:13:11','2024-01-05 02:41:00'),(6,'20231','Januari','2023-12-15',922,1152,184,'membahas proyeksi penjualan dan upah','Diterima','2023-12-21 05:13:35','2024-01-05 02:41:00'),(7,'20231','Januari','2023-12-18',922,1152,184,'menanyakan dan memberi arahan pengisian BAB 5','Diterima','2023-12-21 05:14:22','2024-01-05 02:41:00'),(8,'20231','Januari','2023-12-21',922,1152,62,'menyerahkan file Tugas Akhir dan membahas revisian','Diterima','2023-12-21 05:14:43','2024-01-05 02:41:00'),(9,'20231','Januari','2023-11-15',978,1201,183,'Revisi Judul TA','Diterima','2023-12-22 13:55:33','2024-01-05 02:51:00'),(10,'20231','Januari','2023-11-17',978,1201,153,'Revisi BAB II','Diterima','2023-12-22 13:56:23','2024-01-05 02:51:00'),(11,'20231','Januari','2023-11-20',978,1201,183,'Daftar Gambar','Diterima','2023-12-22 13:57:10','2024-01-05 02:51:00'),(12,'20231','Januari','2023-12-12',978,1201,153,'Konsultasi Hasil Latihan dan Recipe Costing','Diterima','2023-12-22 13:58:22','2024-01-05 02:51:00'),(13,'20231','Januari','2023-12-19',978,1201,153,'Konsultasi Hasil Latihan Dekorasi Kue','Diterima','2023-12-22 13:58:50','2024-01-05 02:51:00'),(14,'20231','Januari','2023-12-20',978,1201,183,'Konsultasi Sistem Pengerjaan Cake Decoration ketika Sidang','Diterima','2023-12-22 13:59:39','2024-01-05 02:51:00'),(15,'20231','Januari','2023-12-21',978,1201,183,'Konfirmasi Hasil Latihan Cake Decoration & Penulisan Laporan','Diterima','2023-12-22 14:00:28','2024-01-05 02:51:00'),(16,'20231','Januari','2023-12-22',978,1201,153,'Konfirmasi Hasil Latihan Cake Decoration','Diterima','2023-12-22 14:00:55','2024-01-05 02:51:00'),(17,'20231','Januari','2023-12-12',963,1186,153,'cara menghitung kebutuhan resep, konsultasi figurine','Diterima','2023-12-23 04:20:29','2024-01-05 02:48:10'),(18,'20231','Januari','2023-12-15',963,1186,153,'Revisi laporan Tugas Akhir','Diterima','2023-12-23 04:20:52','2024-01-05 02:48:10'),(19,'20231','Januari','2023-12-19',963,1186,153,'Konsultasi design','Diterima','2023-12-23 04:21:26','2024-01-05 02:48:10'),(20,'20231','Januari','2023-12-21',963,1186,153,'konsultasi bentuk figurine kuda pony','Diterima','2023-12-23 04:21:57','2024-01-05 02:48:10'),(21,'20231','Januari','2023-12-13',963,1186,60,'Revisi Laporan Tugas Akhir','Diterima','2023-12-23 04:22:42','2024-01-05 02:48:10'),(22,'20231','Januari','2023-12-15',963,1186,60,'Menanyakan bab 2','Diterima','2023-12-23 04:23:18','2024-01-05 02:48:10'),(23,'20231','Januari','2023-12-19',963,1186,60,'Revisi laporan Tugas Akhir','Diterima','2023-12-23 04:23:34','2024-01-05 02:48:10'),(24,'20231','Januari','2023-12-20',963,1186,60,'Revisi laporan Tugas Akhir','Diterima','2023-12-23 04:23:48','2024-01-05 02:48:10'),(25,'20231','Januari','2023-12-18',959,1182,65,'Membahas tentang penulisan Bab 2','Diterima','2023-12-23 16:33:00','2024-01-05 02:46:08'),(26,'20231','Januari','2023-12-15',959,1182,154,'Membahas tentang penulisan di Bab 1','Diterima','2023-12-23 16:35:30','2024-01-05 02:46:08'),(27,'20231','Januari','2023-12-22',959,1182,154,'Membahas tentang keseluruhan design dan latihan presentasi produk','Diterima','2023-12-23 16:36:18','2024-01-05 02:46:08'),(28,'20231','Januari','2023-12-14',959,1182,65,'Membahas tentang standar resep yang digunakan','Diterima','2023-12-23 17:03:53','2024-01-05 02:46:08'),(29,'20231','Januari','2023-12-12',975,1198,65,'Pembahasan hasil usulan penelitian\r\nDalam pertemuan ini membahas mengenai penilaian dari penguji selama usulan penelitian tugas akhir. Dalam pertemuan ini, juga membahas mengenai saran-saran dari penguji usulan penelitian.','Diterima','2024-01-02 12:33:47','2024-01-05 02:50:38'),(30,'20231','Januari','2023-12-12',975,1198,154,'Pembahasan hasil seminar penelitian dan desain produk\r\nDalam pertemuan ini membahas mengenai:\r\n1. Komentar dari penguji selama presentasi usulan penelitian\r\n2. Perubahan desain entremet agar glaze mampu menutupi permukaan entremet secara merata','Diterima','2024-01-02 12:35:28','2024-01-05 02:50:38'),(31,'20231','Januari','2023-12-14',975,1198,65,'Dalam kesempatan ini, penulis berkonsultasi mengenai hasil latihan dengan pembimbing. Berdasarkan latihan-latihan yang sudah dilakukan penulis, maka penulis mengusulkan untuk mengganti penggunaan cetakan dalam pembuatan entremet agar glazenya dapat merata keseluruh permukaannya.','Diterima','2024-01-02 12:36:30','2024-01-05 02:50:38'),(32,'20231','Januari','2023-12-18',975,1198,154,'Food testing\r\nDalam pertemuan ini membahas mengenai rasa dan tekstur produk yaitu:\r\n1. Komponen jelly sebaiknya memiliki ketebalan yang lebih tipis serta teksturnya tidak terlalu keras\r\n2. Komponen creamy sebaiknya sedikit lebih tebal agar ukurannya setara dengan jelly\r\n3. Kastengel harus garis ketika presentasi produk nanti. Perhatikan cara menyimpan produk\r\n4. Salted caramel, sebaiknya tidak terlalu asin agar rasa entremet lebih seimbang','Diterima','2024-01-02 12:37:15','2024-01-05 02:50:38'),(33,'20231','Januari','2023-12-18',975,1198,65,'Food testing\r\nDalam kesempatan ini, penulis memberikan sample produk kepada pembimbing untuk menguji rasa dan tekstur, terdapat beberapa point yang perlu diperhatikan penulis saat menghadapi ujian presentasi produk nanti:\r\n1. Entremet harus beku sebelum di keluarkan dari cetakan dan harus dingin ketika dihidangkan\r\n2. Chrunchy item harus garing. Sebaiknya disimpan di suhu ruang jangan di chiller sebelum di assembing','Diterima','2024-01-02 12:38:14','2024-01-05 02:50:38'),(34,'20231','Januari','2023-12-22',975,1198,154,'Finalisasi penulisan\r\nDalam pertemuan ini, pembimbing melakukan pengecekan penulisan agar sesuai dengan pedoman yang berlaku, seperti:\r\n1. Penggunaan font\r\n2. Penggunaan sumber langsung dan tidak langsung\r\n3. Pemilihan kata\r\n4. Format-format yang berlaku dalam pedoman\r\n5. Penggunaan gambar\r\n6. Konten-konten yang perlu ditambahkan','Diterima','2024-01-02 12:39:12','2024-01-05 02:50:38'),(35,'20231','Januari','2023-12-19',975,1198,65,'Finalisasi penulisan\r\nDalam kesempatan ini, pembimbing mengecek penulisan dari tugas akhir agar sesuai dengan pedoman yang berlaku','Diterima','2024-01-02 12:40:09','2024-01-05 02:50:38'),(36,'20231','Januari','2023-12-26',975,1198,154,'Konsultasi hasil latihan \r\nBimbingan ini dilakukan secara online membahas mengenai hasil latihan akhir penulis, dalam pertemuan ini membahas mengenai topper pada entremet kurang proposional sehingga pembimbing menyarankan untuk melakukan latihan topper lagi agar bentuknya lebih proporsional.','Diterima','2024-01-02 12:40:52','2024-01-05 02:50:38'),(37,'20231','Januari','2024-01-02',975,1198,154,'Pembahasan hasil latihan topper\r\nBimbingan ini dilakukan secara online membahas mengenai latihan topper. Dalam bimbingan ini, penulis melampirkan beberapa foto hasil latihan. Pembimbing memberikan beberapa saran agar topper entremet lebih proporsional dan lebih menarik.','Diterima','2024-01-02 12:41:37','2024-01-05 02:50:38');

--
-- Table structure for table `dosens`
--

CREATE TABLE `dosens` (
  `id` bigint(20) unsigned NOT NULL AUTO_INCREMENT,
  `nidn` varchar(25) COLLATE utf8mb4_unicode_ci NOT NULL,
  `kode` varchar(10) COLLATE utf8mb4_unicode_ci NOT NULL,
  `nama` varchar(250) COLLATE utf8mb4_unicode_ci NOT NULL,
  `created_at` timestamp NULL DEFAULT NULL,
  `updated_at` timestamp NULL DEFAULT NULL,
  PRIMARY KEY (`id`),
  UNIQUE KEY `dosens_nidn_unique` (`nidn`),
  UNIQUE KEY `dosens_kode_unique` (`kode`)
) ENGINE=InnoDB AUTO_INCREMENT=196 DEFAULT CHARSET=utf8mb4 COLLATE=utf8mb4_unicode_ci;

--
-- Dumping data for table `dosens`
--

INSERT INTO `dosens` VALUES (54,'3822116401','ACP','Dr. Acep Unang Rahayu, M.Ed., CIQAR.','2022-10-11 02:40:52','2022-10-11 02:40:52'),(55,'3811059001','AMR','Amanda Rizka Rachim, M.Pd.','2022-10-11 02:40:52','2022-10-11 02:40:52'),(56,'3811096501','ANS','Dr. Anang Sutono, MM.Par, CHE.','2022-10-11 02:40:52','2022-10-11 02:40:52'),(57,'3811067501','ANB','Dr. Ananta Budhi Danurdara, BA., M.Sc., CPM (Asia).','2022-10-11 02:40:52','2022-10-11 02:40:52'),(58,'3806057101','AND','Andar Danova Lastaripar Goeltom, M.Sc.','2022-10-11 02:40:52','2022-10-13 06:24:20'),(59,'3817026701','ANH','Dr. Andre Hernowo, S.E., M.Si., Ak., CHE.','2022-10-11 02:40:52','2022-10-11 02:40:52'),(60,'3826067101','ART','Arti Sufianti, S.Sos., M.Pd.','2022-10-11 02:40:52','2022-10-11 02:40:52'),(61,'3817076301','ASR','Drs. Asep Rosadi, M.A.P.','2022-10-11 02:40:52','2022-10-11 02:40:52'),(62,'3805016001','ATS','Dr. Atang Sabur Safari, S.Sos., M.Sc.','2022-10-11 02:40:53','2022-10-11 02:40:53'),(63,'3801047601','AYN','Ayu Nurwitasari, S.Ap., MM.Par.','2022-10-11 02:40:53','2022-10-11 02:40:53'),(64,'3824118501','BAA','Bagus Githa Adhitya Muhamad, MM.Par., CEP., CEM., CEE.','2022-10-11 02:40:53','2022-10-11 02:40:53'),(65,'3804046301','BSU','Bambang Sapto Utomo, MM.Par.','2022-10-11 02:40:53','2022-10-11 02:40:53'),(66,'3819017201','BEB','Dr. Beta Budisetyorini, M.Sc.','2022-10-11 02:40:53','2022-10-11 02:40:53'),(67,'3816076101','BRS','Dr. Brantas, M.Pd.','2022-10-11 02:40:53','2022-10-11 02:40:53'),(68,'3804026801','BUS','Drs. Budi Setiawan, M.M.','2022-10-11 02:40:53','2022-10-11 02:40:53'),(69,'3808097801','BUW','Budi Wibowo, MM.Par, CHE.','2022-10-11 02:40:53','2022-10-11 02:40:53'),(70,'3823078001','CET','Dr. Cecep Tatang Wijaya, S.Pd.I., M.Pd.I','2022-10-11 02:40:53','2024-01-15 03:46:23'),(71,'3829127601','CER','Dr. Cecep Ucu Rakhman, A.Md., S.Sos., M.M.','2022-10-11 02:40:53','2022-10-11 02:40:53'),(72,'3817036601','CUK','Dra. Cucu Kurniati, MM.Par.','2022-10-11 02:40:53','2022-10-11 02:40:53'),(73,'3810127101','DAG','Dadang Suratman, S.ST.Par., M.M.','2022-10-11 02:40:53','2022-10-11 02:40:53'),(74,'3807115701','DAN','Drs. Daeng Noerdjamal, M.Pd.','2022-10-11 02:40:53','2022-10-11 02:40:53'),(75,'3810107201','DAI','Dasril Indra, S.I.P., M.M., CHE.','2022-10-11 02:40:53','2022-10-11 02:40:53'),(76,'3826106501','DED','Drs. Dede Kuswandi, M.Hum.','2022-10-11 02:40:53','2022-10-11 02:40:53'),(77,'3818076901','DEA','Deden Rudy Mustafa, S.Sos., M.M.','2022-10-11 02:40:54','2022-10-11 02:40:54'),(78,'3815066701','DEP','Drs. Deden Saepudin, M.Pd.','2022-10-11 02:40:54','2022-10-11 02:40:54'),(79,'3801107301','DND','Dendy Sundayana, S.Si., MM.Par.','2022-10-11 02:40:54','2022-10-11 02:40:54'),(80,'3826026101','DOA','Dhonny Yusuf Amier, S.Sos., MM.Par.','2022-10-11 02:40:54','2022-10-11 02:40:54'),(81,'3809078901','DIS','Dicky Arsyul Salam, S.Par., M.Sc.','2022-10-11 02:40:54','2022-10-11 02:40:54'),(82,'3813075901','DJA','Djauhar Arifin, S.ST.Par., M.M.','2022-10-11 02:40:54','2022-10-11 02:40:54'),(83,'9904014850','DOD','DODDY DJUFRANI','2022-10-11 02:40:54','2023-01-20 03:54:18'),(84,'3807108601','DDU','Dwiesty Dyah Utami, MM.Par., M.Sc.','2022-10-11 02:40:54','2022-10-11 02:40:54'),(85,'3814055801','EDS','Edison Sitompul, M.M.','2022-10-11 02:40:54','2022-10-11 02:40:54'),(86,'3809017601','EDA','Edwin Adriansyah, MM.Par.','2022-10-11 02:40:54','2022-10-11 02:40:54'),(87,'3828028401','EKN','Eka Nuraisah Rosiana, S.ST.Par., MM.Par.','2022-10-11 02:40:54','2022-10-11 02:40:54'),(88,'3822126001','EKP','Eka Paramita Marsongko, A.Par., M.Sc.','2022-10-11 02:40:54','2022-10-11 02:40:54'),(89,'3826066401','ENT','Endah Trihayuningtyas, S.Sos., MM.Par.','2022-10-11 02:40:54','2022-10-11 02:40:54'),(90,'3803117401','ENK','Endang Komesty Sinaga, S.ST.Par., MM.Par, CHE.','2022-10-11 02:40:54','2022-10-11 02:40:54'),(91,'3823077301','UMK','Dr. Er Ummi Kalsum, S.Sos., MM.Par., CHRMP.','2022-10-11 02:40:54','2022-10-11 02:40:54'),(92,'3823025901','ERR','Erfin Roesfian, S.Sos., M.Hum., CHE.','2022-10-11 02:40:54','2022-10-11 02:40:54'),(93,'3819040501','FAF','Faisal Fahdian Puksi, S.Hum., M.Hum., M.Sc., CHE.','2022-10-11 02:40:55','2022-10-11 02:40:55'),(94,'3821039101','GIR','Gilang Ramadhan, MM.Par.','2022-10-11 02:40:55','2022-10-11 02:40:55'),(95,'3817038101','HAI','Hanna Daniati, S.I.Kom., MM.Par., CHE., CHRMP.','2022-10-11 02:40:55','2022-10-11 02:40:55'),(96,'3815096801','HAO','Hari Ristanto, BBA., M.Sc.','2022-10-11 02:40:55','2022-10-11 02:40:55'),(97,'3825127101','HAD','Dr. Haryadi Darmawan, M.M.','2022-10-11 02:40:55','2022-10-11 02:40:55'),(98,'3827016801','HEL','Dr. Herlan Suherlan, M.M., CIQAR., CIQNR.','2022-10-11 02:40:55','2022-10-11 02:40:55'),(99,'3822016601','HEI','Dr. Heru Riyadi, MM.Par.','2022-10-11 02:40:55','2022-10-11 02:40:55'),(100,'3802017301','HEC','Dr. Hery Sigit Cahyadi, MM.Par.','2022-10-11 02:40:55','2022-10-11 02:40:55'),(101,'3828066001','HES','Drs. Hery Soesanto, M.M.','2022-10-11 02:40:55','2022-10-11 02:40:55'),(102,'3805067801','IGA','I Gusti Agung Wahyu Adrian, S.ST.Par., MM.Par., M.Sc., CHRMP., CHE.','2022-10-11 02:40:55','2022-10-11 02:40:55'),(103,'3820075601','PUO','Ignatius Purwanggono Sastrawidjaja, S.Sos., M.A.P.','2022-10-11 02:40:55','2022-10-11 02:40:55'),(104,'3815058001','ING','Ina Veronika Ginting, S.Sos., M.I.Kom.','2022-10-11 02:40:55','2022-10-11 02:40:55'),(105,'3806096501','INS','Indra Saftara, S.Sos., M.A.P.','2022-10-11 02:40:55','2022-10-11 02:40:55'),(106,'3821018001','INH','Indriyani Handyastuti, A.Md.Par., S.I.Kom., M.Sc., CHE., CEE.','2022-10-11 02:40:55','2022-10-11 02:40:55'),(107,'3807018201','IRH','Irfansyah, S.E., M.M.','2022-10-11 02:40:55','2022-10-11 02:40:55'),(108,'3826127601','ITM','Ita Maemunah, S.ST.Par., MM.Par, CHE.','2022-10-11 02:40:55','2022-10-11 02:40:55'),(109,'3801116301','JAG','Drs. Jacob Ganef Pah, M.T.','2022-10-11 02:40:55','2022-10-11 02:40:55'),(110,'3809115801','JAE','Drs. Jatmiko Edy Waluyo, MM.Par., CIQAR.','2022-10-11 02:40:56','2022-10-11 02:40:56'),(111,'3802126001','LIM','Dr. Lien Maulina, M.Pd., CHE.','2022-10-11 02:40:56','2022-10-11 02:40:56'),(112,'3822019301','LIJ','Lilis Jayanti, S.Par., M.Par','2022-10-11 02:40:56','2022-10-11 02:40:56'),(113,'3823066301','RIS','Drs. Linandar Tanuwijaya, MM.Par.','2022-10-11 02:40:56','2022-10-11 02:40:56'),(114,'3829016101','LUK','Lucky Karsuki, B.A., M.M.','2022-10-11 02:40:56','2022-10-11 02:40:56'),(115,'3803068201','MAC','Made Citra Yuniastuti, S.E., M.M.','2022-10-11 02:40:56','2022-10-11 02:40:56'),(116,'3821096801','MAK','Maksum Suparman, S.Pd., M.Pd.','2022-10-11 02:40:56','2022-10-11 02:40:56'),(117,'3824128501','MAP','Mandradhitya Kusuma Putra, S.ST.Par., M.Sc.','2022-10-11 02:40:56','2022-10-11 02:40:56'),(118,'3824107502','MAG','Marsianus Raga, MM.Par, CEE.','2022-10-11 02:40:56','2022-10-11 02:40:56'),(119,'3820109101','MEA','Mega Aldora, M.M.','2022-10-11 02:40:56','2022-10-11 02:40:56'),(120,'3818068501','MEF','Mega Fitriani Adiwarna Prawira, S.ST.Par., M.Ds.','2022-10-11 02:40:56','2022-10-11 02:40:56'),(121,'3824127901','MIN','Misran, Lc., M.A., M.Sc.','2022-10-11 02:40:56','2022-10-11 02:40:56'),(122,'3830086301','MAS','Drs. Moch Agus Syadad Saefullah, MM.Par.','2022-10-11 02:40:56','2022-10-11 02:40:56'),(123,'3802036301','MON','Mochamad Nurrochman, S.Sos., M.Pd.','2022-10-11 02:40:56','2022-10-11 02:40:56'),(124,'3804056001','MOL','Dr. Mohamad Liga Suryadana, M.Si.','2022-10-11 02:40:56','2022-10-11 02:40:56'),(125,'3815027601','NED','Nenden Dianawati, MM.Par., CHE.','2022-10-11 02:40:57','2024-06-22 00:51:33'),(126,'3816037101','NIG','Ni Gusti Made Kerti Utami, B.A., MM.Par., CHE.','2022-10-11 02:40:57','2022-10-11 02:40:57'),(127,'3826086901','NOI','Nor Ismawanto Choirudin, S.E., M.M.','2022-10-11 02:40:57','2022-10-11 02:40:57'),(128,'3806066601','NUK','Nur Komariah, S.Sos., M.M.','2022-10-11 02:40:57','2022-10-11 02:40:57'),(129,'3803128101','NUH','Nuraeni Handayaningrum, S.S., M.Pd., CHE.','2022-10-11 02:40:57','2022-10-11 02:40:57'),(130,'3802018101','NUA','Nurdin Hidayah, S.ST.Par., M.M.','2022-10-11 02:40:57','2022-10-11 02:40:57'),(131,'3813088001','ODP','Odang Permana, S.E., M.E.','2022-10-11 02:40:57','2022-10-11 02:40:57'),(132,'3819046301','ODR','Drs. Odang Rusmana, MM.Par.','2022-10-11 02:40:57','2022-10-11 02:40:57'),(133,'3829046001','PRI','Dra. P Jessica J Josary, M.Sc.','2022-10-11 02:40:57','2022-10-11 02:40:57'),(134,'3801017701','PUS','Pudin Saepudin, S.ST.Par., M.P.Par., CHE.','2022-10-11 02:40:57','2022-10-11 02:40:57'),(135,'3809058701','RAF','R Fajar Widiarrachman, S.Kom., MM.Par.','2022-10-11 02:40:57','2022-10-11 02:40:57'),(136,'3829016201','RAM','Drs. Rachmat Mulyawan, MM.Par.','2022-10-11 02:40:57','2022-10-11 02:40:57'),(137,'3805056001','RAT','Drs. Rachmat Syam, S.Sos., MM.Par.','2022-10-11 02:40:57','2022-10-11 02:40:57'),(138,'3802116001','DAY','Raden Darmawan Sundayana, S.Sos., MM.Par.','2022-10-11 02:40:57','2022-10-11 02:40:57'),(139,'3825048501','FAI','Dr. Raden Fajar Kusnadi Kusumah Putra, M.Sc., CHIA., CHE.','2022-10-11 02:40:57','2022-10-11 02:40:57'),(140,'3830066401','HEK','Dr. Raden Kusherdyana, M.Pd., CIQAR.','2022-10-11 02:40:58','2022-10-11 02:40:58'),(141,'3813086601','WIR','H. Raden Wisnu Rahtomo, S.Sos., M.M.','2022-10-11 02:40:58','2022-10-11 02:40:58'),(142,'3829068701','RAP','Ratih Pitria Purnamasari, S.ST.Par., Mm.Par.','2022-10-11 02:40:58','2022-10-11 02:40:58'),(143,'9903005878','REH','Drs. Renalmon Hutahaean, M.M.','2022-10-11 02:40:58','2022-10-11 02:40:58'),(144,'3830076201','REB','Dra. Retno Budi Wahyuni, M.M., CHE.','2022-10-11 02:40:58','2022-10-11 02:40:58'),(145,'3825129001','REN','Reza Nurizki, S.Pd., M.Sc.','2022-10-11 02:40:58','2022-10-11 02:40:58'),(146,'3824016601','RID','Dr. Riadi Darwis, M.Pd.','2022-10-11 02:40:58','2022-10-11 02:40:58'),(147,'3804077401','RII','Ridwan Iskandar, S.E., M.M.','2022-10-11 02:40:58','2022-10-11 02:40:58'),(148,'3804048601','ROA','Ronal Andrianto, MM.Par.','2022-10-11 02:40:58','2022-10-11 02:40:58'),(149,'3807086901','ADM','Rr Adi Hendraningrum, S.Sos., M.M.','2022-10-11 02:40:58','2022-10-11 02:40:58'),(150,'3825117001','RUS','Rudy Parlindungan Siahaan, S.Sos., MM.Par.','2022-10-11 02:40:58','2022-10-11 02:40:58'),(151,'3815047801','RUP','Rusna Purnama, S.E., M.M.','2022-10-11 02:40:58','2022-10-11 02:40:58'),(152,'2317047901','SAN','Dr. Sahala Martua Solin, A.Md., S.Th., M.Th.','2022-10-11 02:40:58','2022-10-11 02:40:58'),(153,'3805048601','SAI','Sandra Sanggramasari, S.E., M.Sc.','2022-10-11 02:40:58','2022-10-11 02:40:58'),(154,'3811118501','SEN','Selvi Novianti, S.ST.Par., M.Sc.','2022-10-11 02:40:58','2022-10-11 02:40:58'),(155,'3802098101','SIH','Singgih Tri Wibowo, S.ST. Par., M.P.Par.','2022-10-11 02:40:58','2022-10-11 02:40:58'),(156,'3829077801','SIY','Siti Yulia Irani, S.E., M.Par.','2022-10-11 02:40:58','2022-10-11 02:40:58'),(157,'3801037201','SOA','Sondjana Ali Suganda, S.Sos., Mm.Par.','2022-10-11 02:40:59','2022-10-11 02:40:59'),(158,'3812125801','SUH','Sugeng Hermanto, MM.Par., CHRMP.','2022-10-11 02:40:59','2022-10-11 02:40:59'),(160,'3810087001','ADS','Dr. Sukmadi, M.M.','2022-10-11 02:40:59','2022-10-11 02:40:59'),(161,'3811026701','SUI','Dr. Sumaryadi, A.Par., S.E., M.M.','2022-10-11 02:40:59','2022-10-11 02:40:59'),(163,'3819107201','SAM','Syaeful Muslim, S.Pd., M.M.','2022-10-11 02:40:59','2022-10-11 02:40:59'),(164,'3809107001','TAG','Tatang Sopian, S.Pd., M.Hum.','2022-10-11 02:40:59','2022-10-11 02:40:59'),(165,'3807078201','TEC','Dr. Teddy Chandra, S.Sos., M.Pd.','2022-10-11 02:40:59','2022-10-11 02:40:59'),(166,'0013126902','TEH','Dr. Teguh Husodo, M.Si.','2022-10-11 02:40:59','2022-10-11 02:40:59'),(167,'3826128601','TRF','Tristy Firlyanie Luthfi, S.ST. Par., MM.Par.','2022-10-11 02:40:59','2022-10-11 02:40:59'),(168,'3807087201','VAS','Valentino Sumardi, MM.Par.','2022-10-11 02:40:59','2022-10-11 02:40:59'),(169,'8938710021','VIO','Dr. Violetta Simatupang, Dipl.Hot.Ahma., S.E., Mh.','2022-10-11 02:40:59','2022-10-11 02:40:59'),(170,'3827109201','VYL','Vyana Lohjiwa, S.Par., M.P.Par','2022-10-11 02:40:59','2022-10-11 02:40:59'),(171,'3817077401','WAH','Dr. Wahyudin, S.Pd.I., M.Pd.I','2022-10-11 02:41:00','2024-01-15 03:46:45'),(172,'3814086501','WAA','Wanti Arum Wanti, S.Sos., MM.Par.','2022-10-11 02:41:00','2022-10-11 02:41:00'),(173,'3811067001','WAS','Warta Sumirat, S.Pd., M.Pd.','2022-10-11 02:41:00','2022-10-11 02:41:00'),(174,'3801096201','WIB','Dr. Wisnu Bawa Tarunajaya, S.E., M.M.','2022-10-11 02:41:00','2022-10-11 02:41:00'),(175,'3815037301','WIP','Wisnu Prahadianto, S.E., M.Sc.','2022-10-11 02:41:00','2022-10-11 02:41:00'),(176,'3826045801','YAA','Dra. Yanthi Adriani, M.Si.','2022-10-11 02:41:00','2022-10-11 02:41:00'),(177,'3824076401','EVA','Dra. Zulhelfa, M.Hum.','2022-10-11 02:41:00','2022-10-11 02:41:00'),(178,'3828126901','CHR','Christian Helmy Rumayar, S.Sos., M.M.Par','2022-10-13 05:21:49','2022-10-13 05:22:03'),(179,'3817107301','SUW','Sukarno Wibowo, S.E., M.M.','2022-10-13 05:33:53','2022-10-13 05:33:53'),(180,'3825015501','NAK','Dra Kuswardhani, M.Ed.','2022-10-13 05:46:40','2022-10-13 05:46:40'),(181,'3807065601','SUT','Sutanto Leo','2022-10-13 06:24:03','2022-10-13 06:24:03'),(182,'3810027001','DAH','Deddy Adisudharma, S.Sos., M.M.','2022-10-17 01:17:25','2022-10-17 01:17:25'),(183,'3827015901','SUP','Drs. H. Susilo Dwi Prabowo, M.Pd.','2022-10-17 01:33:01','2022-10-17 01:33:01'),(184,'3815076001','ROS','Drs. Rohyan Sosiadi, M.Pd.','2022-10-17 01:52:07','2022-10-17 01:52:07'),(185,'3816128201','NOT','NOVA MAULIDIAN HIDAYAT, A.Md.,SE., M.M.','2023-01-09 01:35:00','2023-01-09 01:35:00'),(186,'196505211990031002','LUY','Dr. Lutfi Yandri, M.Si','2023-01-10 02:11:23','2023-07-18 02:32:34'),(187,'3175020508500001','THB','Drs. Thamrin Bhiwana Bachri, M.Si','2023-01-10 02:12:15','2023-07-20 01:04:11'),(188,'0416126002','EME','Dr. Emron Edison, S.E., MM','2023-01-10 02:16:54','2023-01-10 02:16:54'),(189,'9904003742','HAN','Harry Soeparman','2023-01-16 04:02:28','2023-01-16 04:02:28'),(190,'3815107801','DOI','Dodi Affandi, S.S., MM.Par.','2023-01-20 03:52:19','2023-01-20 03:52:19'),(191,'3808028401','WIU','Wisi Wulandari, S.ST.Par','2023-07-05 07:44:26','2023-07-05 07:44:26'),(192,'9990154775','JOI','DJONI SOFYAN ISKANDAR','2023-07-05 08:10:01','2023-07-05 08:10:01'),(193,'3801028601','ANP','R. ANGGI P SUPRIADI, MM.Par','2023-07-05 08:11:44','2023-07-05 08:11:44'),(194,'3815096301','ALR','Drs. Alexander Reyaan, MM.','2023-07-18 01:24:08','2023-07-20 01:04:23'),(195,'3816048401','AGL','Agung Ilham Triana, MM.Par.','2024-05-03 08:46:56','2024-05-03 08:46:56');

--
-- Table structure for table `failed_jobs`
--

CREATE TABLE `failed_jobs` (
  `id` bigint(20) unsigned NOT NULL AUTO_INCREMENT,
  `uuid` varchar(255) COLLATE utf8mb4_unicode_ci NOT NULL,
  `connection` text COLLATE utf8mb4_unicode_ci NOT NULL,
  `queue` text COLLATE utf8mb4_unicode_ci NOT NULL,
  `payload` longtext COLLATE utf8mb4_unicode_ci NOT NULL,
  `exception` longtext COLLATE utf8mb4_unicode_ci NOT NULL,
  `failed_at` timestamp NOT NULL DEFAULT current_timestamp(),
  PRIMARY KEY (`id`),
  UNIQUE KEY `failed_jobs_uuid_unique` (`uuid`)
) ENGINE=InnoDB DEFAULT CHARSET=utf8mb4 COLLATE=utf8mb4_unicode_ci;

--
-- Dumping data for table `failed_jobs`
--


--
-- Table structure for table `formdetails`
--

CREATE TABLE `formdetails` (
  `id` bigint(20) unsigned NOT NULL AUTO_INCREMENT,
  `form_id` bigint(20) unsigned NOT NULL,
  `nourut` int(11) NOT NULL DEFAULT 0,
  `deskripsi` varchar(100) COLLATE utf8mb4_unicode_ci NOT NULL,
  `bobot` int(11) DEFAULT NULL,
  `parent_id` int(11) DEFAULT NULL,
  `jenis` varchar(10) COLLATE utf8mb4_unicode_ci DEFAULT NULL,
  `created_at` timestamp NULL DEFAULT NULL,
  `updated_at` timestamp NULL DEFAULT NULL,
  PRIMARY KEY (`id`)
) ENGINE=InnoDB AUTO_INCREMENT=293 DEFAULT CHARSET=utf8mb4 COLLATE=utf8mb4_unicode_ci;

--
-- Dumping data for table `formdetails`
--

INSERT INTO `formdetails` VALUES (4,10,1,'Laporan Tugas Akhir',NULL,NULL,'judul','2022-10-14 03:26:08','2022-10-14 03:26:08'),(5,10,0,'Topik/Tema/Konsep presentasi produk (ide dasar, baru, inovasi, kreatifitas, rekayasa/modifikasi)',1,1,'subjudul','2022-10-14 03:33:48','2022-10-14 03:33:48'),(6,10,0,'Alasan Pemilihan Topik Presentasi Produk',1,1,'subjudul','2022-10-14 03:34:37','2022-10-14 03:34:37'),(7,7,1,'Bisnis Model Canvas',NULL,NULL,'judul','2022-10-14 03:34:49','2022-10-14 03:34:49'),(8,7,0,'Kecepatan analisa dalam BMC',2,1,'subjudul','2022-10-14 03:35:00','2022-10-14 03:35:00'),(9,10,0,'Desain Produk',2,1,'subjudul','2022-10-14 03:35:03','2022-10-14 03:35:03'),(10,7,0,'Kesesuaian Model Bisnis yang dipilih dengan kondisi Bisnis',3,1,'subjudul','2022-10-14 03:35:14','2022-10-14 03:35:14'),(11,10,0,'Tinjauan Produk, Recipe, Peralatan',2,1,'subjudul','2022-10-14 03:35:18','2022-10-14 03:35:18'),(12,7,2,'Ide Bisnis',NULL,NULL,'judul','2022-10-14 03:35:28','2022-10-14 03:35:28'),(13,7,0,'Orisinilitas Ide Bisnis',3,2,'subjudul','2022-10-14 03:35:41','2022-10-14 03:35:41'),(14,10,0,'Perhitungan Biaya dan Harga Pokok/Jual',2,1,'subjudul','2022-10-14 03:35:44','2022-10-14 03:35:44'),(15,7,0,'Kemudahan dan kelayakan untuk direalisasikan',3,2,'subjudul','2022-10-14 03:35:56','2022-10-14 03:35:56'),(16,10,0,'Perencanaan Kerja',2,1,'subjudul','2022-10-14 03:36:01','2022-10-14 03:36:01'),(17,10,0,'Penggunaan Bahasa dan Teknik Penulisan',1,1,'subjudul','2022-10-14 03:36:14','2022-10-14 03:36:14'),(18,7,0,'Ketepatan Analisis SWOT dengan Ide Bisnis yang dipilih',2,2,'subjudul','2022-10-14 03:36:17','2022-10-14 03:36:17'),(19,7,3,'Aspek Produk/Jasa',NULL,NULL,'judul','2022-10-14 03:36:27','2022-10-14 03:36:27'),(20,10,2,'Presenting',NULL,NULL,'judul','2022-10-14 03:36:43','2022-10-14 03:36:43'),(21,10,0,'Penyajian Produk Awal',5,2,'subjudul','2022-10-14 03:36:59','2022-10-14 03:36:59'),(22,10,0,'Penggunaan Bahan',2,2,'subjudul','2022-10-14 03:37:15','2022-10-14 03:37:15'),(23,10,0,'Penggunaan Peralatan',2,2,'subjudul','2022-10-14 03:37:28','2022-10-14 03:37:28'),(24,10,0,'Teknik Pengolahan',3,2,'subjudul','2022-10-14 03:37:44','2022-10-14 03:37:44'),(25,10,0,'Ketepatan Waktu Penyelesaian Produk',4,2,'subjudul','2022-10-14 03:37:55','2022-10-14 03:37:55'),(26,10,0,'Keseragaman Bentuk',3,2,'subjudul','2022-10-14 03:38:08','2022-10-14 03:38:08'),(27,10,0,'Keseragaman Ukuran/Porsi',3,2,'subjudul','2022-10-14 03:38:23','2022-10-14 03:38:23'),(28,10,0,'Kesesuaian Warna',3,2,'subjudul','2022-10-14 03:38:35','2022-10-14 03:38:35'),(29,10,0,'erapihan',3,2,'subjudul','2022-10-14 03:38:54','2022-10-14 03:38:54'),(30,10,0,'Harmonis dekor/garnish',3,2,'subjudul','2022-10-14 03:39:06','2022-10-14 03:39:06'),(31,10,0,'Tingkat Kesulitan',4,2,'subjudul','2022-10-14 03:39:18','2022-10-14 03:39:18'),(32,10,0,'Penampilan Produk Akhir ( Kesesuaian dengan design )',5,2,'subjudul','2022-10-14 03:39:33','2022-10-14 03:39:33'),(33,7,0,'Analisa Keungulan Produk/Jasa',2,3,'subjudul','2022-10-14 03:39:36','2022-10-14 03:39:36'),(34,10,3,'Kebersihan',NULL,NULL,'judul','2022-10-14 03:39:42','2022-10-14 03:39:42'),(35,7,0,'Penyajian dan Kemasan Produk/Jasa',3,3,'subjudul','2022-10-14 03:39:47','2022-10-14 03:39:47'),(36,10,0,'Personal',2,3,'subjudul','2022-10-14 03:39:54','2022-10-14 03:39:54'),(37,10,0,'Area Kerja',2,3,'subjudul','2022-10-14 03:40:04','2022-10-14 03:40:04'),(38,7,0,'Konsistensi Analisa dengan Keungulan Produk/Jasa dengan rencana pengembangan produk/jasa',3,3,'subjudul','2022-10-14 03:40:10','2022-10-14 03:40:10'),(39,10,0,'Alat',2,3,'subjudul','2022-10-14 03:40:21','2022-10-14 03:40:21'),(40,7,0,'Penguasaan Produk Garapan',3,3,'subjudul','2022-10-14 03:40:21','2022-10-14 03:40:21'),(41,10,0,'Bahan',2,3,'subjudul','2022-10-14 03:40:31','2022-10-14 03:40:31'),(42,7,4,'Rencana Pemasaran',NULL,NULL,'judul','2022-10-14 03:40:31','2022-10-14 03:40:31'),(43,7,0,'Riset Pasar',2,4,'subjudul','2022-10-14 03:40:42','2022-10-14 03:40:42'),(44,10,0,'Manfaat Akademis dan Praktik',2,3,'subjudul','2022-10-14 03:40:43','2022-10-14 03:40:43'),(45,7,0,'Validasi Produk',2,4,'subjudul','2022-10-14 03:40:51','2022-10-14 03:40:51'),(46,10,4,'Diskusi',NULL,NULL,'judul','2022-10-14 03:40:52','2022-10-14 03:40:52'),(47,7,0,'Kesesuaian dan konsistensi Rencana Pengembangan Pasar Baru dengan Hasil Riset Pasar',3,4,'subjudul','2022-10-14 03:41:04','2022-10-14 03:41:04'),(48,10,0,'Presentasi Video (kejelasan langkan pembuatan dan narasi)',3,4,'subjudul','2022-10-14 03:41:07','2022-10-14 03:41:07'),(49,10,0,'Penguasaan Materi (penguaan kerangka pikir, konsep produk)',2,4,'subjudul','2022-10-14 03:41:19','2022-10-14 03:41:19'),(50,7,0,'Ketepatan Analisis SWOT',2,4,'subjudul','2022-10-14 03:41:19','2022-10-14 03:41:19'),(51,10,0,'Kemampuan Berargumentasi (kemampuan menjawan/menjelaskan secara logis, rasional dan nalar)',2,4,'subjudul','2022-10-14 03:41:36','2022-10-14 03:41:36'),(52,9,1,'Laporan Tugas Akhir',NULL,NULL,'judul','2022-10-14 03:42:45','2022-10-14 03:42:45'),(53,9,0,'Topik/Tema/Konsep presentasi produk (ide dasar, baru, inovasi, kreatifitas, rekayasa/modifikasi)',1,1,'subjudul','2022-10-14 03:43:11','2022-10-14 03:43:11'),(54,9,0,'Alasan Pemilihan Topik Presentasi Produk',1,1,'subjudul','2022-10-14 03:43:27','2022-10-14 03:43:27'),(55,9,0,'Desain Produk',2,1,'subjudul','2022-10-14 03:44:13','2022-10-14 03:44:13'),(56,9,0,'Tinjauan Produk, Recipe, Peralatan',2,1,'subjudul','2022-10-14 03:44:27','2022-10-14 03:44:27'),(57,9,0,'Perhitungan Biaya dan Harga Pokok/Jual',2,1,'subjudul','2022-10-14 03:44:37','2022-10-14 03:44:37'),(58,7,5,'ASPEK SDM dan OPERASIONAL',NULL,NULL,'judul','2022-10-14 03:44:46','2022-10-14 03:44:46'),(59,9,0,'Perencanaan Kerja',2,1,'subjudul','2022-10-14 03:44:48','2022-10-14 03:44:48'),(60,9,0,'Penggunaan Bahasa dan Teknik Penulisan',1,1,'subjudul','2022-10-14 03:45:02','2022-10-14 03:45:02'),(61,7,0,'Kesesuaian dan Konsistensi Job Analysis dan Job Desc dengan SO',3,5,'subjudul','2022-10-14 03:45:03','2022-10-14 03:45:03'),(62,9,2,'Presenting',NULL,NULL,'judul','2022-10-14 03:45:18','2022-10-14 03:45:18'),(63,7,0,'Kesesuaian anggaran Tenaga Kerja',3,5,'subjudul','2022-10-14 03:45:22','2022-10-14 03:45:22'),(64,9,0,'Penyajian Produk Awal',5,2,'subjudul','2022-10-14 03:45:33','2022-10-14 03:45:33'),(65,7,0,'Kelengkapan Service Scape',3,5,'subjudul','2022-10-14 03:45:36','2022-10-14 04:04:05'),(66,9,0,'Penggunaan Bahan',2,2,'subjudul','2022-10-14 03:45:47','2022-10-14 03:45:47'),(67,7,0,'Kelengakan Action Plan dan Report',3,5,'subjudul','2022-10-14 03:45:52','2022-10-14 03:45:52'),(68,9,0,'Penggunaan Peralatan',2,2,'subjudul','2022-10-14 03:45:59','2022-10-14 03:45:59'),(69,7,6,'Aspek Keuangan',NULL,NULL,'judul','2022-10-14 03:46:06','2022-10-14 03:46:06'),(70,9,0,'Teknik Pengolahan',3,2,'subjudul','2022-10-14 03:46:10','2022-10-14 03:46:10'),(71,7,0,'Kelengkapan Aspek Keuangan',3,6,'subjudul','2022-10-14 03:46:18','2022-10-14 03:46:18'),(72,9,0,'Ketepatan Waktu Penyelesaian Produk',4,2,'subjudul','2022-10-14 03:46:21','2022-10-14 03:46:21'),(73,7,0,'Ketepatan Analisa Keuangan',2,6,'subjudul','2022-10-14 03:46:29','2022-10-14 03:46:29'),(74,7,7,'Lain-Lain',NULL,NULL,'judul','2022-10-14 03:46:40','2022-10-14 03:46:40'),(75,9,0,'Keseragaman Bentuk',3,2,'subjudul','2022-10-14 03:46:42','2022-10-14 03:46:42'),(76,7,0,'Kualitas Penjelasan dan Argumentasi',3,7,'subjudul','2022-10-14 03:46:53','2022-10-14 03:46:53'),(77,9,0,'Keseragaman Ukuran/Porsi',3,2,'subjudul','2022-10-14 03:46:57','2022-10-14 03:46:57'),(78,7,0,'Kemampuan Penerapan Konseptual',3,7,'subjudul','2022-10-14 03:47:04','2022-10-14 03:47:04'),(79,9,0,'Kesesuaian Warna',3,2,'subjudul','2022-10-14 03:47:08','2022-10-14 03:47:08'),(80,7,0,'Penggunaan Bahasa dan Teknik Penulisan',2,7,'subjudul','2022-10-14 03:47:17','2022-10-14 03:47:17'),(81,9,0,'Kerapihan',3,2,'subjudul','2022-10-14 03:47:18','2022-10-14 03:47:18'),(82,7,0,'Kemampuan Dalam Presentasi',2,7,'subjudul','2022-10-14 03:47:27','2022-10-14 03:47:27'),(83,9,0,'Harmonis dekor/garnish',3,2,'subjudul','2022-10-14 03:47:30','2022-10-14 03:47:30'),(84,9,0,'Tingkat Kesulitan',4,2,'subjudul','2022-10-14 03:47:50','2022-10-14 03:47:50'),(85,9,0,'Penampilan Produk Akhir ( Kesesuaian dengan design )',5,2,'subjudul','2022-10-14 03:48:09','2022-10-14 03:48:09'),(86,9,3,'Kebersihan',NULL,NULL,'judul','2022-10-14 03:48:19','2022-10-14 03:48:19'),(87,9,0,'Personal',2,3,'subjudul','2022-10-14 03:48:32','2022-10-14 03:48:32'),(88,9,0,'Area Kerja',2,3,'subjudul','2022-10-14 03:48:41','2022-10-14 03:48:41'),(89,9,0,'Alat',2,3,'subjudul','2022-10-14 03:48:51','2022-10-14 03:48:51'),(90,9,0,'Bahan',2,3,'subjudul','2022-10-14 03:48:59','2022-10-14 03:48:59'),(91,9,0,'Manfaat Akademis dan Praktik',2,3,'subjudul','2022-10-14 03:49:10','2022-10-14 03:49:10'),(92,9,4,'Diskusi',NULL,NULL,'judul','2022-10-14 03:49:19','2022-10-14 03:49:19'),(96,6,1,'Bisnis Model Canvas',NULL,NULL,'judul','2022-10-14 03:50:11','2022-10-14 03:50:11'),(97,6,0,'Kecepatan analisa dalam BMC',2,1,'subjudul','2022-10-14 03:50:23','2022-10-14 03:50:23'),(98,6,0,'Kesesuaian Model Bisnis yang dipilih dengan kondisi Bisnis',3,1,'subjudul','2022-10-14 03:50:39','2022-10-14 03:50:39'),(99,6,2,'Ide Bisnis',NULL,NULL,'judul','2022-10-14 03:50:48','2022-10-14 03:50:48'),(100,6,0,'Kesesuaian Ide Pengembangan Bisnis dengan Bisnis yang sudah ada',3,2,'subjudul','2022-10-14 03:51:07','2022-10-14 03:51:07'),(101,6,0,'Kemudahan dan Kelayakan untuk di realisasikan',3,2,'subjudul','2022-10-14 03:51:18','2022-10-14 03:51:18'),(102,6,0,'Ketepatan Analisis SWOT dengan Ide Bisnis yang dipilih',2,2,'subjudul','2022-10-14 03:51:32','2022-10-14 03:51:32'),(103,9,0,'Presentasi Video (kejelasan langkan pembuatan dan narasi)',3,4,'subjudul','2022-10-14 03:51:52','2022-10-14 03:51:52'),(104,6,3,'Aspek Produk/Jasa',NULL,NULL,'judul','2022-10-14 03:51:52','2022-10-14 03:51:52'),(105,9,0,'Penguasaan Materi (penguaan kerangka pikir, konsep produk)',2,4,'subjudul','2022-10-14 03:52:26','2022-10-14 03:52:26'),(106,6,0,'Analisa Keungulan Produk/Jasa',2,3,'subjudul','2022-10-14 03:52:30','2022-10-14 03:52:30'),(107,9,0,'Kemampuan Berargumentasi (kemampuan menjawan/menjelaskan secara logis, rasional dan nalar)',2,4,'subjudul','2022-10-14 03:52:47','2022-10-14 03:52:47'),(108,6,0,'Penyajian dan Kemasan Produk/Jasa',3,3,'subjudul','2022-10-14 03:52:55','2022-10-14 03:52:55'),(109,6,0,'Konsistensi Analisa dengan Keunggulan Produk/Jasa dengan rencana pengembangan produk/jasa',3,3,'subjudul','2022-10-14 03:53:13','2022-10-14 03:53:13'),(110,12,1,'Laporan Tugas Akhir',NULL,NULL,'judul','2022-10-14 03:53:17','2022-10-14 03:53:17'),(111,6,0,'Penguasaan Produk Garapan',3,3,'subjudul','2022-10-14 03:53:25','2022-10-14 03:53:25'),(112,12,0,'Topik/Tema/Konsep presentasi produk (ide dasar, baru, inovasi, kreatifitas, rekayasa/modifikasi)',1,1,'subjudul','2022-10-14 03:53:32','2022-10-14 03:53:32'),(113,6,4,'Rencana Pemasaran',NULL,NULL,'judul','2022-10-14 03:53:46','2022-10-14 03:53:46'),(114,12,0,'Latar Belakang',2,1,'subjudul','2022-10-14 03:53:51','2022-10-14 03:53:51'),(115,12,0,'Alasan Pemilihan Topik Penelitian',1,1,'subjudul','2022-10-14 03:54:03','2022-10-14 03:54:03'),(116,6,0,'Riset Pasar',2,4,'subjudul','2022-10-14 03:54:04','2022-10-14 03:54:04'),(117,12,0,'Hasil Pra-experiment',2,1,'subjudul','2022-10-14 03:54:14','2022-10-14 03:54:14'),(118,6,0,'Validasi Produk',2,4,'subjudul','2022-10-14 03:54:18','2022-10-14 03:54:18'),(119,12,0,'Pertanyaan Penelitian',1,1,'subjudul','2022-10-14 03:54:28','2022-10-14 07:27:14'),(120,6,0,'Kesesuaian dan konsistensi Rencana Pengembangan Pasar Baru dengan Hasil Riset Pasar',3,4,'subjudul','2022-10-14 03:54:30','2022-10-14 03:54:30'),(121,12,0,'Metode penelitian dan Teknik Pengummpulan Data',2,1,'subjudul','2022-10-14 03:54:39','2022-10-14 03:54:39'),(122,12,0,'Prosedur penelitian, Teknik Pengukuran dan Teknik Analisa',2,1,'subjudul','2022-10-14 03:54:50','2022-10-14 03:54:50'),(123,12,0,'Penggunaan Teori yang Relevan',2,1,'subjudul','2022-10-14 03:55:01','2022-10-14 03:55:01'),(124,6,0,'Ketepatan Analisis SWOT',2,4,'subjudul','2022-10-14 03:55:06','2022-10-14 03:55:06'),(125,12,0,'Prosedur Percobaan',3,1,'subjudul','2022-10-14 03:55:14','2022-10-14 03:55:14'),(126,6,5,'ASPEK SDM dan OPERASIONAL',NULL,NULL,'judul','2022-10-14 03:55:19','2022-10-14 03:55:19'),(127,12,0,'Pembahasan',4,1,'subjudul','2022-10-14 03:55:24','2022-10-14 03:55:24'),(128,12,0,'Kesimpulan dan Saran',2,1,'subjudul','2022-10-14 03:55:36','2022-10-14 03:55:36'),(129,12,0,'Penggunaan Bahasa dan Teknik Penulisan',1,1,'subjudul','2022-10-14 03:55:49','2022-10-14 03:55:49'),(130,12,2,'Manfaat Akademis dan Praktik',2,NULL,'judul','2022-10-14 03:56:04','2022-10-14 03:56:04'),(131,12,3,'Ujian Lisan / Diskusi',NULL,NULL,'judul','2022-10-14 03:56:18','2022-10-14 03:56:18'),(132,12,0,'Presentasi',2,3,'subjudul','2022-10-14 03:56:29','2022-10-14 03:56:29'),(133,12,0,'Penggunaan Materi',2,3,'subjudul','2022-10-14 03:56:39','2022-10-14 03:56:39'),(134,12,0,'Kemampuan Berargumentasi',2,3,'subjudul','2022-10-14 03:56:51','2022-10-14 03:56:51'),(135,6,0,'Kesesuaian dan Konsistensi Job Analysis dan Job Desc dengan SO',3,5,'subjudul','2022-10-14 03:57:47','2022-10-14 03:57:47'),(136,8,1,'Konsep Produk Masakan',2,NULL,'judul','2022-10-14 03:57:51','2022-10-14 03:57:51'),(137,6,0,'Kesesuaian anggaran Tenaga Kerja',3,5,'subjudul','2022-10-14 03:58:02','2022-10-14 03:58:02'),(138,8,2,'Latar Belakang Presentasi Masakan',2,NULL,'judul','2022-10-14 03:58:04','2022-10-14 03:58:04'),(139,8,3,'Kesesuaian komposisi menu',6,NULL,'judul','2022-10-14 03:58:16','2022-10-14 03:58:16'),(140,6,0,'Kelengkapan Service Scape',3,5,'subjudul','2022-10-14 03:58:16','2022-10-14 04:02:19'),(141,8,4,'Hygiene & Tampilan Diri',4,NULL,'judul','2022-10-14 03:58:27','2022-10-14 03:58:27'),(142,6,0,'Kelengakan Action Plan dan Report',3,5,'subjudul','2022-10-14 03:58:30','2022-10-14 03:58:30'),(143,8,5,'Proses Produksi',NULL,NULL,'judul','2022-10-14 03:58:42','2022-10-14 03:58:42'),(144,8,0,'Tenik dan Prosedur',1,5,'subjudul','2022-10-14 03:58:52','2022-10-14 03:58:52'),(145,6,6,'Aspek Keuangan',NULL,NULL,'judul','2022-10-14 03:58:52','2022-10-14 03:58:52'),(146,8,0,'Konsumsi Waktu',1,5,'subjudul','2022-10-14 03:59:01','2022-10-14 03:59:01'),(147,6,0,'Kelengkapan Aspek Keuangan',3,6,'subjudul','2022-10-14 03:59:03','2022-10-14 03:59:03'),(148,8,0,'Kesesuaian Metode Masak',1,5,'subjudul','2022-10-14 03:59:09','2022-10-14 03:59:09'),(149,6,0,'Ketepatan Analisa Keuangan',2,6,'subjudul','2022-10-14 03:59:15','2022-10-14 03:59:15'),(150,8,0,'Kesesuaian Peralatan',1,5,'subjudul','2022-10-14 03:59:18','2022-10-14 03:59:18'),(151,6,7,'Lain-Lain',NULL,NULL,'judul','2022-10-14 03:59:28','2022-10-14 03:59:28'),(152,8,6,'Pengendalian Dalam',NULL,NULL,'judul','2022-10-14 03:59:32','2022-10-14 03:59:32'),(153,6,0,'Kualitas Penjelasan dan Argumentasi',3,7,'subjudul','2022-10-14 03:59:39','2022-10-14 03:59:39'),(154,8,0,'Resep/Promosian',1,6,'subjudul','2022-10-14 03:59:43','2022-10-14 03:59:43'),(155,8,0,'Left Over',1,6,'subjudul','2022-10-14 03:59:52','2022-10-14 03:59:52'),(156,6,0,'Kemampuan Penerapan Konseptual',3,7,'subjudul','2022-10-14 03:59:52','2022-10-14 03:59:52'),(157,8,0,'Enerji',1,6,'subjudul','2022-10-14 04:00:02','2022-10-14 04:00:02'),(158,6,0,'Penggunaan Bahasa dan Teknik Penulisan',2,7,'subjudul','2022-10-14 04:00:05','2022-10-14 04:00:05'),(159,8,0,'Kecepatan Kerja',1,6,'subjudul','2022-10-14 04:00:11','2022-10-14 04:00:11'),(160,6,0,'Kemampuan Dalam Presentasi',2,7,'subjudul','2022-10-14 04:00:15','2022-10-14 04:00:15'),(161,8,0,'Penampilan Produk',8,6,'subjudul','2022-10-14 04:00:19','2022-10-14 04:00:19'),(162,8,0,'Penguasaan Materi',5,6,'subjudul','2022-10-14 04:00:29','2022-10-14 04:00:29'),(163,8,0,'Kemampuan Argumen',5,6,'subjudul','2022-10-14 04:00:38','2022-10-14 04:00:38'),(164,11,1,'Laporan Tugas Akhir',NULL,NULL,'judul','2022-10-14 04:01:20','2022-10-14 04:01:20'),(165,11,0,'Topik/Tema/Konsep presentasi produk (ide dasar, baru, inovasi, kreatifitas, rekayasa/modifikasi)',1,1,'subjudul','2022-10-14 04:01:34','2022-10-14 04:01:34'),(166,11,0,'Latar Belakang',2,1,'subjudul','2022-10-14 04:01:47','2022-10-14 04:01:47'),(167,11,0,'Alasan Pemilihan Topik Penelitian',1,1,'subjudul','2022-10-14 04:02:09','2022-10-14 04:02:09'),(168,11,0,'Hasil Pra-experiment',2,1,'subjudul','2022-10-14 04:02:25','2022-10-14 04:02:25'),(169,11,0,'Pertanyaan Penelitian',1,1,'subjudul','2022-10-14 04:02:36','2022-10-14 04:02:36'),(170,11,0,'Metode penelitian dan Teknik Pengummpulan Data',2,1,'subjudul','2022-10-14 04:02:51','2022-10-14 04:02:51'),(171,11,0,'Prosedur penelitian, Teknik Pengukuran dan Teknik Analisa',2,1,'subjudul','2022-10-14 04:03:03','2022-10-14 04:03:03'),(172,11,0,'Penggunaan Teori yang Relevan',2,1,'subjudul','2022-10-14 04:03:13','2022-10-14 04:03:13'),(173,11,0,'Prosedur Percobaan',3,1,'subjudul','2022-10-14 04:03:23','2022-10-14 04:03:23'),(174,11,0,'Pembahasan',4,1,'subjudul','2022-10-14 04:03:33','2022-10-14 04:03:33'),(175,11,0,'Kesimpulan dan Saran',2,1,'subjudul','2022-10-14 04:04:04','2022-10-14 04:04:04'),(176,11,0,'Penggunaan Bahasa dan Teknik Penulisan',1,1,'subjudul','2022-10-14 04:04:16','2022-10-14 04:04:16'),(177,11,2,'Manfaat Akademis dan Praktik',2,NULL,'judul','2022-10-14 04:04:27','2022-10-14 04:04:27'),(178,11,3,'Ujian Lisan / Diskusi',NULL,NULL,'judul','2022-10-14 04:04:41','2022-10-14 04:04:41'),(179,11,0,'Presentasi',2,3,'subjudul','2022-10-14 04:04:51','2022-10-14 04:04:51'),(180,11,0,'Penggunaan Materi',2,3,'subjudul','2022-10-14 04:05:02','2022-10-14 04:05:02'),(181,11,0,'Kemampuan Berargumentasi',2,3,'subjudul','2022-10-14 04:05:12','2022-10-14 04:05:12'),(187,15,1,'Topik/Judul Penelitian (Ide dasar, baru, inovasi, kreatifitas, rekayasa)',1,NULL,'judul','2022-10-14 04:15:32','2022-10-14 04:15:32'),(188,15,2,'Latar Belakang (Kerangka pemikiran, ruang lingkup)',2,NULL,'judul','2022-10-14 04:15:41','2022-10-14 04:15:41'),(189,15,3,'Penggunaan Teori (Teori yang relevan)',2,NULL,'judul','2022-10-14 04:15:56','2022-10-14 04:15:56'),(190,15,4,'Data dan Informasi Pecobaan yang dilakukan (Data yang dipergunakan dalam percobaan)',2,NULL,'judul','2022-10-14 04:16:11','2022-10-14 04:16:11'),(191,15,5,'Pertanyaan Penelitian (Relevansi pertanyaan dengan tujuan penelitian)',1,NULL,'judul','2022-10-14 04:16:27','2022-10-14 04:16:27'),(192,4,1,'Bisnis Model Canvas',NULL,NULL,'judul','2022-10-14 04:16:29','2022-10-14 04:16:29'),(193,15,6,'Teknik Pengukuran dan analisa yang dipergunakan',2,NULL,'judul','2022-10-14 04:16:37','2022-10-14 04:16:37'),(194,4,0,'Kecepatan analisa dalam BMC',3,1,'subjudul','2022-10-14 04:16:38','2022-10-14 04:16:38'),(195,15,7,'Prosedur Percobaan (Tahapan percobaan, Bahan, Peralatan, Pedoman, Obeservasi, Catatan Pengamatan)',3,NULL,'judul','2022-10-14 04:16:47','2022-10-14 04:16:47'),(196,4,0,'Kesesuaian Model Bisnis yang dipilih dengan kondisi Bisnis',3,1,'subjudul','2022-10-14 04:16:52','2022-10-14 04:16:52'),(197,15,8,'Pembahasan (Hasil Pengamatan/pengukuran, penilaian panelis, analisa)',4,NULL,'judul','2022-10-14 04:16:56','2022-10-14 04:16:56'),(198,4,2,'Ide Bisnis',NULL,NULL,'judul','2022-10-14 04:16:58','2022-10-14 04:16:58'),(199,15,9,'Kesimpulan dan Saran (relevansi kesimuplan dan saran dengan hasil pembahasan)',2,NULL,'judul','2022-10-14 04:17:06','2022-10-14 04:17:06'),(200,4,0,'Orisinilitas Ide Bisnis',3,2,'subjudul','2022-10-14 04:17:21','2022-10-14 04:17:21'),(201,15,10,'Penguaasan Materi (Penguasaan kerangka pikir, teori, data dan analisa)',2,NULL,'judul','2022-10-14 04:17:35','2022-10-14 04:17:46'),(202,4,0,'Kemudahan dan Kelayakan untuk di realisasikan',3,2,'subjudul','2022-10-14 04:17:47','2022-10-14 04:17:47'),(203,15,11,'Kemampuan Argumentasi (Kemampuan mejawab/menjelaskan secara logis, rasional dan nalar)',2,NULL,'judul','2022-10-14 04:18:02','2022-10-14 04:18:02'),(204,4,0,'Ketepatan Analisis SWOT dengan Ide Bisnis yang dipilih',3,2,'subjudul','2022-10-14 04:18:21','2022-10-14 04:18:21'),(205,4,3,'Aspek Produk/Jasa',NULL,NULL,'judul','2022-10-14 04:18:33','2022-10-14 04:18:33'),(206,4,0,'Analisa Keunggulan Produk/Jasa',3,3,'subjudul','2022-10-14 04:18:42','2022-10-14 04:18:42'),(207,4,0,'Penyajian dan Kemasan Produk/Jasa',3,3,'subjudul','2022-10-14 04:18:54','2022-10-14 04:18:54'),(208,4,0,'Konsistensi Analisa dengan Keunggulan Produk/Jasa dengan rencana pengembangan produk/jasa',3,3,'subjudul','2022-10-14 04:19:10','2022-10-14 04:19:10'),(209,4,0,'Penguasaan Produk Garapan',3,3,'subjudul','2022-10-14 04:19:22','2022-10-14 04:19:22'),(210,4,0,'Ketepatan Inventory System dengan Produk/Jasa yang dikembangkan',3,3,'subjudul','2022-10-14 04:19:39','2022-10-14 04:19:39'),(211,4,0,'Ketepatan Analisa Supply Chain dan Product Life Cycle',3,3,'subjudul','2022-10-14 04:19:53','2022-10-14 04:25:17'),(212,4,4,'Rencana Pemasaran',NULL,NULL,'judul','2022-10-14 04:20:04','2022-10-14 04:20:04'),(213,4,0,'Riset Pasar',3,4,'subjudul','2022-10-14 04:20:25','2022-10-14 04:20:25'),(214,4,0,'Validasi Produk',3,4,'subjudul','2022-10-14 04:20:39','2022-10-14 04:20:39'),(215,4,0,'Kesesuaian dan konsistensi Rencana Pengembangan Pasar Baru dengan Hasil Riset Pasar',3,4,'subjudul','2022-10-14 04:20:52','2022-10-14 04:20:52'),(216,4,0,'Ketepatan Analisis SWOT',3,4,'subjudul','2022-10-14 04:21:03','2022-10-14 04:21:03'),(217,4,5,'ASPEK SDM dan OPERASIONAL',NULL,NULL,'judul','2022-10-14 04:21:17','2022-10-14 04:21:17'),(218,4,0,'Kesesuaian dan Konsistensi Job Analysis dan Job Desc dengan SO',3,5,'subjudul','2022-10-14 04:24:01','2022-10-14 04:24:01'),(219,4,0,'Kesesuaian anggaran Tenaga Kerja',3,5,'subjudul','2022-10-14 04:24:28','2022-10-14 04:24:28'),(220,4,0,'Kelengkapan Service Scape',3,5,'subjudul','2022-10-14 04:24:45','2022-10-14 04:24:45'),(221,4,0,'Kelengakan Action Plan dan Report',3,5,'subjudul','2022-10-14 04:26:12','2022-10-14 04:26:12'),(222,4,0,'Ketepatan Program Pengembangan SDM',3,5,'subjudul','2022-10-14 04:26:32','2022-10-14 04:26:32'),(223,4,6,'Aspek Keuangan',NULL,NULL,'judul','2022-10-14 04:26:55','2022-10-14 04:26:55'),(224,4,0,'Kelengkapan Aspek Keuangan',3,6,'subjudul','2022-10-14 04:27:05','2022-10-14 04:27:05'),(225,4,0,'Ketepatan Analisa Keuangan',3,6,'subjudul','2022-10-14 04:27:14','2022-10-14 04:27:14'),(226,4,7,'Lain-Lain',NULL,NULL,'judul','2022-10-14 04:27:23','2022-10-14 04:27:23'),(227,4,0,'Kualitas Penjelasan dan Argumentasi',3,7,'subjudul','2022-10-14 04:27:49','2022-10-14 04:27:49'),(228,4,0,'Kemampuan Penerapan Konseptual',3,7,'subjudul','2022-10-14 04:28:01','2022-10-14 04:28:01'),(229,4,0,'Penggunaan Bahasa dan Teknik Penulisan',2,7,'subjudul','2022-10-14 04:28:12','2022-10-14 04:28:12'),(230,4,0,'Kemampuan Dalam Presentasi',2,7,'subjudul','2022-10-14 04:28:33','2022-10-14 04:28:33'),(231,3,1,'Bisnis Model Canvas',NULL,NULL,'judul','2022-10-14 04:44:39','2022-10-14 04:44:39'),(232,3,0,'Kecepatan analisa dalam BMC',3,1,'subjudul','2022-10-14 04:44:50','2022-10-14 04:44:50'),(233,3,0,'Kesesuaian Model Bisnis yang dipilih dengan kondisi Bisnis',4,1,'subjudul','2022-10-14 04:45:03','2022-10-14 04:45:03'),(234,3,2,'Ide Bisnis',NULL,NULL,'judul','2022-10-14 04:45:24','2022-10-14 04:45:24'),(235,3,0,'Kesesuaian Ide Pengembangan Bisnis dengan Bisnis yang sudah ada',2,2,'subjudul','2022-10-14 04:45:37','2022-10-14 04:45:37'),(236,3,0,'Kemudahan dan kelayakan untuk direalisasikan',3,2,'subjudul','2022-10-14 04:45:50','2022-10-14 04:45:50'),(237,3,0,'Ketepatan Analisis SWOT dengan Ide Bisnis yang dipilih',4,2,'subjudul','2022-10-14 04:46:12','2022-10-14 04:46:12'),(238,3,3,'Aspek Produk/Jasa',NULL,NULL,'judul','2022-10-14 06:25:13','2022-10-14 06:25:13'),(239,3,0,'Analisa Keunggulan Produk/Jasa',4,3,'subjudul','2022-10-14 06:25:23','2022-10-14 06:25:23'),(240,3,0,'Penyajian dan Kemasan Produk/Jasa',2,3,'subjudul','2022-10-14 06:25:37','2022-10-14 06:25:37'),(241,3,0,'Konsistensi Analisa dengan Keunggulan Produk/Jasa dengan rencana pengembangan produk/jasa',4,3,'subjudul','2022-10-14 06:25:56','2022-10-14 06:25:56'),(242,3,0,'Penguasaan Produk Garapan',2,3,'subjudul','2022-10-14 06:26:07','2022-10-14 06:26:07'),(243,3,4,'Rencana Pemasaran',NULL,NULL,'judul','2022-10-14 06:26:18','2022-10-14 06:26:18'),(244,3,0,'Riset Pasar',4,4,'subjudul','2022-10-14 06:26:27','2022-10-14 06:26:27'),(245,3,0,'Validasi Produk',4,4,'subjudul','2022-10-14 06:26:34','2022-10-14 06:26:34'),(246,3,0,'Kesesuaian dan konsistensi Rencana Pengembangan Pasar Baru dengan Hasil Riset Pasar',4,4,'subjudul','2022-10-14 06:26:51','2022-10-14 06:26:51'),(247,3,0,'Ketepatan Analisis SWOT',4,4,'subjudul','2022-10-14 06:27:18','2022-10-14 06:27:18'),(248,3,5,'ASPEK SDM dan OPERASIONAL',NULL,NULL,'judul','2022-10-14 06:27:37','2022-10-14 06:27:37'),(249,3,0,'Kesesuaian dan Konsistensi Job Analysis dan Job Desc dengan SO',4,5,'subjudul','2022-10-14 06:27:56','2022-10-14 06:27:56'),(250,3,0,'Kesesuaian anggaran Tenaga Kerja',4,5,'subjudul','2022-10-14 06:28:27','2022-10-14 06:28:27'),(251,3,0,'Kelengkapan Service Scape',4,5,'subjudul','2022-10-14 06:28:41','2022-10-14 06:28:41'),(252,3,6,'Aspek Keuangan',NULL,NULL,'judul','2022-10-14 06:28:49','2022-10-14 06:28:49'),(253,3,0,'Kelengkapan Aspek Keuangan',4,6,'subjudul','2022-10-14 06:29:02','2022-10-14 06:29:02'),(254,3,0,'Ketepatan Analisa Keuangan',4,6,'subjudul','2022-10-14 06:29:19','2022-10-14 06:29:19'),(255,3,7,'Lain-Lain',NULL,NULL,'judul','2022-10-14 06:29:26','2022-10-14 06:29:26'),(256,3,0,'Kualitas Penjelasan dan Argumentasi',4,7,'subjudul','2022-10-14 06:47:19','2022-10-14 06:47:19'),(257,3,0,'Kemampuan Penerapan Konseptual',4,7,'subjudul','2022-10-14 06:47:33','2022-10-14 06:47:33'),(258,3,0,'Penggunaan Bahasa dan Teknik Penulisan',1,7,'subjudul','2022-10-14 06:47:44','2022-10-14 06:47:44'),(259,3,0,'Kemampuan Dalam Presentasi',1,7,'subjudul','2022-10-14 06:47:55','2022-10-14 06:47:55'),(260,3,0,'Kelengakan Action Plan dan Report',4,5,'subjudul','2022-10-14 06:55:43','2022-10-14 06:55:43'),(261,5,1,'Topik Penelitian',1,NULL,'judul','2022-10-14 06:59:23','2022-10-14 06:59:23'),(262,5,2,'Latar Belakang Masalah',2,NULL,'judul','2022-10-14 06:59:33','2022-10-14 06:59:33'),(263,5,3,'Identifikasi Masalah',1,NULL,'judul','2022-10-14 06:59:47','2022-10-14 06:59:47'),(264,5,4,'Landasan Teori',3,NULL,'judul','2022-10-14 07:00:10','2022-10-14 07:00:10'),(265,5,5,'Data',3,NULL,'judul','2022-10-14 07:00:20','2022-10-14 07:00:20'),(266,5,6,'Analisis',4,NULL,'judul','2022-10-14 07:00:29','2022-10-14 07:00:29'),(267,5,7,'Simpulan & Saran',3,NULL,'judul','2022-10-14 07:01:00','2022-10-14 07:01:00'),(268,5,8,'Presentasi, Sikap dan Penampilan',1,NULL,'judul','2022-10-14 07:01:12','2022-10-14 07:01:12'),(269,5,9,'Penguaasan Materi',1,NULL,'judul','2022-10-14 07:01:22','2022-10-14 07:01:22'),(270,5,10,'Kemampuan Argumentasi',1,NULL,'judul','2022-10-14 07:01:29','2022-10-14 07:01:29'),(271,1,1,'Topik Penelitian',1,NULL,'judul','2022-10-14 07:10:48','2022-10-14 07:10:48'),(272,1,2,'Latar Belakang Masalah (Kuantitatif) / Latar Belakang  (Kualitatif)',2,NULL,'judul','2022-10-14 07:11:36','2022-10-14 07:11:36'),(273,1,3,'Rumusan Masalah (Kuantitatif) / Fokus Penelitian (Kualitatif)',1,NULL,'judul','2022-10-14 07:12:12','2022-10-14 07:12:12'),(274,1,4,'Tinjauan Pustaka',3,NULL,'judul','2022-10-14 07:12:23','2022-10-14 07:12:23'),(275,1,5,'Data Penelitian',3,NULL,'judul','2022-10-14 07:12:37','2022-10-14 07:12:37'),(276,1,6,'Analisis dan Pembahasan',4,NULL,'judul','2022-10-14 07:12:47','2022-10-14 07:12:47'),(277,1,7,'Simpulan & Rekomendasi',3,NULL,'judul','2022-10-14 07:13:06','2022-10-14 07:13:06'),(278,1,8,'Presentasi, Sikap dan Penampilan',1,NULL,'judul','2022-10-14 07:13:16','2022-10-14 07:13:16'),(279,1,9,'Penguaasan Materi',1,NULL,'judul','2022-10-14 07:13:26','2022-10-14 07:13:26'),(280,1,10,'Kemampuan Argumentasi',1,NULL,'judul','2022-10-14 07:13:35','2022-10-14 07:13:35'),(281,14,1,'Topik/Judul Penelitian (Ide, Baru, Inovasi, Kreatifitas, Rekayasa)',1,NULL,'judul','2022-10-14 07:26:24','2022-10-14 07:26:24'),(282,14,2,'Latar Belakang',2,NULL,'judul','2022-10-14 07:26:46','2022-10-14 07:26:46'),(283,14,3,'Penggunaan Teori',2,NULL,'judul','2022-10-14 07:26:55','2022-10-14 07:26:55'),(284,14,4,'Data dan Informasi Pecobaan yang dilakukan',2,NULL,'judul','2022-10-14 07:27:05','2022-10-14 07:27:11'),(285,14,5,'Pertanyaan Penelitian',1,NULL,'judul','2022-10-14 07:27:23','2022-10-14 07:27:23'),(286,14,6,'Teknik Pengukuran dan Analisa yang Digunakan',2,NULL,'judul','2022-10-14 07:27:32','2022-10-14 07:27:32'),(287,14,7,'Prosedur Percobaan',3,NULL,'judul','2022-10-14 07:27:43','2022-10-14 07:27:43'),(288,14,8,'Pembahasan',4,NULL,'judul','2022-10-14 07:27:53','2022-10-14 07:27:53'),(289,14,9,'Kesimpulan dan Saran',2,NULL,'judul','2022-10-14 07:28:26','2022-10-14 07:28:26'),(290,14,10,'Penguaasan Materi',2,NULL,'judul','2022-10-14 07:28:36','2022-10-14 07:28:36'),(291,14,11,'Kemampuan Argumentasi',2,NULL,'judul','2022-10-14 07:28:50','2022-10-14 07:28:50'),(292,16,1,'Nilai Akhir',1,NULL,'judul','2022-10-17 01:05:01','2022-10-17 01:05:01');

--
-- Table structure for table `formprodis`
--

CREATE TABLE `formprodis` (
  `id` bigint(20) unsigned NOT NULL AUTO_INCREMENT,
  `prodi_id` bigint(20) unsigned NOT NULL,
  `form_id` bigint(20) unsigned NOT NULL,
  `created_at` timestamp NULL DEFAULT NULL,
  `updated_at` timestamp NULL DEFAULT NULL,
  PRIMARY KEY (`id`)
) ENGINE=InnoDB AUTO_INCREMENT=54 DEFAULT CHARSET=utf8mb4 COLLATE=utf8mb4_unicode_ci;

--
-- Dumping data for table `formprodis`
--

INSERT INTO `formprodis` VALUES (1,17,5,'2022-10-11 03:26:07','2023-07-05 09:10:27'),(2,21,1,'2022-10-11 03:55:05','2023-07-05 09:13:00'),(3,21,3,'2022-10-11 03:56:14','2023-07-05 09:13:08'),(4,21,4,'2022-10-11 03:56:21','2023-07-05 09:13:16'),(5,16,6,'2022-10-11 03:56:42','2023-07-05 09:12:03'),(6,16,7,'2022-10-11 03:56:50','2023-07-05 09:12:11'),(7,16,8,'2022-10-11 03:57:02','2023-07-05 09:12:18'),(8,16,11,'2022-10-11 03:57:24','2023-07-05 09:12:25'),(9,19,3,'2022-10-12 09:51:11','2023-07-05 09:15:48'),(10,19,4,'2022-10-12 09:51:17','2023-07-05 09:15:57'),(11,19,1,'2022-10-12 10:20:53','2023-07-05 09:15:44'),(12,22,3,'2022-10-12 10:21:04','2023-07-05 09:14:48'),(13,22,4,'2022-10-12 10:21:27','2023-07-05 09:14:56'),(14,22,1,'2022-10-12 10:21:34','2023-07-05 09:15:04'),(15,20,3,'2022-10-12 10:21:42','2023-07-05 09:14:20'),(16,20,4,'2022-10-12 10:21:55','2023-07-05 09:14:27'),(17,20,1,'2022-10-12 10:22:03','2023-07-05 09:14:34'),(18,23,3,'2022-10-12 10:22:25','2023-07-05 09:09:49'),(19,23,4,'2022-10-12 10:26:42','2023-07-05 09:10:00'),(20,23,1,'2022-10-12 10:26:56','2023-07-05 09:10:14'),(24,15,12,'2022-10-12 10:27:39','2023-07-05 09:08:50'),(27,22,6,'2022-10-12 10:28:29','2023-07-05 09:15:15'),(28,22,7,'2022-10-12 10:28:36','2023-07-05 09:15:24'),(29,22,5,'2022-10-12 10:28:44','2023-07-05 09:15:31'),(30,16,5,'2022-10-12 10:29:15','2023-07-05 09:12:43'),(31,18,5,'2022-10-12 10:29:23','2023-07-05 09:11:12'),(32,18,15,'2022-10-12 10:29:35','2023-07-05 09:11:22'),(33,18,13,'2022-10-12 10:29:43','2023-07-05 09:11:31'),(34,5,3,'2022-10-12 10:30:01','2022-10-12 10:30:01'),(35,5,4,'2022-10-12 10:30:07','2022-10-12 10:30:07'),(36,5,1,'2022-10-12 10:30:14','2022-10-12 10:30:14'),(37,8,3,'2022-10-12 10:30:20','2022-10-12 10:30:20'),(38,8,4,'2022-10-12 10:30:28','2022-10-12 10:30:28'),(39,8,1,'2022-10-12 10:30:35','2022-10-12 10:30:35'),(40,12,3,'2022-10-12 10:30:43','2022-10-12 10:30:43'),(41,12,4,'2022-10-12 10:30:50','2022-10-12 10:30:50'),(42,12,1,'2022-10-12 10:30:56','2022-10-12 10:30:56'),(43,13,16,'2022-10-13 08:10:02','2022-10-13 08:10:02'),(44,17,6,'2022-10-13 08:26:16','2023-07-05 09:10:37'),(45,17,7,'2022-10-13 08:26:24','2023-07-05 09:10:44'),(46,18,6,'2022-10-13 08:26:38','2023-07-05 09:11:47'),(47,18,7,'2022-10-13 08:26:46','2023-07-05 09:11:54'),(48,17,14,'2022-10-14 02:59:22','2023-07-05 09:10:52'),(49,15,6,'2023-06-23 02:07:06','2023-06-23 02:07:06'),(50,15,7,'2023-06-23 02:07:12','2023-06-23 02:07:12'),(51,15,5,'2023-06-23 02:07:20','2023-06-23 02:07:20'),(52,15,10,'2023-06-23 02:07:58','2023-06-23 02:07:58'),(53,15,9,'2023-06-23 02:08:06','2023-06-23 02:08:06');

--
-- Table structure for table `forms`
--

CREATE TABLE `forms` (
  `id` bigint(20) unsigned NOT NULL AUTO_INCREMENT,
  `nama` varchar(100) COLLATE utf8mb4_unicode_ci NOT NULL,
  `created_at` timestamp NULL DEFAULT NULL,
  `updated_at` timestamp NULL DEFAULT NULL,
  PRIMARY KEY (`id`)
) ENGINE=InnoDB AUTO_INCREMENT=17 DEFAULT CHARSET=utf8mb4 COLLATE=utf8mb4_unicode_ci;

--
-- Dumping data for table `forms`
--

INSERT INTO `forms` VALUES (1,'Deskriptif S1 dan D4','2022-10-10 04:22:50','2022-10-14 07:13:35'),(3,'Business Plan D4 dan S1 Existing','2022-10-10 04:25:52','2022-10-14 06:55:43'),(4,'Business Plan D4 dan S1 Initialinew','2022-10-10 04:26:20','2022-10-14 04:28:33'),(5,'Deskriptif D3','2022-10-10 04:27:00','2022-10-14 07:01:29'),(6,'Business Plan D3 Existing','2022-10-10 04:27:25','2022-10-14 04:02:19'),(7,'Business Plan D3 Initialinew','2022-10-10 04:28:10','2022-10-14 04:04:05'),(8,'Persentasi Produk SKU','2022-10-10 04:28:57','2023-06-23 02:06:34'),(9,'Persentasi Produk SPP','2022-10-10 04:31:49','2023-06-23 02:06:26'),(10,'Show Pieces SPP','2022-10-10 04:32:19','2023-06-23 02:06:50'),(11,'Experiment SKU','2022-10-10 04:32:29','2023-06-23 02:06:04'),(12,'Experiment SPP','2022-10-10 04:32:37','2023-06-23 02:05:58'),(13,'Persentasi Produk TAH','2022-10-10 04:32:53','2023-06-23 02:06:43'),(14,'Pengembangan Produk DIK','2022-10-10 04:33:21','2023-06-23 02:06:12'),(15,'Pengembangan Produk TAH','2022-10-10 04:33:38','2023-06-23 02:06:21'),(16,'Pascasarjana','2022-10-13 08:08:51','2022-10-17 01:05:01');

--
-- Table structure for table `kategori_jawabs`
--

CREATE TABLE `kategori_jawabs` (
  `id` bigint(20) unsigned NOT NULL AUTO_INCREMENT,
  `periode` varchar(255) COLLATE utf8mb4_unicode_ci NOT NULL,
  `bulan` varchar(255) COLLATE utf8mb4_unicode_ci NOT NULL,
  `mahasiswa_id` bigint(20) unsigned NOT NULL,
  `sidang_id` bigint(20) unsigned NOT NULL,
  `kategori_id` bigint(20) unsigned NOT NULL,
  `file` varchar(255) COLLATE utf8mb4_unicode_ci DEFAULT NULL,
  `status` varchar(20) COLLATE utf8mb4_unicode_ci NOT NULL,
  `catatan` varchar(255) COLLATE utf8mb4_unicode_ci DEFAULT NULL,
  `verifikator` bigint(20) unsigned NOT NULL,
  `upload_at` date DEFAULT NULL,
  `verifikasi_at` date DEFAULT NULL,
  `created_at` timestamp NULL DEFAULT NULL,
  `updated_at` timestamp NULL DEFAULT NULL,
  PRIMARY KEY (`id`)
) ENGINE=InnoDB AUTO_INCREMENT=1054 DEFAULT CHARSET=utf8mb4 COLLATE=utf8mb4_unicode_ci;

--
-- Dumping data for table `kategori_jawabs`
--

INSERT INTO `kategori_jawabs` VALUES (9,'20221','Oktober',41,1,4,'0','Diterima',NULL,18,'2022-10-14','2022-10-16','2022-10-14 00:05:36','2022-10-20 12:37:06'),(16,'20221','Oktober',4,2,4,NULL,'Diterima',NULL,18,'2022-10-16','2022-10-16','2022-10-16 06:39:26','2022-10-20 12:37:06'),(31,'20221','Oktober',55,50,4,NULL,'Diterima','zz',18,'2022-10-16','2022-10-16','2022-10-16 10:00:55','2022-10-20 12:37:06'),(46,'20221','Oktober',63,58,4,NULL,'Diterima',NULL,18,'2022-10-16','2022-10-16','2022-10-16 10:02:27','2022-10-20 12:37:06'),(47,'20221','Oktober',62,57,4,NULL,'Diterima',NULL,18,'2022-10-16','2022-10-16','2022-10-16 10:02:33','2022-10-20 12:37:06'),(48,'20221','Oktober',56,51,4,NULL,'Diterima',NULL,18,'2022-10-16','2022-10-16','2022-10-16 10:02:42','2022-10-20 12:37:06'),(49,'20221','Oktober',57,52,4,NULL,'Diterima',NULL,18,'2022-10-16','2022-10-16','2022-10-16 10:02:50','2022-10-20 12:37:06'),(50,'20221','Oktober',58,53,4,NULL,'Diterima',NULL,18,'2022-10-16','2022-10-16','2022-10-16 10:02:56','2022-10-20 12:37:06'),(51,'20221','Oktober',59,54,4,NULL,'Diterima',NULL,18,'2022-10-16','2022-10-16','2022-10-16 10:03:02','2022-10-20 12:37:06'),(52,'20221','Oktober',61,56,4,NULL,'Diterima',NULL,18,'2022-10-16','2022-10-16','2022-10-16 10:03:07','2022-10-20 12:37:06'),(53,'20221','Oktober',60,55,4,NULL,'Diterima',NULL,18,'2022-10-16','2022-10-16','2022-10-16 10:03:13','2022-10-20 12:37:06'),(54,'20221','Oktober',46,41,4,NULL,'Diterima',NULL,18,'2022-10-16','2022-10-16','2022-10-16 10:03:20','2022-10-20 12:37:06'),(56,'20221','Oktober',74,68,4,NULL,'Diterima',NULL,18,'2022-10-16','2022-10-16','2022-10-16 10:07:53','2022-10-20 12:37:06'),(57,'20221','Oktober',75,70,4,NULL,'Diterima',NULL,18,'2022-10-16','2022-10-16','2022-10-16 10:08:17','2022-10-20 12:37:06'),(58,'20221','Oktober',47,42,4,NULL,'Diterima',NULL,18,'2022-10-16','2022-10-16','2022-10-16 10:08:26','2022-10-20 12:37:06'),(59,'20221','Oktober',48,43,4,NULL,'Diterima',NULL,18,'2022-10-16','2022-10-16','2022-10-16 10:08:33','2022-10-20 12:37:06'),(60,'20221','Oktober',49,44,4,NULL,'Diterima',NULL,18,'2022-10-16','2022-10-16','2022-10-16 10:08:44','2022-10-20 12:37:06'),(61,'20221','Oktober',50,45,4,NULL,'Diterima',NULL,18,'2022-10-16','2022-10-16','2022-10-16 10:08:52','2022-10-20 12:37:06'),(62,'20221','Oktober',51,46,4,NULL,'Diterima',NULL,18,'2022-10-16','2022-10-16','2022-10-16 10:08:59','2022-10-20 12:37:06'),(63,'20221','Oktober',52,47,4,NULL,'Diterima',NULL,18,'2022-10-16','2022-10-16','2022-10-16 10:09:07','2022-10-20 12:37:06'),(64,'20221','Oktober',45,40,4,NULL,'Diterima',NULL,18,'2022-10-16','2022-10-16','2022-10-16 10:09:14','2022-10-20 12:37:06'),(65,'20221','Oktober',44,39,4,NULL,'Diterima',NULL,18,'2022-10-16','2022-10-16','2022-10-16 10:09:21','2022-10-20 12:37:06'),(66,'20221','Oktober',42,38,4,NULL,'Diterima',NULL,18,'2022-10-16','2022-10-16','2022-10-16 10:09:49','2022-10-20 12:37:06'),(67,'20221','Oktober',43,71,4,NULL,'Diterima',NULL,18,'2022-10-16','2022-10-16','2022-10-16 10:09:57','2022-10-20 12:37:06'),(68,'20221','Oktober',66,72,4,NULL,'Diterima',NULL,18,'2022-10-16','2022-10-16','2022-10-16 10:10:08','2022-10-20 12:37:06'),(69,'20221','Oktober',64,59,4,NULL,'Diterima',NULL,18,'2022-10-16','2022-10-16','2022-10-16 10:10:16','2022-10-20 12:37:06'),(70,'20221','Oktober',65,60,4,NULL,'Diterima',NULL,18,'2022-10-16','2022-10-16','2022-10-16 10:10:38','2022-10-20 12:37:06'),(71,'20221','Oktober',40,37,4,NULL,'Diterima',NULL,18,'2022-10-16','2022-10-16','2022-10-16 10:10:45','2022-10-20 12:37:06'),(72,'20221','Oktober',36,33,4,NULL,'Diterima',NULL,18,'2022-10-16','2022-10-16','2022-10-16 10:10:53','2022-10-20 12:37:06'),(73,'20221','Oktober',37,34,4,NULL,'Diterima',NULL,18,'2022-10-16','2022-10-16','2022-10-16 10:10:59','2022-10-20 12:37:06'),(74,'20221','Oktober',38,35,4,NULL,'Diterima',NULL,18,'2022-10-16','2022-10-16','2022-10-16 10:11:08','2022-10-20 12:37:06'),(75,'20221','Oktober',39,36,4,NULL,'Diterima',NULL,18,'2022-10-16','2022-10-16','2022-10-16 10:11:16','2022-10-20 12:37:06'),(76,'20221','Oktober',53,48,4,NULL,'Diterima',NULL,18,'2022-10-16','2022-10-16','2022-10-16 10:11:23','2022-10-20 12:37:06'),(77,'20221','Oktober',54,49,4,NULL,'Diterima',NULL,18,'2022-10-16','2022-10-16','2022-10-16 10:11:33','2022-10-20 12:37:06'),(78,'20221','Oktober',76,69,4,NULL,'Diterima',NULL,18,'2022-10-16','2022-10-16','2022-10-16 10:11:43','2022-10-20 12:37:06'),(79,'20221','Oktober',70,64,4,NULL,'Diterima',NULL,18,'2022-10-16','2022-10-16','2022-10-16 10:11:51','2022-10-20 12:37:06'),(80,'20221','Oktober',71,65,4,NULL,'Diterima',NULL,18,'2022-10-16','2022-10-16','2022-10-16 10:11:58','2022-10-20 12:37:06'),(81,'20221','Oktober',72,66,4,NULL,'Diterima',NULL,18,'2022-10-16','2022-10-16','2022-10-16 10:12:06','2022-10-20 12:37:06'),(82,'20221','Oktober',73,67,4,NULL,'Diterima',NULL,18,'2022-10-16','2022-10-16','2022-10-16 10:12:19','2022-10-20 12:37:06'),(83,'20221','Oktober',68,62,4,NULL,'Diterima',NULL,18,'2022-10-16','2022-10-16','2022-10-16 10:12:26','2022-10-20 12:37:06'),(84,'20221','Oktober',69,63,4,NULL,'Diterima',NULL,18,'2022-10-16','2022-10-16','2022-10-16 10:12:33','2022-10-20 12:37:06'),(85,'20221','Oktober',67,61,4,NULL,'Diterima',NULL,18,'2022-10-16','2022-10-16','2022-10-16 10:12:42','2022-10-20 12:37:06'),(86,'20221','Oktober',35,32,4,NULL,'Diterima',NULL,18,'2022-10-16','2022-10-16','2022-10-16 10:12:53','2022-10-20 12:37:06'),(87,'20221','Oktober',5,3,4,NULL,'Diterima',NULL,18,'2022-10-16','2022-10-16','2022-10-16 10:13:23','2022-10-20 12:37:06'),(88,'20221','Oktober',6,4,4,NULL,'Diterima',NULL,18,'2022-10-16','2022-10-16','2022-10-16 10:13:29','2022-10-20 12:37:06'),(89,'20221','Oktober',7,5,4,NULL,'Diterima',NULL,18,'2022-10-16','2022-10-16','2022-10-16 10:13:36','2022-10-20 12:37:06'),(90,'20221','Oktober',8,6,4,NULL,'Diterima',NULL,18,'2022-10-16','2022-10-16','2022-10-16 10:13:42','2022-10-20 12:37:06'),(91,'20221','Oktober',10,7,4,NULL,'Diterima',NULL,18,'2022-10-16','2022-10-16','2022-10-16 10:13:51','2022-10-20 12:37:06'),(92,'20221','Oktober',11,8,4,NULL,'Diterima',NULL,18,'2022-10-16','2022-10-16','2022-10-16 10:13:57','2022-10-20 12:37:06'),(93,'20221','Oktober',12,9,4,NULL,'Diterima',NULL,18,'2022-10-16','2022-10-16','2022-10-16 10:14:05','2022-10-20 12:37:06'),(94,'20221','Oktober',13,10,4,NULL,'Diterima',NULL,18,'2022-10-16','2022-10-16','2022-10-16 10:14:13','2022-10-20 12:37:06'),(95,'20221','Oktober',14,11,4,NULL,'Diterima',NULL,18,'2022-10-16','2022-10-16','2022-10-16 10:14:27','2022-10-20 12:37:06'),(96,'20221','Oktober',15,12,4,NULL,'Diterima',NULL,18,'2022-10-16','2022-10-16','2022-10-16 10:14:35','2022-10-20 12:37:06'),(97,'20221','Oktober',16,13,4,NULL,'Diterima',NULL,18,'2022-10-16','2022-10-16','2022-10-16 10:14:44','2022-10-20 12:37:06'),(98,'20221','Oktober',17,14,4,NULL,'Diterima',NULL,18,'2022-10-16','2022-10-16','2022-10-16 10:14:51','2022-10-20 12:37:06'),(99,'20221','Oktober',18,15,4,NULL,'Diterima',NULL,18,'2022-10-16','2022-10-16','2022-10-16 10:14:59','2022-10-20 12:37:06'),(100,'20221','Oktober',19,16,4,NULL,'Diterima',NULL,18,'2022-10-16','2022-10-16','2022-10-16 10:15:09','2022-10-20 12:37:06'),(101,'20221','Oktober',20,17,4,NULL,'Diterima',NULL,18,'2022-10-16','2022-10-16','2022-10-16 10:15:19','2022-10-20 12:37:06'),(102,'20221','Oktober',21,18,4,NULL,'Diterima',NULL,18,'2022-10-16','2022-10-16','2022-10-16 10:15:26','2022-10-20 12:37:06'),(103,'20221','Oktober',22,19,4,NULL,'Diterima',NULL,18,'2022-10-16','2022-10-16','2022-10-16 10:15:35','2022-10-20 12:37:06'),(104,'20221','Oktober',23,20,4,NULL,'Diterima',NULL,18,'2022-10-16','2022-10-16','2022-10-16 10:15:46','2022-10-20 12:37:06'),(105,'20221','Oktober',34,31,4,NULL,'Diterima',NULL,18,'2022-10-16','2022-10-16','2022-10-16 10:15:54','2022-10-20 12:37:06'),(106,'20221','Oktober',33,30,4,NULL,'Diterima',NULL,18,'2022-10-16','2022-10-16','2022-10-16 10:16:01','2022-10-20 12:37:06'),(107,'20221','Oktober',24,21,4,NULL,'Diterima',NULL,18,'2022-10-16','2022-10-16','2022-10-16 10:16:10','2022-10-20 12:37:06'),(108,'20221','Oktober',25,22,4,NULL,'Diterima',NULL,18,'2022-10-16','2022-10-16','2022-10-16 10:16:18','2022-10-20 12:37:06'),(109,'20221','Oktober',26,23,4,NULL,'Diterima',NULL,18,'2022-10-16','2022-10-16','2022-10-16 10:16:25','2022-10-20 12:37:06'),(110,'20221','Oktober',27,24,4,NULL,'Diterima',NULL,18,'2022-10-16','2022-10-16','2022-10-16 10:16:33','2022-10-20 12:37:06'),(111,'20221','Oktober',28,25,4,NULL,'Diterima',NULL,18,'2022-10-16','2022-10-16','2022-10-16 10:16:39','2022-10-20 12:37:06'),(112,'20221','Oktober',29,26,4,NULL,'Diterima',NULL,18,'2022-10-16','2022-10-16','2022-10-16 10:16:48','2022-10-20 12:37:06'),(113,'20221','Oktober',30,27,4,NULL,'Diterima',NULL,18,'2022-10-16','2022-10-16','2022-10-16 10:16:56','2022-10-20 12:37:06'),(114,'20221','Oktober',31,28,4,NULL,'Diterima',NULL,18,'2022-10-16','2022-10-16','2022-10-16 10:17:06','2022-10-20 12:37:06'),(115,'20221','Oktober',32,29,4,NULL,'Diterima',NULL,18,'2022-10-16','2022-10-16','2022-10-16 10:17:13','2022-10-20 12:37:06'),(116,'20221','Oktober',9,74,4,NULL,'Diterima',NULL,18,'2022-10-17','2022-10-17','2022-10-17 02:07:55','2022-10-20 12:37:06'),(117,'20221','Oktober',2,76,4,NULL,'Diterima',NULL,18,'2022-10-17','2022-10-17','2022-10-17 08:49:28','2022-10-20 12:37:06'),(118,'20221','Oktober',3,75,4,NULL,'Diterima',NULL,18,'2022-10-17','2022-10-17','2022-10-17 08:49:41','2022-10-20 12:37:06'),(119,'20222','Januari',85,96,36,NULL,'Diterima',NULL,292,'2023-01-20','2023-01-20','2023-01-20 02:46:15','2023-01-27 04:35:09'),(120,'20222','Januari',111,114,36,NULL,'Ditolak',NULL,292,'2023-01-20','2023-01-24','2023-01-20 06:54:40','2023-01-27 04:35:09'),(121,'20222','Januari',112,115,36,NULL,'Menunggu Verifikasi',NULL,292,'2023-01-20','2023-01-27','2023-01-20 06:54:49','2023-01-27 04:35:09'),(122,'20222','Januari',113,116,36,NULL,'Menunggu Verifikasi',NULL,292,'2023-01-20','2023-01-27','2023-01-20 06:54:56','2023-01-27 04:35:09'),(123,'20222','Januari',115,117,36,NULL,'Menunggu Verifikasi',NULL,292,'2023-01-20','2023-01-27','2023-01-20 06:55:14','2023-01-27 04:35:09'),(124,'20222','Januari',116,118,36,NULL,'Menunggu Verifikasi',NULL,292,'2023-01-20','2023-01-27','2023-01-20 06:55:20','2023-01-27 04:35:09'),(125,'20222','Januari',108,113,36,NULL,'Menunggu Verifikasi',NULL,292,'2023-01-20','2023-01-27','2023-01-20 06:55:33','2023-01-27 04:35:09'),(126,'20222','Januari',120,122,36,NULL,'Menunggu Verifikasi',NULL,292,'2023-01-20','2023-01-27','2023-01-20 06:55:38','2023-01-27 04:35:09'),(127,'20222','Januari',117,119,36,NULL,'Menunggu Verifikasi',NULL,292,'2023-01-20','2023-01-27','2023-01-20 06:55:47','2023-01-27 04:35:09'),(128,'20222','Januari',118,120,36,NULL,'Diterima',NULL,292,'2023-01-20','2023-01-20','2023-01-20 06:55:54','2023-01-27 04:35:09'),(129,'20222','Januari',119,121,36,NULL,'Menunggu Verifikasi',NULL,292,'2023-01-20','2023-01-27','2023-01-20 06:56:00','2023-01-27 04:35:09'),(130,'20222','Januari',102,108,36,NULL,'Diterima',NULL,292,'2023-01-20','2023-01-20','2023-01-20 06:56:18','2023-01-27 04:35:09'),(131,'20222','Januari',101,107,36,NULL,'Diterima',NULL,292,'2023-01-20','2023-01-20','2023-01-20 06:56:59','2023-01-27 04:35:09'),(132,'20222','Januari',98,195,36,NULL,'Menunggu Verifikasi',NULL,292,'2023-01-20','2023-01-27','2023-01-20 06:59:16','2023-01-27 04:35:09'),(133,'20222','Januari',99,106,36,NULL,'Diterima',NULL,292,'2023-01-20','2023-01-20','2023-01-20 06:59:28','2023-01-27 04:35:09'),(134,'20222','Januari',121,123,36,NULL,'Menunggu Verifikasi',NULL,292,'2023-01-20','2023-01-27','2023-01-20 06:59:38','2023-01-27 04:35:09'),(135,'20222','Januari',161,146,36,NULL,'Diterima',NULL,292,'2023-01-20','2023-01-20','2023-01-20 06:59:51','2023-01-27 04:35:09'),(136,'20222','Januari',153,212,36,NULL,'Diterima',NULL,292,'2023-01-20','2023-01-20','2023-01-20 07:01:06','2023-01-27 04:35:09'),(137,'20222','Januari',260,205,36,NULL,'Diterima',NULL,292,'2023-01-20','2023-01-20','2023-01-20 07:01:11','2023-01-27 04:35:09'),(138,'20222','Januari',160,219,36,NULL,'Diterima',NULL,292,'2023-01-20','2023-01-20','2023-01-20 07:01:18','2023-01-27 04:35:09'),(139,'20222','Januari',261,200,36,NULL,'Diterima',NULL,292,'2023-01-20','2023-01-20','2023-01-20 07:01:22','2023-01-27 04:35:09'),(140,'20222','Januari',130,206,36,NULL,'Diterima',NULL,292,'2023-01-20','2023-01-20','2023-01-20 07:01:26','2023-01-27 04:35:09'),(141,'20222','Januari',262,168,36,NULL,'Diterima',NULL,292,'2023-01-20','2023-01-20','2023-01-20 07:01:33','2023-01-27 04:35:09'),(142,'20222','Januari',156,215,36,NULL,'Diterima',NULL,292,'2023-01-20','2023-01-20','2023-01-20 07:01:38','2023-01-27 04:35:09'),(143,'20222','Januari',163,220,36,NULL,'Diterima',NULL,292,'2023-01-20','2023-01-20','2023-01-20 07:01:54','2023-01-27 04:35:09'),(144,'20222','Januari',263,169,36,NULL,'Diterima',NULL,292,'2023-01-20','2023-01-20','2023-01-20 07:01:56','2023-01-27 04:35:09'),(145,'20222','Januari',264,170,36,NULL,'Diterima',NULL,292,'2023-01-20','2023-01-20','2023-01-20 07:02:17','2023-01-27 04:35:09'),(146,'20222','Januari',265,171,36,NULL,'Diterima',NULL,292,'2023-01-20','2023-01-20','2023-01-20 07:02:28','2023-01-27 04:35:09'),(147,'20222','Januari',266,172,36,NULL,'Diterima',NULL,292,'2023-01-20','2023-01-20','2023-01-20 07:02:38','2023-01-27 04:35:09'),(148,'20222','Januari',267,173,36,NULL,'Diterima',NULL,292,'2023-01-20','2023-01-20','2023-01-20 07:02:51','2023-01-27 04:35:09'),(149,'20222','Januari',268,174,36,NULL,'Diterima',NULL,292,'2023-01-20','2023-01-20','2023-01-20 07:03:02','2023-01-27 04:35:09'),(150,'20222','Januari',269,332,36,NULL,'Diterima',NULL,292,'2023-01-20','2023-01-20','2023-01-20 07:03:14','2023-01-27 04:35:09'),(151,'20222','Januari',270,175,36,NULL,'Diterima',NULL,292,'2023-01-20','2023-01-20','2023-01-20 07:03:42','2023-01-27 04:35:09'),(152,'20222','Januari',271,176,36,NULL,'Diterima',NULL,292,'2023-01-20','2023-01-20','2023-01-20 07:03:52','2023-01-27 04:35:09'),(153,'20222','Januari',272,177,36,NULL,'Diterima',NULL,292,'2023-01-20','2023-01-20','2023-01-20 07:04:01','2023-01-27 04:35:09'),(154,'20222','Januari',274,178,36,NULL,'Diterima',NULL,292,'2023-01-20','2023-01-20','2023-01-20 07:04:11','2023-01-27 04:35:09'),(155,'20222','Januari',273,198,36,NULL,'Diterima',NULL,292,'2023-01-20','2023-01-20','2023-01-20 07:04:21','2023-01-27 04:35:09'),(156,'20222','Januari',275,179,36,NULL,'Diterima',NULL,292,'2023-01-20','2023-01-20','2023-01-20 07:04:33','2023-01-27 04:35:09'),(157,'20222','Januari',276,180,36,NULL,'Diterima',NULL,292,'2023-01-20','2023-01-20','2023-01-20 07:04:43','2023-01-27 04:35:09'),(158,'20222','Januari',277,181,36,NULL,'Diterima',NULL,292,'2023-01-20','2023-01-20','2023-01-20 07:05:01','2023-01-27 04:35:09'),(159,'20222','Januari',278,182,36,NULL,'Diterima',NULL,292,'2023-01-20','2023-01-20','2023-01-20 07:05:12','2023-01-27 04:35:09'),(160,'20222','Januari',279,183,36,NULL,'Diterima',NULL,292,'2023-01-20','2023-01-20','2023-01-20 07:05:24','2023-01-27 04:35:09'),(161,'20222','Januari',280,184,36,NULL,'Diterima',NULL,292,'2023-01-20','2023-01-20','2023-01-20 07:05:37','2023-01-27 04:35:09'),(162,'20222','Januari',131,207,36,NULL,'Diterima',NULL,292,'2023-01-20','2023-01-20','2023-01-20 07:08:18','2023-01-27 04:35:09'),(163,'20222','Januari',169,225,36,NULL,'Diterima',NULL,292,'2023-01-20','2023-01-20','2023-01-20 07:08:26','2023-01-27 04:35:09'),(164,'20222','Januari',132,208,36,NULL,'Diterima',NULL,292,'2023-01-20','2023-01-20','2023-01-20 07:08:37','2023-01-27 04:35:09'),(165,'20222','Januari',281,185,36,NULL,'Diterima',NULL,292,'2023-01-20','2023-01-20','2023-01-20 07:08:47','2023-01-27 04:35:09'),(166,'20222','Januari',155,214,36,NULL,'Diterima',NULL,292,'2023-01-20','2023-01-20','2023-01-20 07:08:49','2023-01-27 04:35:09'),(167,'20222','Januari',282,202,36,NULL,'Diterima',NULL,292,'2023-01-20','2023-01-20','2023-01-20 07:08:59','2023-01-27 04:35:09'),(168,'20222','Januari',157,216,36,NULL,'Diterima',NULL,292,'2023-01-20','2023-01-20','2023-01-20 07:08:59','2023-01-27 04:35:09'),(169,'20222','Januari',152,211,36,NULL,'Diterima',NULL,292,'2023-01-20','2023-01-20','2023-01-20 07:09:09','2023-01-27 04:35:09'),(170,'20222','Januari',283,186,36,NULL,'Diterima',NULL,292,'2023-01-20','2023-01-20','2023-01-20 07:09:10','2023-01-27 04:35:09'),(171,'20222','Januari',166,223,36,NULL,'Diterima',NULL,292,'2023-01-20','2023-01-20','2023-01-20 07:09:16','2023-01-27 04:35:09'),(172,'20222','Januari',159,218,36,NULL,'Diterima',NULL,292,'2023-01-20','2023-01-20','2023-01-20 07:09:23','2023-01-27 04:35:09'),(173,'20222','Januari',284,187,36,NULL,'Diterima',NULL,292,'2023-01-20','2023-01-20','2023-01-20 07:09:29','2023-01-27 04:35:09'),(174,'20222','Januari',181,256,36,NULL,'Menunggu Verifikasi',NULL,292,'2023-01-20','2023-01-27','2023-01-20 07:09:40','2023-01-27 04:35:09'),(175,'20222','Januari',133,209,36,NULL,'Diterima',NULL,292,'2023-01-20','2023-01-20','2023-01-20 07:09:51','2023-01-27 04:35:09'),(176,'20222','Januari',158,217,36,NULL,'Diterima',NULL,292,'2023-01-20','2023-01-20','2023-01-20 07:10:00','2023-01-27 04:35:09'),(177,'20222','Januari',154,213,36,NULL,'Diterima',NULL,292,'2023-01-20','2023-01-20','2023-01-20 07:10:08','2023-01-27 04:35:09'),(178,'20222','Januari',164,221,36,NULL,'Diterima',NULL,292,'2023-01-20','2023-01-20','2023-01-20 07:10:18','2023-01-27 04:35:09'),(179,'20222','Januari',165,222,36,NULL,'Diterima',NULL,292,'2023-01-20','2023-01-20','2023-01-20 07:10:28','2023-01-27 04:35:09'),(180,'20222','Januari',134,210,36,NULL,'Diterima',NULL,292,'2023-01-20','2023-01-20','2023-01-20 07:10:38','2023-01-27 04:35:09'),(181,'20222','Januari',77,91,36,NULL,'Diterima',NULL,292,'2023-01-20','2023-01-20','2023-01-20 07:10:44','2023-01-27 04:35:09'),(182,'20222','Januari',78,92,36,NULL,'Diterima',NULL,292,'2023-01-20','2023-01-20','2023-01-20 07:10:55','2023-01-27 04:35:09'),(183,'20222','Januari',232,254,36,NULL,'Diterima',NULL,292,'2023-01-20','2023-01-20','2023-01-20 07:10:55','2023-01-27 04:35:09'),(184,'20222','Januari',79,93,36,NULL,'Menunggu Verifikasi',NULL,292,'2023-01-20','2023-01-27','2023-01-20 07:11:03','2023-01-27 04:35:09'),(185,'20222','Januari',172,226,36,NULL,'Diterima',NULL,292,'2023-01-20','2023-01-20','2023-01-20 07:11:07','2023-01-27 04:35:09'),(186,'20222','Januari',104,109,36,NULL,'Menunggu Verifikasi',NULL,292,'2023-01-20','2023-01-27','2023-01-20 07:11:11','2023-01-27 04:35:09'),(187,'20222','Januari',105,110,36,NULL,'Diterima',NULL,292,'2023-01-20','2023-01-20','2023-01-20 07:11:17','2023-01-27 04:35:09'),(188,'20222','Januari',173,148,36,NULL,'Diterima',NULL,292,'2023-01-20','2023-01-20','2023-01-20 07:11:21','2023-01-27 04:35:09'),(189,'20222','Januari',106,111,36,NULL,'Diterima',NULL,292,'2023-01-20','2023-01-20','2023-01-20 07:11:25','2023-01-27 04:35:09'),(190,'20222','Januari',174,227,36,NULL,'Diterima',NULL,292,'2023-01-20','2023-01-20','2023-01-20 07:11:30','2023-01-27 04:35:09'),(191,'20222','Januari',107,112,36,NULL,'Menunggu Verifikasi',NULL,292,'2023-01-20','2023-01-27','2023-01-20 07:11:34','2023-01-27 04:35:09'),(192,'20222','Januari',183,232,36,NULL,'Diterima',NULL,292,'2023-01-20','2023-01-20','2023-01-20 07:11:40','2023-01-27 04:35:09'),(193,'20222','Januari',234,149,36,NULL,'Menunggu Verifikasi',NULL,292,'2023-01-20','2023-01-27','2023-01-20 07:11:46','2023-01-27 04:35:09'),(194,'20222','Januari',175,228,36,NULL,'Menunggu Verifikasi',NULL,292,'2023-01-20','2023-01-27','2023-01-20 07:11:52','2023-01-27 04:35:09'),(195,'20222','Januari',236,150,36,NULL,'Diterima',NULL,292,'2023-01-20','2023-01-20','2023-01-20 07:11:54','2023-01-27 04:35:09'),(196,'20222','Januari',237,151,36,NULL,'Menunggu Verifikasi',NULL,292,'2023-01-20','2023-01-27','2023-01-20 07:12:01','2023-01-27 04:35:09'),(197,'20222','Januari',233,255,36,NULL,'Diterima',NULL,292,'2023-01-20','2023-01-20','2023-01-20 07:12:02','2023-01-27 04:35:09'),(198,'20222','Januari',238,152,36,NULL,'Diterima',NULL,292,'2023-01-20','2023-01-20','2023-01-20 07:12:08','2023-01-27 04:35:09'),(199,'20222','Januari',176,229,36,NULL,'Menunggu Verifikasi',NULL,292,'2023-01-20','2023-01-27','2023-01-20 07:12:12','2023-01-27 04:35:09'),(200,'20222','Januari',239,153,36,NULL,'Diterima',NULL,292,'2023-01-20','2023-01-20','2023-01-20 07:12:16','2023-01-27 04:35:09'),(201,'20222','Januari',177,230,36,NULL,'Menunggu Verifikasi',NULL,292,'2023-01-20','2023-01-27','2023-01-20 07:12:23','2023-01-27 04:35:09'),(202,'20222','Januari',240,203,36,NULL,'Diterima',NULL,292,'2023-01-20','2023-01-20','2023-01-20 07:12:23','2023-01-27 04:35:09'),(203,'20222','Januari',241,154,36,NULL,'Diterima',NULL,292,'2023-01-20','2023-01-20','2023-01-20 07:12:31','2023-01-27 04:35:09'),(204,'20222','Januari',178,231,36,NULL,'Menunggu Verifikasi',NULL,292,'2023-01-20','2023-01-27','2023-01-20 07:12:39','2023-01-27 04:35:09'),(205,'20222','Januari',242,155,36,NULL,'Diterima',NULL,292,'2023-01-20','2023-01-20','2023-01-20 07:12:48','2023-01-27 04:35:09'),(206,'20222','Januari',243,201,36,NULL,'Diterima',NULL,292,'2023-01-20','2023-01-20','2023-01-20 07:12:55','2023-01-27 04:35:09'),(207,'20222','Januari',244,156,36,NULL,'Diterima',NULL,292,'2023-01-20','2023-01-20','2023-01-20 07:13:02','2023-01-27 04:35:09'),(208,'20222','Januari',184,233,36,NULL,'Diterima',NULL,292,'2023-01-20','2023-01-20','2023-01-20 07:13:05','2023-01-27 04:35:09'),(209,'20222','Januari',245,157,36,NULL,'Diterima',NULL,292,'2023-01-20','2023-01-20','2023-01-20 07:13:10','2023-01-27 04:35:09'),(210,'20222','Januari',246,158,36,NULL,'Diterima',NULL,292,'2023-01-20','2023-01-20','2023-01-20 07:13:17','2023-01-27 04:35:09'),(211,'20222','Januari',217,273,36,NULL,'Diterima',NULL,292,'2023-01-20','2023-01-20','2023-01-20 07:13:18','2023-01-27 04:35:09'),(212,'20222','Januari',247,159,36,NULL,'Diterima',NULL,292,'2023-01-20','2023-01-20','2023-01-20 07:13:31','2023-01-27 04:35:09'),(213,'20222','Januari',186,257,36,NULL,'Diterima',NULL,292,'2023-01-20','2023-01-20','2023-01-20 07:13:31','2023-01-27 04:35:09'),(214,'20222','Januari',248,204,36,NULL,'Diterima',NULL,292,'2023-01-20','2023-01-20','2023-01-20 07:13:42','2023-01-27 04:35:09'),(215,'20222','Januari',249,199,36,NULL,'Diterima',NULL,292,'2023-01-20','2023-01-20','2023-01-20 07:13:53','2023-01-27 04:35:09'),(216,'20222','Januari',250,160,36,NULL,'Diterima',NULL,292,'2023-01-20','2023-01-20','2023-01-20 07:14:01','2023-01-27 04:35:09'),(217,'20222','Januari',251,161,36,NULL,'Diterima',NULL,292,'2023-01-20','2023-01-20','2023-01-20 07:14:10','2023-01-27 04:35:09'),(218,'20222','Januari',218,274,36,NULL,'Diterima',NULL,292,'2023-01-20','2023-01-20','2023-01-20 07:14:12','2023-01-27 04:35:09'),(219,'20222','Januari',252,162,36,NULL,'Menunggu Verifikasi',NULL,292,'2023-01-20','2023-01-27','2023-01-20 07:14:18','2023-01-27 04:35:09'),(220,'20222','Januari',253,163,36,NULL,'Diterima',NULL,292,'2023-01-20','2023-01-20','2023-01-20 07:14:31','2023-01-27 04:35:09'),(221,'20222','Januari',254,164,36,NULL,'Diterima',NULL,292,'2023-01-20','2023-01-20','2023-01-20 07:14:39','2023-01-27 04:35:09'),(222,'20222','Januari',255,165,36,NULL,'Diterima',NULL,292,'2023-01-20','2023-01-20','2023-01-20 07:14:47','2023-01-27 04:35:09'),(223,'20222','Januari',256,166,36,NULL,'Diterima',NULL,292,'2023-01-20','2023-01-20','2023-01-20 07:14:55','2023-01-27 04:35:09'),(224,'20222','Januari',257,196,36,NULL,'Diterima',NULL,292,'2023-01-20','2023-01-20','2023-01-20 07:15:05','2023-01-27 04:35:09'),(225,'20222','Januari',258,167,36,NULL,'Diterima',NULL,292,'2023-01-20','2023-01-20','2023-01-20 07:15:13','2023-01-27 04:35:09'),(226,'20222','Januari',187,258,36,NULL,'Diterima',NULL,292,'2023-01-20','2023-01-20','2023-01-20 07:15:27','2023-01-27 04:35:09'),(227,'20222','Januari',188,259,36,NULL,'Diterima',NULL,292,'2023-01-20','2023-01-20','2023-01-20 07:15:39','2023-01-27 04:35:09'),(228,'20222','Januari',189,260,36,NULL,'Diterima',NULL,292,'2023-01-20','2023-01-20','2023-01-20 07:15:50','2023-01-27 04:35:09'),(229,'20222','Januari',230,277,36,NULL,'Diterima',NULL,292,'2023-01-20','2023-01-20','2023-01-20 07:16:04','2023-01-27 04:35:09'),(230,'20222','Januari',190,261,36,NULL,'Diterima',NULL,292,'2023-01-20','2023-01-20','2023-01-20 07:16:17','2023-01-27 04:35:09'),(231,'20222','Januari',191,262,36,NULL,'Diterima',NULL,292,'2023-01-20','2023-01-20','2023-01-20 07:18:12','2023-01-27 04:35:09'),(232,'20222','Januari',192,263,36,NULL,'Diterima',NULL,292,'2023-01-20','2023-01-20','2023-01-20 07:18:51','2023-01-27 04:35:09'),(233,'20222','Januari',193,264,36,NULL,'Diterima',NULL,292,'2023-01-20','2023-01-20','2023-01-20 07:19:55','2023-01-27 04:35:09'),(234,'20222','Januari',194,265,36,NULL,'Diterima',NULL,292,'2023-01-20','2023-01-20','2023-01-20 07:20:10','2023-01-27 04:35:09'),(235,'20222','Januari',195,266,36,NULL,'Diterima',NULL,292,'2023-01-20','2023-01-20','2023-01-20 07:20:21','2023-01-27 04:35:09'),(236,'20222','Januari',196,267,36,NULL,'Diterima',NULL,292,'2023-01-20','2023-01-20','2023-01-20 07:20:38','2023-01-27 04:35:09'),(237,'20222','Januari',231,278,36,NULL,'Diterima',NULL,292,'2023-01-20','2023-01-20','2023-01-20 07:20:49','2023-01-27 04:35:09'),(238,'20222','Januari',220,275,36,NULL,'Diterima',NULL,292,'2023-01-20','2023-01-20','2023-01-20 07:21:02','2023-01-27 04:35:09'),(239,'20222','Januari',197,268,36,NULL,'Diterima',NULL,292,'2023-01-20','2023-01-20','2023-01-20 07:21:25','2023-01-27 04:35:09'),(240,'20222','Januari',198,269,36,NULL,'Diterima',NULL,292,'2023-01-20','2023-01-20','2023-01-20 07:21:36','2023-01-27 04:35:09'),(241,'20222','Januari',199,270,36,NULL,'Diterima',NULL,292,'2023-01-20','2023-01-20','2023-01-20 07:21:48','2023-01-27 04:35:09'),(242,'20222','Januari',200,271,36,NULL,'Diterima',NULL,292,'2023-01-20','2023-01-20','2023-01-20 07:22:00','2023-01-27 04:35:09'),(243,'20222','Januari',201,272,36,NULL,'Diterima',NULL,292,'2023-01-20','2023-01-20','2023-01-20 07:22:16','2023-01-27 04:35:09'),(244,'20222','Januari',221,276,36,NULL,'Diterima',NULL,292,'2023-01-20','2023-01-20','2023-01-20 07:22:27','2023-01-27 04:35:09'),(245,'20222','Januari',202,335,36,NULL,'Diterima',NULL,292,'2023-01-20','2023-01-20','2023-01-20 07:22:38','2023-01-27 04:35:09'),(246,'20222','Januari',222,248,36,NULL,'Diterima',NULL,292,'2023-01-20','2023-01-20','2023-01-20 07:23:02','2023-01-27 04:35:09'),(247,'20222','Januari',203,234,36,NULL,'Menunggu Verifikasi',NULL,292,'2023-01-20','2023-01-27','2023-01-20 07:23:13','2023-01-27 04:35:09'),(248,'20222','Januari',204,235,36,NULL,'Diterima',NULL,292,'2023-01-20','2023-01-20','2023-01-20 07:23:24','2023-01-27 04:35:09'),(249,'20222','Januari',205,236,36,NULL,'Diterima',NULL,292,'2023-01-20','2023-01-20','2023-01-20 07:23:39','2023-01-27 04:35:09'),(250,'20222','Januari',206,237,36,NULL,'Diterima',NULL,292,'2023-01-20','2023-01-20','2023-01-20 07:23:52','2023-01-27 04:35:09'),(251,'20222','Januari',207,238,36,NULL,'Diterima',NULL,292,'2023-01-20','2023-01-20','2023-01-20 07:24:03','2023-01-27 04:35:09'),(252,'20222','Januari',208,239,36,NULL,'Diterima',NULL,292,'2023-01-20','2023-01-20','2023-01-20 07:24:18','2023-01-27 04:35:09'),(253,'20222','Januari',209,240,36,NULL,'Diterima',NULL,292,'2023-01-20','2023-01-20','2023-01-20 07:24:29','2023-01-27 04:35:09'),(254,'20222','Januari',97,105,36,NULL,'Menunggu Verifikasi',NULL,292,'2023-01-20','2023-01-27','2023-01-20 07:24:39','2023-01-27 04:35:09'),(255,'20222','Januari',210,241,36,NULL,'Diterima',NULL,292,'2023-01-20','2023-01-20','2023-01-20 07:24:40','2023-01-27 04:35:09'),(256,'20222','Januari',95,104,36,NULL,'Diterima',NULL,292,'2023-01-20','2023-01-20','2023-01-20 07:24:45','2023-01-27 04:35:09'),(257,'20222','Januari',94,103,36,NULL,'Menunggu Verifikasi',NULL,292,'2023-01-20','2023-01-27','2023-01-20 07:24:52','2023-01-27 04:35:09'),(258,'20222','Januari',211,242,36,NULL,'Diterima',NULL,292,'2023-01-20','2023-01-20','2023-01-20 07:24:54','2023-01-27 04:35:09'),(259,'20222','Januari',93,102,36,NULL,'Diterima',NULL,292,'2023-01-20','2023-01-20','2023-01-20 07:25:05','2023-01-27 04:35:09'),(260,'20222','Januari',292,193,36,NULL,'Menunggu Verifikasi',NULL,292,'2023-01-20','2023-01-27','2023-01-20 07:25:16','2023-01-27 04:35:09'),(261,'20222','Januari',212,243,36,NULL,'Diterima',NULL,292,'2023-01-20','2023-01-20','2023-01-20 07:25:19','2023-01-27 04:35:09'),(262,'20222','Januari',293,194,36,NULL,'Diterima',NULL,292,'2023-01-20','2023-01-20','2023-01-20 07:25:27','2023-01-27 04:35:09'),(263,'20222','Januari',213,244,36,NULL,'Diterima',NULL,292,'2023-01-20','2023-01-20','2023-01-20 07:25:31','2023-01-27 04:35:09'),(264,'20222','Januari',83,94,36,NULL,'Menunggu Verifikasi',NULL,292,'2023-01-20','2023-01-27','2023-01-20 07:25:34','2023-01-27 04:35:09'),(265,'20222','Januari',84,95,36,NULL,'Menunggu Verifikasi',NULL,292,'2023-01-20','2023-01-27','2023-01-20 07:25:44','2023-01-27 04:35:09'),(266,'20222','Januari',224,249,36,NULL,'Diterima',NULL,292,'2023-01-20','2023-01-20','2023-01-20 07:25:44','2023-01-27 04:35:09'),(267,'20222','Januari',86,97,36,NULL,'Menunggu Verifikasi',NULL,292,'2023-01-20','2023-01-27','2023-01-20 07:25:51','2023-01-27 04:35:09'),(268,'20222','Januari',88,98,36,NULL,'Diterima',NULL,292,'2023-01-20','2023-01-20','2023-01-20 07:25:58','2023-01-27 04:35:09'),(269,'20222','Januari',89,99,36,NULL,'Diterima',NULL,292,'2023-01-20','2023-01-20','2023-01-20 07:26:06','2023-01-27 04:35:09'),(270,'20222','Januari',90,100,36,NULL,'Diterima',NULL,292,'2023-01-20','2023-01-20','2023-01-20 07:26:14','2023-01-27 04:35:09'),(271,'20222','Januari',92,101,36,NULL,'Diterima',NULL,292,'2023-01-20','2023-01-20','2023-01-20 07:26:22','2023-01-27 04:35:09'),(272,'20222','Januari',349,324,36,NULL,'Diterima',NULL,292,'2023-01-20','2023-01-20','2023-01-20 07:26:30','2023-01-27 04:35:09'),(273,'20222','Januari',350,325,36,NULL,'Diterima',NULL,292,'2023-01-20','2023-01-20','2023-01-20 07:26:38','2023-01-27 04:35:09'),(274,'20222','Januari',351,326,36,NULL,'Diterima',NULL,292,'2023-01-20','2023-01-20','2023-01-20 07:26:45','2023-01-27 04:35:09'),(275,'20222','Januari',229,253,36,NULL,'Diterima',NULL,292,'2023-01-20','2023-01-20','2023-01-20 07:27:21','2023-01-27 04:35:09'),(276,'20222','Januari',225,250,36,NULL,'Diterima',NULL,292,'2023-01-20','2023-01-20','2023-01-20 07:27:35','2023-01-27 04:35:09'),(277,'20222','Januari',214,245,36,NULL,'Diterima',NULL,292,'2023-01-20','2023-01-20','2023-01-20 07:27:47','2023-01-27 04:35:09'),(278,'20222','Januari',215,246,36,NULL,'Diterima',NULL,292,'2023-01-20','2023-01-20','2023-01-20 07:27:58','2023-01-27 04:35:09'),(279,'20222','Januari',226,251,36,NULL,'Diterima',NULL,292,'2023-01-20','2023-01-20','2023-01-20 07:28:14','2023-01-27 04:35:09'),(280,'20222','Januari',216,247,36,NULL,'Diterima',NULL,292,'2023-01-20','2023-01-20','2023-01-20 07:28:32','2023-01-27 04:35:09'),(281,'20222','Januari',227,252,36,NULL,'Diterima',NULL,292,'2023-01-20','2023-01-20','2023-01-20 07:28:44','2023-01-27 04:35:09'),(282,'20222','Januari',305,330,36,NULL,'Diterima',NULL,292,'2023-01-20','2023-01-20','2023-01-20 07:28:48','2023-01-27 04:35:09'),(283,'20222','Januari',317,327,36,NULL,'Diterima',NULL,292,'2023-01-20','2023-01-20','2023-01-20 07:28:55','2023-01-27 04:35:09'),(284,'20222','Januari',286,188,36,NULL,'Diterima',NULL,292,'2023-01-20','2023-01-20','2023-01-20 07:29:03','2023-01-27 04:35:09'),(285,'20222','Januari',288,189,36,NULL,'Menunggu Verifikasi',NULL,292,'2023-01-20','2023-01-27','2023-01-20 07:29:11','2023-01-27 04:35:09'),(286,'20222','Januari',289,190,36,NULL,'Menunggu Verifikasi',NULL,292,'2023-01-20','2023-01-27','2023-01-20 07:29:22','2023-01-27 04:35:09'),(287,'20222','Januari',303,333,36,NULL,'Diterima',NULL,292,'2023-01-20','2023-01-20','2023-01-20 07:29:22','2023-01-27 04:35:09'),(288,'20222','Januari',290,191,36,NULL,'Menunggu Verifikasi',NULL,292,'2023-01-20','2023-01-27','2023-01-20 07:29:32','2023-01-27 04:35:09'),(289,'20222','Januari',296,279,36,NULL,'Menunggu Verifikasi',NULL,292,'2023-01-20','2023-01-27','2023-01-20 07:29:32','2023-01-27 04:35:09'),(290,'20222','Januari',291,192,36,NULL,'Menunggu Verifikasi',NULL,292,'2023-01-20','2023-01-27','2023-01-20 07:29:42','2023-01-27 04:35:09'),(291,'20222','Januari',297,331,36,NULL,'Menunggu Verifikasi',NULL,292,'2023-01-20','2023-01-27','2023-01-20 07:29:44','2023-01-27 04:35:09'),(292,'20222','Januari',339,314,36,NULL,'Diterima',NULL,292,'2023-01-20','2023-01-20','2023-01-20 07:29:55','2023-01-27 04:35:09'),(293,'20222','Januari',340,315,36,NULL,'Ditolak',NULL,292,'2023-01-20','2023-01-25','2023-01-20 07:30:08','2023-01-27 04:35:09'),(294,'20222','Januari',302,284,36,NULL,'Menunggu Verifikasi',NULL,292,'2023-01-20','2023-01-27','2023-01-20 07:30:09','2023-01-27 04:35:09'),(295,'20222','Januari',341,316,36,NULL,'Menunggu Verifikasi',NULL,292,'2023-01-20','2023-01-27','2023-01-20 07:30:16','2023-01-27 04:35:09'),(296,'20222','Januari',298,280,36,NULL,'Menunggu Verifikasi',NULL,292,'2023-01-20','2023-01-27','2023-01-20 07:30:21','2023-01-27 04:35:09'),(297,'20222','Januari',342,317,36,NULL,'Menunggu Verifikasi',NULL,292,'2023-01-20','2023-01-27','2023-01-20 07:30:24','2023-01-27 04:35:09'),(298,'20222','Januari',299,281,36,NULL,'Menunggu Verifikasi',NULL,292,'2023-01-20','2023-01-27','2023-01-20 07:30:31','2023-01-27 04:35:09'),(299,'20222','Januari',343,318,36,NULL,'Diterima',NULL,292,'2023-01-20','2023-01-20','2023-01-20 07:30:33','2023-01-27 04:35:09'),(300,'20222','Januari',344,319,36,NULL,'Diterima',NULL,292,'2023-01-20','2023-01-20','2023-01-20 07:30:41','2023-01-27 04:35:09'),(301,'20222','Januari',300,282,36,NULL,'Menunggu Verifikasi',NULL,292,'2023-01-20','2023-01-27','2023-01-20 07:30:41','2023-01-27 04:35:09'),(302,'20222','Januari',345,320,36,NULL,'Diterima',NULL,292,'2023-01-20','2023-01-20','2023-01-20 07:30:49','2023-01-27 04:35:09'),(303,'20222','Januari',301,283,36,NULL,'Menunggu Verifikasi',NULL,292,'2023-01-20','2023-01-27','2023-01-20 07:30:51','2023-01-27 04:35:09'),(304,'20222','Januari',346,321,36,NULL,'Diterima',NULL,292,'2023-01-20','2023-01-20','2023-01-20 07:31:04','2023-01-27 04:35:09'),(305,'20222','Januari',347,322,36,NULL,'Diterima',NULL,292,'2023-01-20','2023-01-20','2023-01-20 07:31:12','2023-01-27 04:35:09'),(306,'20222','Januari',328,304,36,NULL,'Diterima',NULL,292,'2023-01-20','2023-01-20','2023-01-20 07:31:14','2023-01-27 04:35:09'),(307,'20222','Januari',348,323,36,NULL,'Diterima',NULL,292,'2023-01-20','2023-01-20','2023-01-20 07:31:20','2023-01-27 04:35:09'),(308,'20222','Januari',304,285,36,NULL,'Diterima',NULL,292,'2023-01-20','2023-01-20','2023-01-20 07:31:25','2023-01-27 04:35:09'),(309,'20222','Januari',329,305,36,NULL,'Diterima',NULL,292,'2023-01-20','2023-01-20','2023-01-20 07:31:29','2023-01-27 04:35:09'),(310,'20222','Januari',306,286,36,NULL,'Diterima',NULL,292,'2023-01-20','2023-01-20','2023-01-20 07:31:36','2023-01-27 04:35:09'),(311,'20222','Januari',330,306,36,NULL,'Diterima',NULL,292,'2023-01-20','2023-01-20','2023-01-20 07:31:37','2023-01-27 04:35:09'),(312,'20222','Januari',307,287,36,NULL,'Diterima',NULL,292,'2023-01-20','2023-01-20','2023-01-20 07:33:01','2023-01-27 04:35:09'),(313,'20222','Januari',308,288,36,NULL,'Diterima',NULL,292,'2023-01-20','2023-01-20','2023-01-20 07:33:17','2023-01-27 04:35:09'),(314,'20222','Januari',331,329,36,NULL,'Diterima',NULL,292,'2023-01-20','2023-01-20','2023-01-20 07:33:17','2023-01-27 04:35:09'),(315,'20222','Januari',332,307,36,NULL,'Diterima',NULL,292,'2023-01-20','2023-01-20','2023-01-20 07:33:28','2023-01-27 04:35:09'),(316,'20222','Januari',333,308,36,NULL,'Menunggu Verifikasi',NULL,292,'2023-01-20','2023-01-27','2023-01-20 07:33:36','2023-01-27 04:35:09'),(317,'20222','Januari',334,309,36,NULL,'Diterima',NULL,292,'2023-01-20','2023-01-20','2023-01-20 07:33:44','2023-01-27 04:35:09'),(318,'20222','Januari',309,289,36,NULL,'Diterima',NULL,292,'2023-01-20','2023-01-20','2023-01-20 07:33:46','2023-01-27 04:35:09'),(319,'20222','Januari',335,310,36,NULL,'Diterima',NULL,292,'2023-01-20','2023-01-20','2023-01-20 07:33:54','2023-01-27 04:35:09'),(320,'20222','Januari',310,290,36,NULL,'Diterima',NULL,292,'2023-01-20','2023-01-20','2023-01-20 07:34:00','2023-01-27 04:35:09'),(321,'20222','Januari',336,311,36,NULL,'Diterima',NULL,292,'2023-01-20','2023-01-20','2023-01-20 07:34:06','2023-01-27 04:35:09'),(322,'20222','Januari',337,312,36,NULL,'Menunggu Verifikasi',NULL,292,'2023-01-20','2023-01-27','2023-01-20 07:34:13','2023-01-27 04:35:09'),(323,'20222','Januari',312,334,36,NULL,'Diterima',NULL,292,'2023-01-20','2023-01-20','2023-01-20 07:34:13','2023-01-27 04:35:09'),(324,'20222','Januari',338,313,36,NULL,'Diterima',NULL,292,'2023-01-20','2023-01-20','2023-01-20 07:34:20','2023-01-27 04:35:09'),(325,'20222','Januari',313,291,36,NULL,'Diterima',NULL,292,'2023-01-20','2023-01-20','2023-01-20 07:34:25','2023-01-27 04:35:09'),(326,'20222','Januari',318,295,36,NULL,'Diterima',NULL,292,'2023-01-20','2023-01-20','2023-01-20 07:34:29','2023-01-27 04:35:09'),(327,'20222','Januari',319,328,36,NULL,'Diterima',NULL,292,'2023-01-20','2023-01-20','2023-01-20 07:34:38','2023-01-27 04:35:09'),(328,'20222','Januari',320,296,36,NULL,'Diterima',NULL,292,'2023-01-20','2023-01-20','2023-01-20 07:34:46','2023-01-27 04:35:09'),(329,'20222','Januari',314,292,36,NULL,'Diterima',NULL,292,'2023-01-20','2023-01-20','2023-01-20 07:34:49','2023-01-27 04:35:09'),(330,'20222','Januari',321,297,36,NULL,'Diterima',NULL,292,'2023-01-20','2023-01-20','2023-01-20 07:34:54','2023-01-27 04:35:09'),(331,'20222','Januari',315,293,36,NULL,'Diterima',NULL,292,'2023-01-20','2023-01-20','2023-01-20 07:35:02','2023-01-27 04:35:09'),(332,'20222','Januari',322,298,36,NULL,'Menunggu Verifikasi',NULL,292,'2023-01-20','2023-01-27','2023-01-20 07:35:03','2023-01-27 04:35:09'),(333,'20222','Januari',323,299,36,NULL,'Diterima',NULL,292,'2023-01-20','2023-01-20','2023-01-20 07:35:12','2023-01-27 04:35:09'),(334,'20222','Januari',316,294,36,NULL,'Diterima',NULL,292,'2023-01-20','2023-01-20','2023-01-20 07:35:17','2023-01-27 04:35:09'),(335,'20222','Januari',324,300,36,NULL,'Diterima',NULL,292,'2023-01-20','2023-01-20','2023-01-20 07:35:28','2023-01-27 04:35:09'),(336,'20222','Januari',325,301,36,NULL,'Diterima',NULL,292,'2023-01-20','2023-01-20','2023-01-20 07:35:37','2023-01-27 04:35:09'),(337,'20222','Januari',326,302,36,NULL,'Diterima',NULL,292,'2023-01-20','2023-01-20','2023-01-20 07:35:45','2023-01-27 04:35:09'),(338,'20222','Januari',327,303,36,NULL,'Diterima',NULL,292,'2023-01-20','2023-01-20','2023-01-20 07:35:57','2023-01-27 04:35:09'),(339,'20222','Januari',123,124,36,NULL,'Diterima',NULL,292,'2023-01-20','2023-01-20','2023-01-20 07:36:31','2023-01-27 04:35:09'),(340,'20222','Januari',127,127,36,NULL,'Diterima',NULL,292,'2023-01-20','2023-01-20','2023-01-20 07:36:37','2023-01-27 04:35:09'),(341,'20222','Januari',135,130,36,NULL,'Diterima',NULL,292,'2023-01-20','2023-01-20','2023-01-20 07:36:37','2023-01-27 04:35:09'),(342,'20222','Januari',136,131,36,NULL,'Diterima',NULL,292,'2023-01-20','2023-01-20','2023-01-20 07:36:44','2023-01-27 04:35:09'),(343,'20222','Januari',146,140,36,NULL,'Diterima',NULL,292,'2023-01-20','2023-01-20','2023-01-20 07:36:47','2023-01-27 04:35:09'),(344,'20222','Januari',125,125,36,NULL,'Diterima',NULL,292,'2023-01-20','2023-01-20','2023-01-20 07:36:50','2023-01-27 04:35:09'),(345,'20222','Januari',137,132,36,NULL,'Diterima',NULL,292,'2023-01-20','2023-01-20','2023-01-20 07:36:57','2023-01-27 04:35:09'),(346,'20222','Januari',128,128,36,NULL,'Menunggu Verifikasi',NULL,292,'2023-01-20','2023-01-27','2023-01-20 07:36:59','2023-01-27 04:35:09'),(347,'20222','Januari',138,133,36,NULL,'Diterima',NULL,292,'2023-01-20','2023-01-20','2023-01-20 07:37:03','2023-01-27 04:35:09'),(348,'20222','Januari',129,129,36,NULL,'Diterima',NULL,292,'2023-01-20','2023-01-20','2023-01-20 07:37:09','2023-01-27 04:35:09'),(349,'20222','Januari',139,134,36,NULL,'Diterima',NULL,292,'2023-01-20','2023-01-20','2023-01-20 07:37:10','2023-01-27 04:35:09'),(350,'20222','Januari',140,135,36,NULL,'Diterima',NULL,292,'2023-01-20','2023-01-20','2023-01-20 07:37:16','2023-01-27 04:35:09'),(351,'20222','Januari',147,141,36,NULL,'Diterima',NULL,292,'2023-01-20','2023-01-20','2023-01-20 07:37:17','2023-01-27 04:35:09'),(352,'20222','Januari',148,142,36,NULL,'Diterima',NULL,292,'2023-01-20','2023-01-20','2023-01-20 07:37:25','2023-01-27 04:35:09'),(353,'20222','Januari',126,126,36,NULL,'Diterima',NULL,292,'2023-01-20','2023-01-20','2023-01-20 07:37:37','2023-01-27 04:35:09'),(354,'20222','Januari',149,143,36,NULL,'Menunggu Verifikasi',NULL,292,'2023-01-20','2023-01-27','2023-01-20 07:37:40','2023-01-27 04:35:09'),(355,'20222','Januari',162,147,36,NULL,'Diterima',NULL,292,'2023-01-20','2023-01-20','2023-01-20 07:37:43','2023-01-27 04:35:09'),(356,'20222','Januari',150,144,36,NULL,'Diterima',NULL,292,'2023-01-20','2023-01-20','2023-01-20 07:37:48','2023-01-27 04:35:09'),(357,'20222','Januari',142,136,36,NULL,'Diterima',NULL,292,'2023-01-20','2023-01-20','2023-01-20 07:37:53','2023-01-27 04:35:09'),(358,'20222','Januari',151,145,36,NULL,'Diterima',NULL,292,'2023-01-20','2023-01-20','2023-01-20 07:37:55','2023-01-27 04:35:09'),(359,'20222','Januari',167,224,36,NULL,'Diterima',NULL,292,'2023-01-20','2023-01-20','2023-01-20 07:38:02','2023-01-27 04:35:09'),(360,'20222','Januari',143,137,36,NULL,'Diterima',NULL,292,'2023-01-20','2023-01-20','2023-01-20 07:38:06','2023-01-27 04:35:09'),(361,'20222','Januari',144,138,36,NULL,'Diterima',NULL,292,'2023-01-20','2023-01-20','2023-01-20 07:38:12','2023-01-27 04:35:09'),(362,'20222','Januari',145,139,36,NULL,'Diterima',NULL,292,'2023-01-20','2023-01-20','2023-01-20 07:38:18','2023-01-27 04:35:09'),(363,'20222','Januari',355,337,36,NULL,'Diterima',NULL,292,'2023-01-21','2023-01-21','2023-01-21 03:09:43','2023-01-27 04:35:09'),(364,'20222','Januari',56,338,36,NULL,'Diterima',NULL,292,'2023-01-21','2023-01-21','2023-01-21 03:22:15','2023-01-27 04:35:09'),(365,'20222','Januari',353,339,36,NULL,'Diterima',NULL,292,'2023-01-21','2023-01-21','2023-01-21 04:11:21','2023-01-27 04:35:09'),(366,'20222','Januari',358,340,36,NULL,'Diterima',NULL,292,'2023-01-21','2023-01-21','2023-01-21 04:18:00','2023-01-27 04:35:09'),(367,'20222','Januari',357,341,36,NULL,'Diterima',NULL,292,'2023-01-21','2023-01-21','2023-01-21 04:22:47','2023-01-27 04:35:09'),(368,'20222','Januari',359,342,36,NULL,'Diterima',NULL,292,'2023-01-21','2023-01-21','2023-01-21 04:26:15','2023-01-27 04:35:09'),(369,'20222','Januari',352,343,36,NULL,'Diterima',NULL,292,'2023-01-21','2023-01-21','2023-01-21 04:37:22','2023-01-27 04:35:09'),(370,'20222','Januari',356,344,36,NULL,'Diterima',NULL,292,'2023-01-21','2023-01-21','2023-01-21 04:40:34','2023-01-27 04:35:09'),(371,'20222','Januari',219,345,36,NULL,'Diterima',NULL,292,'2023-01-21','2023-01-21','2023-01-21 04:47:23','2023-01-27 04:35:09'),(372,'20222','Januari',185,336,36,NULL,'Diterima',NULL,292,'2023-01-21','2023-01-21','2023-01-21 04:55:15','2023-01-27 04:35:09'),(373,'20222','Januari',340,346,36,NULL,'Diterima',NULL,292,'2023-01-25','2023-01-25','2023-01-25 03:12:19','2023-01-27 04:35:09'),(374,'20222','Januari',326,347,36,NULL,'Menunggu Verifikasi',NULL,292,'2023-01-25','2023-01-25','2023-01-25 07:11:57','2023-01-27 04:35:09'),(375,'20222','Januari',193,348,36,NULL,'Menunggu Verifikasi',NULL,292,'2023-01-26','2023-01-26','2023-01-26 01:36:14','2023-01-27 04:35:09'),(376,'20222','Januari',360,350,36,NULL,'Diterima',NULL,301,'2023-01-30','2023-01-30','2023-01-30 01:14:11','2023-01-30 01:14:11'),(377,'20222','Agustus',81,354,37,NULL,'Diterima',NULL,292,'2023-07-12','2023-07-15','2023-07-12 07:48:55','2023-11-21 11:21:08'),(378,'20222','Agustus',400,628,37,NULL,'Diterima',NULL,292,'2023-07-13','2023-07-13','2023-07-13 03:43:47','2023-11-21 11:21:08'),(379,'20222','Agustus',706,944,37,NULL,'Diterima',NULL,292,'2023-07-13','2023-07-13','2023-07-13 06:32:09','2023-11-21 11:21:08'),(380,'20222','Agustus',391,925,37,NULL,'Diterima',NULL,292,'2023-07-13','2023-07-13','2023-07-13 06:35:24','2023-11-21 11:21:08'),(381,'20222','Agustus',393,624,37,NULL,'Diterima',NULL,292,'2023-07-13','2023-07-13','2023-07-13 06:37:19','2023-11-21 11:21:08'),(382,'20222','Agustus',389,621,37,NULL,'Diterima',NULL,292,'2023-07-13','2023-07-13','2023-07-13 06:37:46','2023-11-21 11:21:08'),(383,'20222','Agustus',402,630,37,NULL,'Diterima',NULL,292,'2023-07-13','2023-07-13','2023-07-13 06:38:05','2023-11-21 11:21:08'),(384,'20222','Agustus',368,918,37,NULL,'Diterima',NULL,292,'2023-07-13','2023-07-13','2023-07-13 06:38:22','2023-11-21 11:21:08'),(385,'20222','Agustus',428,652,37,NULL,'Diterima',NULL,292,'2023-07-13','2023-07-13','2023-07-13 06:38:28','2023-11-21 11:21:08'),(386,'20222','Agustus',373,611,37,NULL,'Diterima',NULL,292,'2023-07-13','2023-07-13','2023-07-13 06:38:35','2023-11-21 11:21:08'),(387,'20222','Agustus',420,645,37,NULL,'Diterima',NULL,292,'2023-07-13','2023-07-13','2023-07-13 06:38:45','2023-11-21 11:21:08'),(388,'20222','Agustus',364,915,37,NULL,'Diterima',NULL,292,'2023-07-13','2023-07-13','2023-07-13 06:39:01','2023-11-21 11:21:08'),(389,'20222','Agustus',411,638,37,NULL,'Diterima',NULL,292,'2023-07-13','2023-07-13','2023-07-13 06:39:02','2023-11-21 11:21:08'),(390,'20222','Agustus',408,635,37,NULL,'Diterima',NULL,292,'2023-07-13','2023-07-13','2023-07-13 06:39:13','2023-11-21 11:21:08'),(391,'20222','Agustus',397,927,37,NULL,'Diterima',NULL,292,'2023-07-13','2023-07-13','2023-07-13 06:39:17','2023-11-21 11:21:08'),(392,'20222','Agustus',429,653,37,NULL,'Diterima',NULL,292,'2023-07-13','2023-07-13','2023-07-13 06:39:25','2023-11-21 11:21:08'),(393,'20222','Agustus',399,849,37,NULL,'Diterima',NULL,292,'2023-07-13','2023-07-13','2023-07-13 06:39:31','2023-11-21 11:21:08'),(394,'20222','Agustus',425,649,37,NULL,'Menunggu Verifikasi',NULL,292,'2023-07-13','2023-07-18','2023-07-13 06:39:39','2023-11-21 11:21:08'),(395,'20222','Agustus',783,842,37,NULL,'Diterima',NULL,292,'2023-07-13','2023-07-13','2023-07-13 06:39:45','2023-11-21 11:21:08'),(396,'20222','Agustus',417,642,37,NULL,'Diterima',NULL,292,'2023-07-13','2023-07-13','2023-07-13 06:39:54','2023-11-21 11:21:08'),(397,'20222','Agustus',394,926,37,NULL,'Diterima',NULL,292,'2023-07-13','2023-07-13','2023-07-13 06:39:58','2023-11-21 11:21:08'),(398,'20222','Agustus',418,643,37,NULL,'Diterima',NULL,292,'2023-07-13','2023-07-13','2023-07-13 06:40:04','2023-11-21 11:21:08'),(399,'20222','Agustus',401,629,37,NULL,'Diterima',NULL,292,'2023-07-13','2023-07-13','2023-07-13 06:40:12','2023-11-21 11:21:08'),(400,'20222','Agustus',426,650,37,NULL,'Diterima',NULL,292,'2023-07-13','2023-07-13','2023-07-13 06:40:15','2023-11-21 11:21:08'),(401,'20222','Agustus',431,655,37,NULL,'Diterima',NULL,292,'2023-07-13','2023-07-13','2023-07-13 06:40:25','2023-11-21 11:21:08'),(402,'20222','Agustus',385,619,37,NULL,'Diterima',NULL,292,'2023-07-13','2023-07-13','2023-07-13 06:40:26','2023-11-21 11:21:08'),(403,'20222','Agustus',388,620,37,NULL,'Diterima',NULL,292,'2023-07-13','2023-07-13','2023-07-13 06:40:39','2023-11-21 11:21:08'),(404,'20222','Agustus',410,637,37,NULL,'Diterima',NULL,292,'2023-07-13','2023-07-13','2023-07-13 06:40:46','2023-11-21 11:21:08'),(405,'20222','Agustus',392,623,37,NULL,'Diterima',NULL,292,'2023-07-13','2023-07-13','2023-07-13 06:40:53','2023-11-21 11:21:08'),(406,'20222','Agustus',413,639,37,NULL,'Diterima',NULL,292,'2023-07-13','2023-07-13','2023-07-13 06:40:57','2023-11-21 11:21:08'),(407,'20222','Agustus',390,622,37,NULL,'Diterima',NULL,292,'2023-07-13','2023-07-13','2023-07-13 06:41:08','2023-11-21 11:21:08'),(408,'20222','Agustus',422,647,37,NULL,'Diterima',NULL,292,'2023-07-13','2023-07-13','2023-07-13 06:41:12','2023-11-21 11:21:08'),(409,'20222','Agustus',403,631,37,NULL,'Diterima',NULL,292,'2023-07-13','2023-07-13','2023-07-13 06:41:22','2023-11-21 11:21:08'),(410,'20222','Agustus',419,644,37,NULL,'Diterima',NULL,292,'2023-07-13','2023-07-13','2023-07-13 06:41:24','2023-11-21 11:21:08'),(411,'20222','Agustus',379,615,37,NULL,'Diterima',NULL,292,'2023-07-13','2023-07-13','2023-07-13 06:41:36','2023-11-21 11:21:08'),(412,'20222','Agustus',416,929,37,NULL,'Diterima',NULL,292,'2023-07-13','2023-07-13','2023-07-13 06:41:37','2023-11-21 11:21:08'),(413,'20222','Agustus',407,634,37,NULL,'Diterima',NULL,292,'2023-07-13','2023-07-13','2023-07-13 06:41:48','2023-11-21 11:21:08'),(414,'20222','Agustus',785,960,37,NULL,'Diterima',NULL,292,'2023-07-13','2023-07-13','2023-07-13 06:41:51','2023-11-21 11:21:08'),(415,'20222','Agustus',421,646,37,NULL,'Diterima',NULL,292,'2023-07-13','2023-07-13','2023-07-13 06:41:59','2023-11-21 11:21:08'),(416,'20222','Agustus',406,633,37,NULL,'Diterima',NULL,292,'2023-07-13','2023-07-13','2023-07-13 06:42:04','2023-11-21 11:21:08'),(417,'20222','Agustus',414,640,37,NULL,'Diterima',NULL,292,'2023-07-13','2023-07-13','2023-07-13 06:42:11','2023-11-21 11:21:08'),(418,'20222','Agustus',371,610,37,NULL,'Diterima',NULL,292,'2023-07-13','2023-07-13','2023-07-13 06:42:17','2023-11-21 11:21:08'),(419,'20222','Agustus',415,641,37,NULL,'Diterima',NULL,292,'2023-07-13','2023-07-13','2023-07-13 06:42:22','2023-11-21 11:21:08'),(420,'20222','Agustus',381,617,37,NULL,'Diterima',NULL,292,'2023-07-13','2023-07-13','2023-07-13 06:42:31','2023-11-21 11:21:08'),(421,'20222','Agustus',423,648,37,NULL,'Diterima',NULL,292,'2023-07-13','2023-07-13','2023-07-13 06:42:41','2023-11-21 11:21:08'),(422,'20222','Agustus',404,928,37,NULL,'Diterima',NULL,292,'2023-07-13','2023-07-13','2023-07-13 06:42:44','2023-11-21 11:21:08'),(423,'20222','Agustus',427,651,37,NULL,'Menunggu Verifikasi',NULL,292,'2023-07-13','2023-07-21','2023-07-13 06:42:53','2023-11-21 11:21:08'),(424,'20222','Agustus',369,609,37,NULL,'Diterima',NULL,292,'2023-07-13','2023-07-13','2023-07-13 06:42:56','2023-11-21 11:21:08'),(425,'20222','Agustus',409,636,37,NULL,'Diterima',NULL,292,'2023-07-13','2023-07-13','2023-07-13 06:43:04','2023-11-21 11:21:08'),(426,'20222','Agustus',376,614,37,NULL,'Diterima',NULL,292,'2023-07-13','2023-07-13','2023-07-13 06:43:08','2023-11-21 11:21:08'),(427,'20222','Agustus',430,654,37,NULL,'Diterima',NULL,292,'2023-07-13','2023-07-13','2023-07-13 06:43:14','2023-11-21 11:21:08'),(428,'20222','Agustus',366,916,37,NULL,'Diterima',NULL,292,'2023-07-13','2023-07-13','2023-07-13 06:43:43','2023-11-21 11:21:08'),(429,'20222','Agustus',405,632,37,NULL,'Diterima',NULL,292,'2023-07-13','2023-07-13','2023-07-13 06:49:36','2023-11-21 11:21:08'),(430,'20222','Agustus',386,923,37,NULL,'Diterima',NULL,292,'2023-07-13','2023-07-13','2023-07-13 06:57:31','2023-11-21 11:21:08'),(431,'20222','Agustus',387,924,37,NULL,'Diterima',NULL,292,'2023-07-13','2023-07-13','2023-07-13 06:57:44','2023-11-21 11:21:08'),(432,'20222','Agustus',384,618,37,NULL,'Diterima',NULL,292,'2023-07-13','2023-07-13','2023-07-13 07:11:34','2023-11-21 11:21:08'),(433,'20222','Agustus',374,612,37,NULL,'Diterima',NULL,292,'2023-07-13','2023-07-13','2023-07-13 07:12:07','2023-11-21 11:21:08'),(434,'20222','Agustus',665,778,37,NULL,'Diterima',NULL,292,'2023-07-13','2023-07-13','2023-07-13 07:16:46','2023-11-21 11:21:08'),(435,'20222','Agustus',296,529,37,NULL,'Diterima',NULL,292,'2023-07-13','2023-07-13','2023-07-13 07:17:03','2023-11-21 11:21:08'),(436,'20222','Agustus',302,534,37,NULL,'Diterima',NULL,292,'2023-07-13','2023-07-13','2023-07-13 07:17:23','2023-11-21 11:21:08'),(437,'20222','Agustus',298,530,37,NULL,'Diterima',NULL,292,'2023-07-13','2023-07-13','2023-07-13 07:17:35','2023-11-21 11:21:08'),(438,'20222','Agustus',299,531,37,NULL,'Diterima',NULL,292,'2023-07-13','2023-07-13','2023-07-13 07:17:50','2023-11-21 11:21:08'),(439,'20222','Agustus',300,532,37,NULL,'Diterima',NULL,292,'2023-07-13','2023-07-13','2023-07-13 07:18:02','2023-11-21 11:21:08'),(440,'20222','Agustus',301,533,37,NULL,'Diterima',NULL,292,'2023-07-13','2023-07-13','2023-07-13 07:18:26','2023-11-21 11:21:08'),(441,'20222','Agustus',322,548,37,NULL,'Diterima',NULL,292,'2023-07-13','2023-07-13','2023-07-13 07:18:46','2023-11-21 11:21:08'),(442,'20222','Agustus',333,557,37,NULL,'Diterima',NULL,292,'2023-07-13','2023-07-13','2023-07-13 07:18:59','2023-11-21 11:21:08'),(443,'20222','Agustus',337,561,37,NULL,'Diterima',NULL,292,'2023-07-13','2023-07-13','2023-07-13 07:19:56','2023-11-21 11:21:08'),(444,'20222','Agustus',341,564,37,NULL,'Diterima',NULL,292,'2023-07-13','2023-07-13','2023-07-13 07:26:04','2023-11-21 11:21:08'),(445,'20222','Agustus',342,565,37,NULL,'Diterima',NULL,292,'2023-07-13','2023-07-13','2023-07-13 07:26:29','2023-11-21 11:21:08'),(446,'20222','Agustus',377,914,37,NULL,'Diterima',NULL,292,'2023-07-13','2023-07-13','2023-07-13 07:26:40','2023-11-21 11:21:08'),(447,'20222','Agustus',678,786,37,NULL,'Diterima',NULL,292,'2023-07-13','2023-07-13','2023-07-13 07:26:43','2023-11-21 11:21:08'),(448,'20222','Agustus',664,777,37,NULL,'Diterima',NULL,292,'2023-07-13','2023-07-13','2023-07-13 07:26:54','2023-11-21 11:21:08'),(449,'20222','Agustus',370,919,37,NULL,'Diterima',NULL,292,'2023-07-13','2023-07-13','2023-07-13 07:26:55','2023-11-21 11:21:08'),(450,'20222','Agustus',638,753,37,NULL,'Menunggu Verifikasi',NULL,292,'2023-07-13','2023-07-21','2023-07-13 07:27:07','2023-11-21 11:21:08'),(451,'20222','Agustus',398,627,37,NULL,'Diterima',NULL,292,'2023-07-13','2023-07-13','2023-07-13 07:27:09','2023-11-21 11:21:08'),(452,'20222','Agustus',659,773,37,NULL,'Diterima',NULL,292,'2023-07-13','2023-07-13','2023-07-13 07:27:31','2023-11-21 11:21:08'),(453,'20222','Agustus',651,765,37,NULL,'Diterima',NULL,292,'2023-07-13','2023-07-13','2023-07-13 07:27:48','2023-11-21 11:21:08'),(454,'20222','Agustus',375,613,37,NULL,'Diterima',NULL,292,'2023-07-13','2023-07-13','2023-07-13 07:27:52','2023-11-21 11:21:08'),(455,'20222','Agustus',653,767,37,NULL,'Diterima',NULL,292,'2023-07-13','2023-07-13','2023-07-13 07:28:03','2023-11-21 11:21:08'),(456,'20222','Agustus',367,917,37,NULL,'Diterima',NULL,292,'2023-07-13','2023-07-13','2023-07-13 07:28:04','2023-11-21 11:21:08'),(457,'20222','Agustus',396,626,37,NULL,'Diterima',NULL,292,'2023-07-13','2023-07-13','2023-07-13 07:28:16','2023-11-21 11:21:08'),(458,'20222','Agustus',380,616,37,NULL,'Diterima',NULL,292,'2023-07-13','2023-07-13','2023-07-13 07:28:29','2023-11-21 11:21:08'),(459,'20222','Agustus',395,625,37,NULL,'Diterima',NULL,292,'2023-07-13','2023-07-13','2023-07-13 07:28:41','2023-11-21 11:21:08'),(460,'20222','Agustus',372,920,37,NULL,'Diterima',NULL,292,'2023-07-13','2023-07-13','2023-07-13 07:28:54','2023-11-21 11:21:08'),(461,'20222','Agustus',363,608,37,NULL,'Diterima',NULL,292,'2023-07-13','2023-07-13','2023-07-13 07:29:06','2023-11-21 11:21:08'),(462,'20222','Agustus',383,922,37,NULL,'Diterima',NULL,292,'2023-07-13','2023-07-13','2023-07-13 07:29:18','2023-11-21 11:21:08'),(463,'20222','Agustus',378,921,37,NULL,'Diterima',NULL,292,'2023-07-13','2023-07-13','2023-07-13 07:29:37','2023-11-21 11:21:08'),(464,'20222','Agustus',128,388,37,NULL,'Diterima',NULL,292,'2023-07-13','2023-07-13','2023-07-13 07:29:51','2023-11-21 11:21:08'),(465,'20222','Agustus',670,781,37,NULL,'Diterima',NULL,292,'2023-07-13','2023-07-13','2023-07-13 07:30:00','2023-11-21 11:21:08'),(466,'20222','Agustus',639,754,37,NULL,'Diterima',NULL,292,'2023-07-13','2023-07-13','2023-07-13 07:30:11','2023-11-21 11:21:08'),(467,'20222','Agustus',674,783,37,NULL,'Menunggu Verifikasi',NULL,292,'2023-07-13','2023-07-17','2023-07-13 07:30:21','2023-11-21 11:21:08'),(468,'20222','Agustus',672,940,37,NULL,'Diterima',NULL,292,'2023-07-13','2023-07-13','2023-07-13 07:31:08','2023-11-21 11:21:08'),(469,'20222','Agustus',637,752,37,NULL,'Diterima',NULL,292,'2023-07-13','2023-07-13','2023-07-13 07:31:16','2023-11-21 11:21:08'),(470,'20222','Agustus',669,780,37,NULL,'Menunggu Verifikasi',NULL,292,'2023-07-13','2023-07-25','2023-07-13 07:31:26','2023-11-21 11:21:08'),(471,'20222','Agustus',633,749,37,NULL,'Diterima',NULL,292,'2023-07-13','2023-07-13','2023-07-13 07:31:29','2023-11-21 11:21:08'),(472,'20222','Agustus',673,941,37,NULL,'Menunggu Verifikasi',NULL,292,'2023-07-13','2023-07-24','2023-07-13 07:31:41','2023-11-21 11:21:08'),(473,'20222','Agustus',668,779,37,NULL,'Menunggu Verifikasi',NULL,292,'2023-07-13','2023-07-17','2023-07-13 07:31:52','2023-11-21 11:21:08'),(474,'20222','Agustus',671,782,37,NULL,'Diterima',NULL,292,'2023-07-13','2023-07-13','2023-07-13 07:32:02','2023-11-21 11:21:08'),(475,'20222','Agustus',680,787,37,NULL,'Diterima',NULL,292,'2023-07-13','2023-07-13','2023-07-13 07:32:19','2023-11-21 11:21:08'),(476,'20222','Agustus',612,733,37,NULL,'Diterima',NULL,292,'2023-07-13','2023-07-13','2023-07-13 07:32:24','2023-11-21 11:21:08'),(477,'20222','Agustus',627,744,37,NULL,'Diterima',NULL,292,'2023-07-13','2023-07-13','2023-07-13 07:32:35','2023-11-21 11:21:08'),(478,'20222','Agustus',624,937,37,NULL,'Diterima',NULL,292,'2023-07-13','2023-07-13','2023-07-13 07:32:49','2023-11-21 11:21:08'),(479,'20222','Agustus',634,750,37,NULL,'Diterima',NULL,292,'2023-07-13','2023-07-13','2023-07-13 07:33:02','2023-11-21 11:21:08'),(480,'20222','Agustus',596,720,37,NULL,'Diterima',NULL,292,'2023-07-13','2023-07-13','2023-07-13 07:33:24','2023-11-21 11:21:08'),(481,'20222','Agustus',610,731,37,NULL,'Diterima',NULL,292,'2023-07-13','2023-07-13','2023-07-13 07:33:37','2023-11-21 11:21:08'),(482,'20222','Agustus',599,722,37,NULL,'Diterima',NULL,292,'2023-07-13','2023-07-13','2023-07-13 07:33:50','2023-11-21 11:21:08'),(483,'20222','Agustus',602,724,37,NULL,'Diterima',NULL,292,'2023-07-13','2023-07-13','2023-07-13 07:34:01','2023-11-21 11:21:08'),(484,'20222','Agustus',606,728,37,NULL,'Diterima',NULL,292,'2023-07-13','2023-07-13','2023-07-13 07:34:14','2023-11-21 11:21:08'),(485,'20222','Agustus',628,745,37,NULL,'Diterima',NULL,292,'2023-07-13','2023-07-13','2023-07-13 07:34:26','2023-11-21 11:21:08'),(486,'20222','Agustus',620,740,37,NULL,'Diterima',NULL,292,'2023-07-13','2023-07-13','2023-07-13 07:34:37','2023-11-21 11:21:08'),(487,'20222','Agustus',600,723,37,NULL,'Diterima',NULL,292,'2023-07-13','2023-07-13','2023-07-13 07:35:06','2023-11-21 11:21:08'),(488,'20222','Agustus',605,727,37,NULL,'Diterima',NULL,292,'2023-07-13','2023-07-13','2023-07-13 07:35:21','2023-11-21 11:21:08'),(489,'20222','Agustus',86,358,37,NULL,'Diterima',NULL,292,'2023-07-13','2023-07-13','2023-07-13 07:36:27','2023-11-21 11:21:08'),(490,'20222','Agustus',87,957,37,NULL,'Diterima',NULL,292,'2023-07-13','2023-07-13','2023-07-13 07:36:41','2023-11-21 11:21:08'),(491,'20222','Agustus',91,958,37,NULL,'Diterima',NULL,292,'2023-07-13','2023-07-13','2023-07-13 07:36:54','2023-11-21 11:21:08'),(492,'20222','Agustus',362,607,37,NULL,'Diterima',NULL,292,'2023-07-13','2023-07-13','2023-07-13 07:37:08','2023-11-21 11:21:08'),(493,'20222','Agustus',94,959,37,NULL,'Diterima',NULL,292,'2023-07-13','2023-07-13','2023-07-13 07:37:19','2023-11-21 11:21:08'),(494,'20222','Agustus',97,365,37,NULL,'Diterima',NULL,292,'2023-07-13','2023-07-13','2023-07-13 07:37:32','2023-11-21 11:21:08'),(495,'20222','Agustus',181,582,37,NULL,'Diterima',NULL,292,'2023-07-13','2023-07-13','2023-07-13 07:37:48','2023-11-21 11:21:08'),(496,'20222','Agustus',594,718,37,NULL,'Diterima',NULL,292,'2023-07-13','2023-07-13','2023-07-13 07:39:52','2023-11-21 11:21:08'),(497,'20222','Agustus',604,726,37,NULL,'Diterima',NULL,292,'2023-07-13','2023-07-13','2023-07-13 07:40:04','2023-11-21 11:21:08'),(498,'20222','Agustus',609,730,37,NULL,'Diterima',NULL,292,'2023-07-13','2023-07-13','2023-07-13 07:40:15','2023-11-21 11:21:08'),(499,'20222','Agustus',613,734,37,NULL,'Diterima',NULL,292,'2023-07-13','2023-07-13','2023-07-13 07:43:27','2023-11-21 11:21:08'),(500,'20222','Agustus',644,759,37,NULL,'Diterima',NULL,292,'2023-07-13','2023-07-13','2023-07-13 07:43:34','2023-11-21 11:21:08'),(501,'20222','Agustus',614,735,37,NULL,'Diterima',NULL,292,'2023-07-13','2023-07-13','2023-07-13 07:43:40','2023-11-21 11:21:08'),(502,'20222','Agustus',655,769,37,NULL,'Diterima',NULL,292,'2023-07-13','2023-07-13','2023-07-13 07:43:47','2023-11-21 11:21:08'),(503,'20222','Agustus',621,741,37,NULL,'Diterima',NULL,292,'2023-07-13','2023-07-13','2023-07-13 07:43:53','2023-11-21 11:21:08'),(504,'20222','Agustus',648,762,37,NULL,'Diterima',NULL,292,'2023-07-13','2023-07-13','2023-07-13 07:43:55','2023-11-21 11:21:08'),(505,'20222','Agustus',630,746,37,NULL,'Diterima',NULL,292,'2023-07-13','2023-07-13','2023-07-13 07:44:04','2023-11-21 11:21:08'),(506,'20222','Agustus',619,739,37,NULL,'Diterima',NULL,292,'2023-07-13','2023-07-13','2023-07-13 07:44:17','2023-11-21 11:21:08'),(507,'20222','Agustus',656,770,37,NULL,'Menunggu Verifikasi',NULL,292,'2023-07-13','2023-07-18','2023-07-13 07:44:17','2023-11-21 11:21:08'),(508,'20222','Agustus',641,756,37,NULL,'Menunggu Verifikasi',NULL,292,'2023-07-13','2023-07-25','2023-07-13 07:44:30','2023-11-21 11:21:08'),(509,'20222','Agustus',660,939,37,NULL,'Diterima',NULL,292,'2023-07-13','2023-07-13','2023-07-13 07:45:18','2023-11-21 11:21:08'),(510,'20222','Agustus',759,830,37,NULL,'Diterima',NULL,292,'2023-07-13','2023-07-13','2023-07-13 07:48:08','2023-11-21 11:21:08'),(511,'20222','Agustus',654,768,37,NULL,'Diterima',NULL,292,'2023-07-13','2023-07-13','2023-07-13 07:48:14','2023-11-21 11:21:08'),(512,'20222','Agustus',650,764,37,NULL,'Diterima',NULL,292,'2023-07-13','2023-07-13','2023-07-13 07:48:26','2023-11-21 11:21:08'),(513,'20222','Agustus',675,784,37,NULL,'Diterima',NULL,292,'2023-07-13','2023-07-13','2023-07-13 07:48:36','2023-11-21 11:21:08'),(514,'20222','Agustus',755,951,37,NULL,'Diterima',NULL,292,'2023-07-13','2023-07-13','2023-07-13 07:48:39','2023-11-21 11:21:08'),(515,'20222','Agustus',661,774,37,NULL,'Diterima',NULL,292,'2023-07-13','2023-07-13','2023-07-13 07:48:48','2023-11-21 11:21:08'),(516,'20222','Agustus',658,772,37,NULL,'Diterima',NULL,292,'2023-07-13','2023-07-13','2023-07-13 07:48:56','2023-11-21 11:21:08'),(517,'20222','Agustus',657,771,37,NULL,'Menunggu Verifikasi',NULL,292,'2023-07-13','2023-07-17','2023-07-13 07:49:07','2023-11-21 11:21:08'),(518,'20222','Agustus',728,810,37,NULL,'Diterima',NULL,292,'2023-07-13','2023-07-13','2023-07-13 07:49:34','2023-11-21 11:21:08'),(519,'20222','Agustus',778,956,37,NULL,'Diterima',NULL,292,'2023-07-13','2023-07-13','2023-07-13 07:49:38','2023-11-21 11:21:08'),(520,'20222','Agustus',663,776,37,NULL,'Diterima',NULL,292,'2023-07-13','2023-07-13','2023-07-13 07:49:51','2023-11-21 11:21:08'),(521,'20222','Agustus',652,766,37,NULL,'Diterima',NULL,292,'2023-07-13','2023-07-13','2023-07-13 07:49:59','2023-11-21 11:21:08'),(522,'20222','Agustus',646,760,37,NULL,'Diterima',NULL,292,'2023-07-13','2023-07-13','2023-07-13 07:50:08','2023-11-21 11:21:08'),(523,'20222','Agustus',589,714,37,NULL,'Ditolak','aa',292,'2023-07-13','2023-07-14','2023-07-13 07:50:12','2023-11-21 11:21:08'),(524,'20222','Agustus',643,758,37,NULL,'Diterima',NULL,292,'2023-07-13','2023-07-13','2023-07-13 07:50:16','2023-11-21 11:21:08'),(525,'20222','Agustus',640,755,37,NULL,'Diterima',NULL,292,'2023-07-13','2023-07-13','2023-07-13 07:50:27','2023-11-21 11:21:08'),(526,'20222','Agustus',590,715,37,NULL,'Ditolak',NULL,292,'2023-07-13','2023-07-14','2023-07-13 07:50:33','2023-11-21 11:21:08'),(527,'20222','Agustus',662,775,37,NULL,'Diterima',NULL,292,'2023-07-13','2023-07-13','2023-07-13 07:50:38','2023-11-21 11:21:08'),(528,'20222','Agustus',770,955,37,NULL,'Menunggu Verifikasi',NULL,292,'2023-07-13','2023-07-24','2023-07-13 07:50:50','2023-11-21 11:21:08'),(529,'20222','Agustus',642,757,37,NULL,'Diterima',NULL,292,'2023-07-13','2023-07-13','2023-07-13 07:51:08','2023-11-21 11:21:08'),(530,'20222','Agustus',767,837,37,NULL,'Diterima',NULL,292,'2023-07-13','2023-07-13','2023-07-13 07:51:11','2023-11-21 11:21:08'),(531,'20222','Agustus',649,763,37,NULL,'Diterima',NULL,292,'2023-07-13','2023-07-13','2023-07-13 07:51:17','2023-11-21 11:21:08'),(532,'20222','Agustus',647,761,37,NULL,'Menunggu Verifikasi',NULL,292,'2023-07-13','2023-07-17','2023-07-13 07:51:26','2023-11-21 11:21:08'),(533,'20222','Agustus',591,935,37,NULL,'Ditolak',NULL,292,'2023-07-13','2023-07-14','2023-07-13 07:51:29','2023-11-21 11:21:08'),(534,'20222','Agustus',677,785,37,NULL,'Diterima',NULL,292,'2023-07-13','2023-07-13','2023-07-13 07:51:34','2023-11-21 11:21:08'),(535,'20222','Agustus',777,841,37,NULL,'Diterima',NULL,292,'2023-07-13','2023-07-13','2023-07-13 07:51:45','2023-11-21 11:21:08'),(536,'20222','Agustus',762,953,37,NULL,'Menunggu Verifikasi',NULL,292,'2023-07-13','2023-07-18','2023-07-13 07:51:45','2023-11-21 11:21:08'),(537,'20222','Agustus',773,840,37,NULL,'Diterima',NULL,292,'2023-07-13','2023-07-13','2023-07-13 07:52:05','2023-11-21 11:21:08'),(538,'20222','Agustus',764,834,37,NULL,'Menunggu Verifikasi',NULL,292,'2023-07-13','2023-07-18','2023-07-13 07:52:47','2023-11-21 11:21:08'),(539,'20222','Agustus',768,954,37,NULL,'Diterima',NULL,292,'2023-07-13','2023-07-13','2023-07-13 07:53:13','2023-11-21 11:21:08'),(540,'20222','Agustus',760,831,37,NULL,'Diterima',NULL,292,'2023-07-13','2023-07-13','2023-07-13 07:53:38','2023-11-21 11:21:08'),(541,'20222','Agustus',748,823,37,NULL,'Diterima',NULL,292,'2023-07-13','2023-07-13','2023-07-13 07:54:04','2023-11-21 11:21:08'),(542,'20222','Agustus',765,835,37,NULL,'Menunggu Verifikasi',NULL,292,'2023-07-13','2023-07-25','2023-07-13 07:54:23','2023-11-21 11:21:08'),(543,'20222','Agustus',749,824,37,NULL,'Menunggu Verifikasi',NULL,292,'2023-07-13','2023-07-27','2023-07-13 07:54:54','2023-11-21 11:21:08'),(544,'20222','Agustus',741,817,37,NULL,'Diterima',NULL,292,'2023-07-13','2023-07-13','2023-07-13 07:55:10','2023-11-21 11:21:08'),(545,'20222','Agustus',729,947,37,NULL,'Diterima',NULL,292,'2023-07-13','2023-07-13','2023-07-13 07:55:28','2023-11-21 11:21:08'),(546,'20222','Agustus',746,822,37,NULL,'Menunggu Verifikasi',NULL,292,'2023-07-13','2023-07-18','2023-07-13 07:55:49','2023-11-21 11:21:08'),(547,'20222','Agustus',772,839,37,NULL,'Diterima',NULL,292,'2023-07-13','2023-07-13','2023-07-13 07:56:07','2023-11-21 11:21:08'),(548,'20222','Agustus',732,948,37,NULL,'Diterima',NULL,292,'2023-07-13','2023-07-13','2023-07-13 07:56:26','2023-11-21 11:21:08'),(549,'20222','Agustus',766,836,37,NULL,'Diterima',NULL,292,'2023-07-13','2023-07-13','2023-07-13 07:57:06','2023-11-21 11:21:08'),(550,'20222','Agustus',750,825,37,NULL,'Diterima',NULL,292,'2023-07-13','2023-07-13','2023-07-13 07:57:26','2023-11-21 11:21:08'),(551,'20222','Agustus',753,828,37,NULL,'Diterima',NULL,292,'2023-07-13','2023-07-13','2023-07-13 07:57:44','2023-11-21 11:21:08'),(552,'20222','Agustus',761,832,37,NULL,'Menunggu Verifikasi',NULL,292,'2023-07-13','2023-07-26','2023-07-13 07:58:08','2023-11-21 11:21:08'),(553,'20222','Agustus',744,820,37,NULL,'Diterima',NULL,292,'2023-07-13','2023-07-13','2023-07-13 07:59:30','2023-11-21 11:21:08'),(554,'20222','Agustus',739,815,37,NULL,'Diterima',NULL,292,'2023-07-13','2023-07-13','2023-07-13 07:59:51','2023-11-21 11:21:08'),(555,'20222','Agustus',769,838,37,NULL,'Diterima',NULL,292,'2023-07-13','2023-07-13','2023-07-13 08:00:11','2023-11-21 11:21:08'),(556,'20222','Agustus',743,819,37,NULL,'Menunggu Verifikasi',NULL,292,'2023-07-13','2023-07-25','2023-07-13 08:00:28','2023-11-21 11:21:08'),(557,'20222','Agustus',745,821,37,NULL,'Diterima',NULL,292,'2023-07-13','2023-07-13','2023-07-13 08:00:48','2023-11-21 11:21:08'),(558,'20222','Agustus',611,732,37,NULL,'Diterima',NULL,292,'2023-07-13','2023-07-13','2023-07-13 08:00:50','2023-11-21 11:21:08'),(559,'20222','Agustus',616,737,37,NULL,'Diterima',NULL,292,'2023-07-13','2023-07-13','2023-07-13 08:01:02','2023-11-21 11:21:08'),(560,'20222','Agustus',631,747,37,NULL,'Diterima',NULL,292,'2023-07-13','2023-07-13','2023-07-13 08:01:12','2023-11-21 11:21:08'),(561,'20222','Agustus',735,812,37,NULL,'Menunggu Verifikasi',NULL,292,'2023-07-13','2023-07-27','2023-07-13 08:01:23','2023-11-21 11:21:08'),(562,'20222','Agustus',632,748,37,NULL,'Diterima',NULL,292,'2023-07-13','2023-07-13','2023-07-13 08:01:26','2023-11-21 11:21:08'),(563,'20222','Agustus',738,949,37,NULL,'Diterima',NULL,292,'2023-07-13','2023-07-13','2023-07-13 08:01:48','2023-11-21 11:21:08'),(564,'20222','Agustus',740,816,37,NULL,'Diterima',NULL,292,'2023-07-13','2023-07-13','2023-07-13 08:02:11','2023-11-21 11:21:08'),(565,'20222','Agustus',603,725,37,NULL,'Diterima',NULL,292,'2023-07-13','2023-07-13','2023-07-13 08:03:04','2023-11-21 11:21:08'),(566,'20222','Agustus',595,719,37,NULL,'Diterima',NULL,292,'2023-07-13','2023-07-13','2023-07-13 08:03:29','2023-11-21 11:21:08'),(567,'20222','Agustus',756,952,37,NULL,'Menunggu Verifikasi',NULL,292,'2023-07-13','2023-07-24','2023-07-13 08:03:32','2023-11-21 11:21:08'),(568,'20222','Agustus',592,716,37,NULL,'Diterima',NULL,292,'2023-07-13','2023-07-13','2023-07-13 08:03:40','2023-11-21 11:21:08'),(569,'20222','Agustus',763,833,37,NULL,'Diterima',NULL,292,'2023-07-13','2023-07-13','2023-07-13 08:03:49','2023-11-21 11:21:08'),(570,'20222','Agustus',601,936,37,NULL,'Diterima',NULL,292,'2023-07-13','2023-07-13','2023-07-13 08:03:51','2023-11-21 11:21:08'),(571,'20222','Agustus',593,717,37,NULL,'Diterima',NULL,292,'2023-07-13','2023-07-13','2023-07-13 08:04:06','2023-11-21 11:21:08'),(572,'20222','Agustus',625,938,37,NULL,'Diterima',NULL,292,'2023-07-13','2023-07-13','2023-07-13 08:04:19','2023-11-21 11:21:08'),(573,'20222','Agustus',730,811,37,NULL,'Diterima',NULL,292,'2023-07-13','2023-07-13','2023-07-13 08:04:33','2023-11-21 11:21:08'),(574,'20222','Agustus',754,950,37,NULL,'Diterima',NULL,292,'2023-07-13','2023-07-13','2023-07-13 08:04:50','2023-11-21 11:21:08'),(575,'20222','Agustus',597,721,37,NULL,'Diterima',NULL,292,'2023-07-13','2023-07-13','2023-07-13 08:04:51','2023-11-21 11:21:08'),(576,'20222','Agustus',623,743,37,NULL,'Diterima',NULL,292,'2023-07-13','2023-07-13','2023-07-13 08:05:04','2023-11-21 11:21:08'),(577,'20222','Agustus',622,742,37,NULL,'Diterima',NULL,292,'2023-07-13','2023-07-13','2023-07-13 08:05:16','2023-11-21 11:21:08'),(578,'20222','Agustus',617,738,37,NULL,'Diterima',NULL,292,'2023-07-13','2023-07-13','2023-07-13 08:05:30','2023-11-21 11:21:08'),(579,'20222','Agustus',731,961,37,NULL,'Diterima',NULL,292,'2023-07-13','2023-07-13','2023-07-13 08:05:51','2023-11-21 11:21:08'),(580,'20222','Agustus',742,818,37,NULL,'Diterima',NULL,292,'2023-07-13','2023-07-13','2023-07-13 08:06:09','2023-11-21 11:21:08'),(581,'20222','Agustus',737,814,37,NULL,'Menunggu Verifikasi',NULL,292,'2023-07-13','2023-07-18','2023-07-13 08:06:36','2023-11-21 11:21:08'),(582,'20222','Agustus',758,829,37,NULL,'Diterima',NULL,292,'2023-07-13','2023-07-13','2023-07-13 08:07:23','2023-11-21 11:21:08'),(583,'20222','Agustus',752,827,37,NULL,'Menunggu Verifikasi',NULL,292,'2023-07-13','2023-07-24','2023-07-13 08:07:53','2023-11-21 11:21:08'),(584,'20222','Agustus',751,826,37,NULL,'Menunggu Verifikasi',NULL,292,'2023-07-13','2023-07-18','2023-07-13 08:08:12','2023-11-21 11:21:08'),(585,'20222','Agustus',736,813,37,NULL,'Diterima',NULL,292,'2023-07-13','2023-07-13','2023-07-13 08:08:35','2023-11-21 11:21:08'),(586,'20222','Agustus',635,751,37,NULL,'Diterima',NULL,292,'2023-07-13','2023-07-13','2023-07-13 08:09:08','2023-11-21 11:21:08'),(587,'20222','Agustus',615,736,37,NULL,'Diterima',NULL,292,'2023-07-13','2023-07-13','2023-07-13 08:10:13','2023-11-21 11:21:08'),(588,'20222','Agustus',734,962,37,NULL,'Diterima',NULL,292,'2023-07-13','2023-07-13','2023-07-13 08:10:41','2023-11-21 11:21:08'),(589,'20222','Agustus',607,729,37,NULL,'Diterima',NULL,292,'2023-07-13','2023-07-13','2023-07-13 08:10:43','2023-11-21 11:21:08'),(590,'20222','Agustus',733,965,37,NULL,'Diterima',NULL,292,'2023-07-13','2023-07-13','2023-07-13 08:16:09','2023-11-21 11:21:08'),(591,'20222','Agustus',531,673,37,NULL,'Diterima',NULL,292,'2023-07-13','2023-07-13','2023-07-13 08:20:05','2023-11-21 11:21:08'),(592,'20222','Agustus',111,374,37,NULL,'Menunggu Verifikasi',NULL,292,'2023-07-13','2023-07-17','2023-07-13 08:20:56','2023-11-21 11:21:08'),(593,'20222','Agustus',171,428,37,NULL,'Ditolak','ulang',292,'2023-07-13','2023-07-13','2023-07-13 08:36:45','2023-11-21 11:21:08'),(594,'20222','Agustus',175,432,37,NULL,'Diterima',NULL,292,'2023-07-13','2023-07-13','2023-07-13 08:37:11','2023-11-21 11:21:08'),(595,'20222','Agustus',176,433,37,NULL,'Diterima',NULL,292,'2023-07-13','2023-07-13','2023-07-13 08:37:20','2023-11-21 11:21:08'),(596,'20222','Agustus',177,434,37,NULL,'Diterima',NULL,292,'2023-07-13','2023-07-13','2023-07-13 08:37:39','2023-11-21 11:21:08'),(597,'20222','Agustus',178,435,37,NULL,'Diterima',NULL,292,'2023-07-13','2023-07-13','2023-07-13 08:37:49','2023-11-21 11:21:08'),(598,'20222','Agustus',203,455,37,NULL,'Diterima',NULL,292,'2023-07-13','2023-07-13','2023-07-13 08:38:05','2023-11-21 11:21:08'),(599,'20222','Agustus',689,794,37,NULL,'Diterima',NULL,292,'2023-07-13','2023-07-13','2023-07-13 08:38:15','2023-11-21 11:21:08'),(600,'20222','Agustus',720,805,37,NULL,'Diterima',NULL,292,'2023-07-13','2023-07-13','2023-07-13 08:38:28','2023-11-21 11:21:08'),(601,'20222','Agustus',688,793,37,NULL,'Diterima',NULL,292,'2023-07-13','2023-07-13','2023-07-13 08:39:10','2023-11-21 11:21:08'),(602,'20222','Agustus',697,800,37,NULL,'Diterima',NULL,292,'2023-07-13','2023-07-13','2023-07-13 08:39:18','2023-11-21 11:21:08'),(603,'20222','Agustus',722,807,37,NULL,'Diterima',NULL,292,'2023-07-13','2023-07-13','2023-07-13 08:39:26','2023-11-21 11:21:08'),(604,'20222','Agustus',723,808,37,NULL,'Diterima',NULL,292,'2023-07-13','2023-07-13','2023-07-13 08:39:35','2023-11-21 11:21:08'),(605,'20222','Agustus',682,789,37,NULL,'Diterima',NULL,292,'2023-07-13','2023-07-13','2023-07-13 08:39:48','2023-11-21 11:21:08'),(606,'20222','Agustus',721,806,37,NULL,'Diterima',NULL,292,'2023-07-13','2023-07-13','2023-07-13 08:39:57','2023-11-21 11:21:08'),(607,'20222','Agustus',100,844,37,NULL,'Diterima',NULL,292,'2023-07-13','2023-07-13','2023-07-13 08:42:07','2023-11-21 11:21:08'),(608,'20222','Agustus',696,799,37,NULL,'Diterima',NULL,292,'2023-07-13','2023-07-13','2023-07-13 08:43:04','2023-11-21 11:21:08'),(609,'20222','Agustus',700,801,37,NULL,'Diterima',NULL,292,'2023-07-13','2023-07-13','2023-07-13 08:43:21','2023-11-21 11:21:08'),(610,'20222','Agustus',690,795,37,NULL,'Diterima',NULL,292,'2023-07-13','2023-07-13','2023-07-13 08:43:33','2023-11-21 11:21:08'),(611,'20222','Agustus',685,791,37,NULL,'Diterima',NULL,292,'2023-07-13','2023-07-13','2023-07-13 08:43:44','2023-11-21 11:21:08'),(612,'20222','Agustus',702,803,37,NULL,'Diterima',NULL,292,'2023-07-13','2023-07-13','2023-07-13 08:43:53','2023-11-21 11:21:08'),(613,'20222','Agustus',693,798,37,NULL,'Diterima',NULL,292,'2023-07-13','2023-07-13','2023-07-13 08:44:03','2023-11-21 11:21:08'),(614,'20222','Agustus',598,970,37,NULL,'Diterima',NULL,292,'2023-07-13','2023-07-13','2023-07-13 08:44:04','2023-11-21 11:21:08'),(615,'20222','Agustus',683,942,37,NULL,'Diterima',NULL,292,'2023-07-13','2023-07-13','2023-07-13 08:44:17','2023-11-21 11:21:08'),(616,'20222','Agustus',687,792,37,NULL,'Diterima',NULL,292,'2023-07-13','2023-07-13','2023-07-13 08:44:27','2023-11-21 11:21:08'),(617,'20222','Agustus',714,946,37,NULL,'Diterima',NULL,292,'2023-07-13','2023-07-13','2023-07-13 08:44:36','2023-11-21 11:21:08'),(618,'20222','Agustus',711,945,37,NULL,'Diterima',NULL,292,'2023-07-13','2023-07-13','2023-07-13 08:44:52','2023-11-21 11:21:08'),(619,'20222','Agustus',724,913,37,NULL,'Diterima',NULL,292,'2023-07-13','2023-07-13','2023-07-13 08:45:01','2023-11-21 11:21:08'),(620,'20222','Agustus',698,943,37,NULL,'Diterima',NULL,292,'2023-07-13','2023-07-13','2023-07-13 08:45:10','2023-11-21 11:21:08'),(621,'20222','Agustus',701,802,37,NULL,'Diterima',NULL,292,'2023-07-13','2023-07-13','2023-07-13 08:45:24','2023-11-21 11:21:08'),(622,'20222','Agustus',553,693,37,NULL,'Diterima',NULL,292,'2023-07-13','2023-07-13','2023-07-13 08:45:32','2023-11-21 11:21:08'),(623,'20222','Agustus',534,676,37,NULL,'Menunggu Verifikasi',NULL,292,'2023-07-13','2023-07-17','2023-07-13 08:45:57','2023-11-21 11:21:08'),(624,'20222','Agustus',545,686,37,NULL,'Diterima',NULL,292,'2023-07-13','2023-07-13','2023-07-13 08:46:18','2023-11-21 11:21:08'),(625,'20222','Agustus',608,969,37,NULL,'Diterima',NULL,292,'2023-07-13','2023-07-13','2023-07-13 08:46:36','2023-11-21 11:21:08'),(626,'20222','Agustus',530,930,37,NULL,'Menunggu Verifikasi',NULL,292,'2023-07-13','2023-07-24','2023-07-13 08:47:55','2023-11-21 11:21:08'),(627,'20222','Agustus',555,963,37,NULL,'Diterima',NULL,292,'2023-07-13','2023-07-13','2023-07-13 08:48:13','2023-11-21 11:21:08'),(628,'20222','Agustus',558,696,37,NULL,'Diterima',NULL,292,'2023-07-13','2023-07-13','2023-07-13 08:48:59','2023-11-21 11:21:08'),(629,'20222','Agustus',103,845,37,NULL,'Diterima',NULL,292,'2023-07-13','2023-07-13','2023-07-13 08:49:00','2023-11-21 11:21:08'),(630,'20222','Agustus',479,890,37,NULL,'Diterima',NULL,292,'2023-07-13','2023-07-13','2023-07-13 08:49:13','2023-11-21 11:21:08'),(631,'20222','Agustus',438,853,37,NULL,'Diterima',NULL,292,'2023-07-13','2023-07-13','2023-07-13 08:49:24','2023-11-21 11:21:08'),(632,'20222','Agustus',726,809,37,NULL,'Menunggu Verifikasi',NULL,292,'2023-07-13','2023-07-18','2023-07-13 08:49:29','2023-11-21 11:21:08'),(633,'20222','Agustus',141,966,37,NULL,'Diterima',NULL,292,'2023-07-13','2023-07-13','2023-07-13 08:49:29','2023-11-21 11:21:08'),(634,'20222','Agustus',691,796,37,NULL,'Diterima',NULL,292,'2023-07-13','2023-07-13','2023-07-13 08:49:37','2023-11-21 11:21:08'),(635,'20222','Agustus',450,864,37,NULL,'Diterima',NULL,292,'2023-07-13','2023-07-13','2023-07-13 08:49:40','2023-11-21 11:21:08'),(636,'20222','Agustus',477,889,37,NULL,'Diterima',NULL,292,'2023-07-13','2023-07-13','2023-07-13 08:49:51','2023-11-21 11:21:08'),(637,'20222','Agustus',705,804,37,NULL,'Diterima',NULL,292,'2023-07-13','2023-07-13','2023-07-13 08:50:00','2023-11-21 11:21:08'),(638,'20222','Agustus',446,860,37,NULL,'Diterima',NULL,292,'2023-07-13','2023-07-13','2023-07-13 08:50:14','2023-11-21 11:21:08'),(639,'20222','Agustus',681,788,37,NULL,'Diterima',NULL,292,'2023-07-13','2023-07-13','2023-07-13 08:50:36','2023-11-21 11:21:08'),(640,'20222','Agustus',684,790,37,NULL,'Diterima',NULL,292,'2023-07-13','2023-07-13','2023-07-13 08:50:45','2023-11-21 11:21:08'),(641,'20222','Agustus',692,797,37,NULL,'Diterima',NULL,292,'2023-07-13','2023-07-13','2023-07-13 08:50:55','2023-11-21 11:21:08'),(642,'20222','Agustus',522,667,37,NULL,'Diterima',NULL,292,'2023-07-13','2023-07-13','2023-07-13 08:51:11','2023-11-21 11:21:08'),(643,'20222','Agustus',528,843,37,NULL,'Diterima',NULL,292,'2023-07-13','2023-07-13','2023-07-13 08:51:17','2023-11-21 11:21:08'),(644,'20222','Agustus',527,670,37,NULL,'Diterima',NULL,292,'2023-07-13','2023-07-13','2023-07-13 08:51:37','2023-11-21 11:21:08'),(645,'20222','Agustus',515,661,37,NULL,'Menunggu Verifikasi',NULL,292,'2023-07-13','2023-07-17','2023-07-13 08:51:43','2023-11-21 11:21:08'),(646,'20222','Agustus',510,659,37,NULL,'Diterima',NULL,292,'2023-07-13','2023-07-13','2023-07-13 08:51:52','2023-11-21 11:21:08'),(647,'20222','Agustus',506,656,37,NULL,'Diterima',NULL,292,'2023-07-13','2023-07-13','2023-07-13 08:51:57','2023-11-21 11:21:08'),(648,'20222','Agustus',517,663,37,NULL,'Diterima',NULL,292,'2023-07-13','2023-07-13','2023-07-13 08:52:03','2023-11-21 11:21:08'),(649,'20222','Agustus',636,971,37,NULL,'Diterima',NULL,292,'2023-07-13','2023-07-13','2023-07-13 08:52:15','2023-11-21 11:21:08'),(650,'20222','Agustus',521,666,37,NULL,'Diterima',NULL,292,'2023-07-13','2023-07-13','2023-07-13 08:52:25','2023-11-21 11:21:08'),(651,'20222','Agustus',518,664,37,NULL,'Diterima',NULL,292,'2023-07-13','2023-07-13','2023-07-13 08:52:30','2023-11-21 11:21:08'),(652,'20222','Agustus',516,662,37,NULL,'Diterima',NULL,292,'2023-07-13','2023-07-13','2023-07-13 08:52:38','2023-11-21 11:21:08'),(653,'20222','Agustus',540,681,37,NULL,'Diterima',NULL,292,'2023-07-13','2023-07-13','2023-07-13 08:52:39','2023-11-21 11:21:08'),(654,'20222','Agustus',779,972,37,NULL,'Menunggu Verifikasi',NULL,292,'2023-07-13','2023-07-18','2023-07-13 08:52:44','2023-11-21 11:21:08'),(655,'20222','Agustus',526,669,37,NULL,'Diterima',NULL,292,'2023-07-13','2023-07-13','2023-07-13 08:52:46','2023-11-21 11:21:08'),(656,'20222','Agustus',507,657,37,NULL,'Diterima',NULL,292,'2023-07-13','2023-07-13','2023-07-13 08:52:55','2023-11-21 11:21:08'),(657,'20222','Agustus',544,685,37,NULL,'Diterima',NULL,292,'2023-07-13','2023-07-13','2023-07-13 08:52:56','2023-11-21 11:21:08'),(658,'20222','Agustus',520,665,37,NULL,'Diterima',NULL,292,'2023-07-13','2023-07-13','2023-07-13 08:53:04','2023-11-21 11:21:08'),(659,'20222','Agustus',538,679,37,NULL,'Diterima',NULL,292,'2023-07-13','2023-07-13','2023-07-13 08:53:13','2023-11-21 11:21:08'),(660,'20222','Agustus',567,934,37,NULL,'Diterima',NULL,292,'2023-07-13','2023-07-13','2023-07-13 08:53:34','2023-11-21 11:21:08'),(661,'20222','Agustus',557,933,37,NULL,'Diterima',NULL,292,'2023-07-13','2023-07-13','2023-07-13 08:53:48','2023-11-21 11:21:08'),(662,'20222','Agustus',618,967,37,NULL,'Diterima',NULL,292,'2023-07-13','2023-07-13','2023-07-13 08:53:52','2023-11-21 11:21:08'),(663,'20222','Agustus',578,709,37,NULL,'Diterima',NULL,292,'2023-07-13','2023-07-13','2023-07-13 08:54:17','2023-11-21 11:21:08'),(664,'20222','Agustus',509,658,37,NULL,'Diterima',NULL,292,'2023-07-13','2023-07-13','2023-07-13 08:54:28','2023-11-21 11:21:08'),(665,'20222','Agustus',554,694,37,NULL,'Diterima',NULL,292,'2023-07-13','2023-07-13','2023-07-13 08:54:38','2023-11-21 11:21:08'),(666,'20222','Agustus',525,668,37,NULL,'Diterima',NULL,292,'2023-07-13','2023-07-13','2023-07-13 08:54:41','2023-11-21 11:21:08'),(667,'20222','Agustus',512,660,37,NULL,'Diterima',NULL,292,'2023-07-13','2023-07-13','2023-07-13 08:54:49','2023-11-21 11:21:08'),(668,'20222','Agustus',747,973,37,NULL,'Menunggu Verifikasi',NULL,292,'2023-07-13','2023-07-27','2023-07-13 08:55:13','2023-11-21 11:21:08'),(669,'20222','Agustus',549,690,37,NULL,'Diterima',NULL,292,'2023-07-13','2023-07-13','2023-07-13 08:55:31','2023-11-21 11:21:08'),(670,'20222','Agustus',529,672,37,NULL,'Diterima',NULL,292,'2023-07-13','2023-07-13','2023-07-13 08:55:46','2023-11-21 11:21:08'),(671,'20222','Agustus',550,932,37,NULL,'Diterima',NULL,292,'2023-07-13','2023-07-13','2023-07-13 08:56:00','2023-11-21 11:21:08'),(672,'20222','Agustus',289,524,37,NULL,'Diterima',NULL,292,'2023-07-13','2023-07-13','2023-07-13 08:56:12','2023-11-21 11:21:08'),(673,'20222','Agustus',361,606,37,NULL,'Diterima',NULL,292,'2023-07-13','2023-07-13','2023-07-13 08:56:29','2023-11-21 11:21:08'),(674,'20222','Agustus',290,525,37,NULL,'Diterima',NULL,292,'2023-07-13','2023-07-13','2023-07-13 08:56:48','2023-11-21 11:21:08'),(675,'20222','Agustus',291,526,37,NULL,'Diterima',NULL,292,'2023-07-13','2023-07-13','2023-07-13 08:56:58','2023-11-21 11:21:08'),(676,'20222','Agustus',536,678,37,NULL,'Diterima',NULL,292,'2023-07-13','2023-07-13','2023-07-13 08:57:08','2023-11-21 11:21:08'),(677,'20222','Agustus',121,383,37,NULL,'Ditolak',NULL,292,'2023-07-13','2023-07-13','2023-07-13 08:57:10','2023-11-21 11:21:08'),(678,'20222','Agustus',292,527,37,NULL,'Diterima',NULL,292,'2023-07-13','2023-07-13','2023-07-13 08:57:14','2023-11-21 11:21:08'),(679,'20222','Agustus',563,700,37,NULL,'Diterima',NULL,292,'2023-07-13','2023-07-13','2023-07-13 08:57:27','2023-11-21 11:21:08'),(680,'20222','Agustus',98,577,37,NULL,'Ditolak','tunda sidang',292,'2023-07-13','2023-07-13','2023-07-13 08:57:32','2023-11-21 11:21:08'),(681,'20222','Agustus',149,408,37,NULL,'Ditolak',NULL,292,'2023-07-13','2023-07-13','2023-07-13 08:57:33','2023-11-21 11:21:08'),(682,'20222','Agustus',577,708,37,NULL,'Diterima',NULL,292,'2023-07-13','2023-07-13','2023-07-13 08:57:43','2023-11-21 11:21:08'),(683,'20222','Agustus',547,688,37,NULL,'Diterima',NULL,292,'2023-07-13','2023-07-13','2023-07-13 08:58:12','2023-11-21 11:21:08'),(684,'20222','Agustus',537,931,37,NULL,'Diterima',NULL,292,'2023-07-13','2023-07-13','2023-07-13 08:58:27','2023-11-21 11:21:08'),(685,'20222','Agustus',569,703,37,NULL,'Diterima',NULL,292,'2023-07-13','2023-07-13','2023-07-13 08:58:46','2023-11-21 11:21:08'),(686,'20222','Agustus',465,878,37,NULL,'Diterima',NULL,292,'2023-07-13','2023-07-13','2023-07-13 08:58:51','2023-11-21 11:21:08'),(687,'20222','Agustus',482,892,37,NULL,'Diterima',NULL,292,'2023-07-13','2023-07-13','2023-07-13 08:59:00','2023-11-21 11:21:08'),(688,'20222','Agustus',539,680,37,NULL,'Diterima',NULL,292,'2023-07-13','2023-07-13','2023-07-13 08:59:07','2023-11-21 11:21:08'),(689,'20222','Agustus',453,867,37,NULL,'Diterima',NULL,292,'2023-07-13','2023-07-13','2023-07-13 08:59:18','2023-11-21 11:21:08'),(690,'20222','Agustus',561,699,37,NULL,'Diterima',NULL,292,'2023-07-13','2023-07-13','2023-07-13 08:59:27','2023-11-21 11:21:08'),(691,'20222','Agustus',541,682,37,NULL,'Diterima',NULL,292,'2023-07-13','2023-07-13','2023-07-13 08:59:43','2023-11-21 11:21:08'),(692,'20222','Agustus',452,866,37,NULL,'Diterima',NULL,292,'2023-07-13','2023-07-13','2023-07-13 08:59:46','2023-11-21 11:21:08'),(693,'20222','Agustus',449,863,37,NULL,'Diterima',NULL,292,'2023-07-13','2023-07-13','2023-07-13 09:00:00','2023-11-21 11:21:08'),(694,'20222','Agustus',582,711,37,NULL,'Diterima',NULL,292,'2023-07-13','2023-07-13','2023-07-13 09:00:00','2023-11-21 11:21:08'),(695,'20222','Agustus',483,893,37,NULL,'Diterima',NULL,292,'2023-07-13','2023-07-13','2023-07-13 09:00:11','2023-11-21 11:21:08'),(696,'20222','Agustus',551,691,37,NULL,'Diterima',NULL,292,'2023-07-13','2023-07-13','2023-07-13 09:00:16','2023-11-21 11:21:08'),(697,'20222','Agustus',444,858,37,NULL,'Diterima',NULL,292,'2023-07-13','2023-07-13','2023-07-13 09:00:29','2023-11-21 11:21:08'),(698,'20222','Agustus',445,859,37,NULL,'Diterima',NULL,292,'2023-07-13','2023-07-13','2023-07-13 09:00:43','2023-11-21 11:21:08'),(699,'20222','Agustus',542,683,37,NULL,'Diterima',NULL,292,'2023-07-13','2023-07-13','2023-07-13 09:00:49','2023-11-21 11:21:08'),(700,'20222','Agustus',481,891,37,NULL,'Diterima',NULL,292,'2023-07-13','2023-07-13','2023-07-13 09:00:53','2023-11-21 11:21:08'),(701,'20222','Agustus',571,704,37,NULL,'Diterima',NULL,292,'2023-07-13','2023-07-13','2023-07-13 09:01:03','2023-11-21 11:21:08'),(702,'20222','Agustus',476,888,37,NULL,'Diterima',NULL,292,'2023-07-13','2023-07-13','2023-07-13 09:01:12','2023-11-21 11:21:08'),(703,'20222','Agustus',546,687,37,NULL,'Diterima',NULL,292,'2023-07-13','2023-07-13','2023-07-13 09:01:20','2023-11-21 11:21:08'),(704,'20222','Agustus',436,851,37,NULL,'Diterima',NULL,292,'2023-07-13','2023-07-13','2023-07-13 09:01:24','2023-11-21 11:21:08'),(705,'20222','Agustus',456,869,37,NULL,'Diterima',NULL,292,'2023-07-13','2023-07-13','2023-07-13 09:01:32','2023-11-21 11:21:08'),(706,'20222','Agustus',585,713,37,NULL,'Diterima',NULL,292,'2023-07-13','2023-07-13','2023-07-13 09:01:34','2023-11-21 11:21:08'),(707,'20222','Agustus',458,871,37,NULL,'Diterima',NULL,292,'2023-07-13','2023-07-13','2023-07-13 09:01:41','2023-11-21 11:21:08'),(708,'20222','Agustus',439,854,37,NULL,'Diterima',NULL,292,'2023-07-13','2023-07-13','2023-07-13 09:01:49','2023-11-21 11:21:08'),(709,'20222','Agustus',575,707,37,NULL,'Diterima',NULL,292,'2023-07-13','2023-07-13','2023-07-13 09:01:51','2023-11-21 11:21:08'),(710,'20222','Agustus',461,874,37,NULL,'Diterima',NULL,292,'2023-07-13','2023-07-13','2023-07-13 09:01:59','2023-11-21 11:21:08'),(711,'20222','Agustus',559,697,37,NULL,'Menunggu Verifikasi',NULL,292,'2023-07-13','2023-07-27','2023-07-13 09:02:05','2023-11-21 11:21:08'),(712,'20222','Agustus',459,872,37,NULL,'Diterima',NULL,292,'2023-07-13','2023-07-13','2023-07-13 09:02:08','2023-11-21 11:21:08'),(713,'20222','Agustus',460,873,37,NULL,'Diterima',NULL,292,'2023-07-13','2023-07-13','2023-07-13 09:02:16','2023-11-21 11:21:08'),(714,'20222','Agustus',579,710,37,NULL,'Diterima',NULL,292,'2023-07-13','2023-07-13','2023-07-13 09:02:18','2023-11-21 11:21:08'),(715,'20222','Agustus',434,847,37,NULL,'Diterima',NULL,292,'2023-07-13','2023-07-13','2023-07-13 09:02:25','2023-11-21 11:21:08'),(716,'20222','Agustus',447,861,37,NULL,'Diterima',NULL,292,'2023-07-13','2023-07-13','2023-07-13 09:02:28','2023-11-21 11:21:08'),(717,'20222','Agustus',535,677,37,NULL,'Diterima',NULL,292,'2023-07-13','2023-07-13','2023-07-13 09:02:32','2023-11-21 11:21:08'),(718,'20222','Agustus',474,886,37,NULL,'Diterima',NULL,292,'2023-07-13','2023-07-13','2023-07-13 09:02:35','2023-11-21 11:21:08'),(719,'20222','Agustus',464,877,37,NULL,'Diterima',NULL,292,'2023-07-13','2023-07-13','2023-07-13 09:02:45','2023-11-21 11:21:08'),(720,'20222','Agustus',532,674,37,NULL,'Diterima',NULL,292,'2023-07-13','2023-07-13','2023-07-13 09:02:48','2023-11-21 11:21:08'),(721,'20222','Agustus',469,882,37,NULL,'Diterima',NULL,292,'2023-07-13','2023-07-13','2023-07-13 09:03:02','2023-11-21 11:21:08'),(722,'20222','Agustus',533,675,37,NULL,'Diterima',NULL,292,'2023-07-13','2023-07-13','2023-07-13 09:03:06','2023-11-21 11:21:08'),(723,'20222','Agustus',437,852,37,NULL,'Diterima',NULL,292,'2023-07-13','2023-07-13','2023-07-13 09:03:20','2023-11-21 11:21:08'),(724,'20222','Agustus',467,880,37,NULL,'Diterima',NULL,292,'2023-07-13','2023-07-13','2023-07-13 09:03:38','2023-11-21 11:21:08'),(725,'20222','Agustus',572,705,37,NULL,'Diterima',NULL,292,'2023-07-13','2023-07-13','2023-07-13 09:03:51','2023-11-21 11:21:08'),(726,'20222','Agustus',457,870,37,NULL,'Diterima',NULL,292,'2023-07-13','2023-07-13','2023-07-13 09:03:59','2023-11-21 11:21:08'),(727,'20222','Agustus',548,689,37,NULL,'Diterima',NULL,292,'2023-07-13','2023-07-13','2023-07-13 09:04:05','2023-11-21 11:21:08'),(728,'20222','Agustus',486,895,37,NULL,'Diterima',NULL,292,'2023-07-13','2023-07-13','2023-07-13 09:04:17','2023-11-21 11:21:08'),(729,'20222','Agustus',504,912,37,NULL,'Diterima',NULL,292,'2023-07-13','2023-07-13','2023-07-13 09:04:32','2023-11-21 11:21:08'),(730,'20222','Agustus',556,695,37,NULL,'Diterima',NULL,292,'2023-07-13','2023-07-13','2023-07-13 09:04:33','2023-11-21 11:21:08'),(731,'20222','Agustus',574,706,37,NULL,'Diterima',NULL,292,'2023-07-13','2023-07-13','2023-07-13 09:04:49','2023-11-21 11:21:08'),(732,'20222','Agustus',462,875,37,NULL,'Diterima',NULL,292,'2023-07-13','2023-07-13','2023-07-13 09:04:51','2023-11-21 11:21:08'),(733,'20222','Agustus',463,876,37,NULL,'Diterima',NULL,292,'2023-07-13','2023-07-13','2023-07-13 09:05:00','2023-11-21 11:21:08'),(734,'20222','Agustus',568,702,37,NULL,'Diterima',NULL,292,'2023-07-13','2023-07-13','2023-07-13 09:05:03','2023-11-21 11:21:08'),(735,'20222','Agustus',443,857,37,NULL,'Diterima',NULL,292,'2023-07-13','2023-07-13','2023-07-13 09:05:09','2023-11-21 11:21:08'),(736,'20222','Agustus',501,910,37,NULL,'Diterima',NULL,292,'2023-07-13','2023-07-13','2023-07-13 09:05:10','2023-11-21 11:21:08'),(737,'20222','Agustus',560,698,37,NULL,'Diterima',NULL,292,'2023-07-13','2023-07-13','2023-07-13 09:05:15','2023-11-21 11:21:08'),(738,'20222','Agustus',435,848,37,NULL,'Diterima',NULL,292,'2023-07-13','2023-07-13','2023-07-13 09:05:18','2023-11-21 11:21:08'),(739,'20222','Agustus',491,900,37,NULL,'Diterima',NULL,292,'2023-07-13','2023-07-13','2023-07-13 09:05:27','2023-11-21 11:21:08'),(740,'20222','Agustus',552,692,37,NULL,'Diterima',NULL,292,'2023-07-13','2023-07-13','2023-07-13 09:05:29','2023-11-21 11:21:08'),(741,'20222','Agustus',466,879,37,NULL,'Diterima',NULL,292,'2023-07-13','2023-07-13','2023-07-13 09:05:30','2023-11-21 11:21:08'),(742,'20222','Agustus',433,846,37,NULL,'Diterima',NULL,292,'2023-07-13','2023-07-13','2023-07-13 09:05:39','2023-11-21 11:21:08'),(743,'20222','Agustus',543,684,37,NULL,'Diterima',NULL,292,'2023-07-13','2023-07-13','2023-07-13 09:05:44','2023-11-21 11:21:08'),(744,'20222','Agustus',496,905,37,NULL,'Diterima',NULL,292,'2023-07-13','2023-07-13','2023-07-13 09:05:48','2023-11-21 11:21:08'),(745,'20222','Agustus',440,855,37,NULL,'Diterima',NULL,292,'2023-07-13','2023-07-13','2023-07-13 09:05:50','2023-11-21 11:21:08'),(746,'20222','Agustus',468,881,37,NULL,'Diterima',NULL,292,'2023-07-13','2023-07-13','2023-07-13 09:05:59','2023-11-21 11:21:08'),(747,'20222','Agustus',565,701,37,NULL,'Diterima',NULL,292,'2023-07-13','2023-07-13','2023-07-13 09:06:01','2023-11-21 11:21:08'),(748,'20222','Agustus',500,909,37,NULL,'Diterima',NULL,292,'2023-07-13','2023-07-13','2023-07-13 09:06:06','2023-11-21 11:21:08'),(749,'20222','Agustus',584,712,37,NULL,'Diterima',NULL,292,'2023-07-13','2023-07-13','2023-07-13 09:06:18','2023-11-21 11:21:08'),(750,'20222','Agustus',487,896,37,NULL,'Diterima',NULL,292,'2023-07-13','2023-07-13','2023-07-13 09:06:22','2023-11-21 11:21:08'),(751,'20222','Agustus',451,865,37,NULL,'Diterima',NULL,292,'2023-07-13','2023-07-13','2023-07-13 09:06:25','2023-11-21 11:21:08'),(752,'20222','Agustus',454,868,37,NULL,'Diterima',NULL,292,'2023-07-13','2023-07-13','2023-07-13 09:07:07','2023-11-21 11:21:08'),(753,'20222','Agustus',503,911,37,NULL,'Diterima',NULL,292,'2023-07-13','2023-07-13','2023-07-13 09:07:07','2023-11-21 11:21:08'),(754,'20222','Agustus',472,885,37,NULL,'Diterima',NULL,292,'2023-07-13','2023-07-13','2023-07-13 09:07:18','2023-11-21 11:21:08'),(755,'20222','Agustus',490,899,37,NULL,'Diterima',NULL,292,'2023-07-13','2023-07-13','2023-07-13 09:07:24','2023-11-21 11:21:08'),(756,'20222','Agustus',432,850,37,NULL,'Diterima',NULL,292,'2023-07-13','2023-07-13','2023-07-13 09:07:43','2023-11-21 11:21:08'),(757,'20222','Agustus',492,901,37,NULL,'Diterima',NULL,292,'2023-07-13','2023-07-13','2023-07-13 09:07:46','2023-11-21 11:21:08'),(758,'20222','Agustus',470,883,37,NULL,'Diterima',NULL,292,'2023-07-13','2023-07-13','2023-07-13 09:07:53','2023-11-21 11:21:08'),(759,'20222','Agustus',489,898,37,NULL,'Diterima',NULL,292,'2023-07-13','2023-07-13','2023-07-13 09:08:02','2023-11-21 11:21:08'),(760,'20222','Agustus',475,887,37,NULL,'Diterima',NULL,292,'2023-07-13','2023-07-13','2023-07-13 09:08:21','2023-11-21 11:21:08'),(761,'20222','Agustus',471,884,37,NULL,'Diterima',NULL,292,'2023-07-13','2023-07-13','2023-07-13 09:08:38','2023-11-21 11:21:08'),(762,'20222','Agustus',448,862,37,NULL,'Diterima',NULL,292,'2023-07-13','2023-07-13','2023-07-13 09:08:46','2023-11-21 11:21:08'),(763,'20222','Agustus',495,904,37,NULL,'Diterima',NULL,292,'2023-07-13','2023-07-13','2023-07-13 09:08:48','2023-11-21 11:21:08'),(764,'20222','Agustus',441,856,37,NULL,'Diterima',NULL,292,'2023-07-13','2023-07-13','2023-07-13 09:08:54','2023-11-21 11:21:08'),(765,'20222','Agustus',497,906,37,NULL,'Diterima',NULL,292,'2023-07-13','2023-07-13','2023-07-13 09:09:07','2023-11-21 11:21:08'),(766,'20222','Agustus',494,903,37,NULL,'Diterima',NULL,292,'2023-07-13','2023-07-13','2023-07-13 09:09:30','2023-11-21 11:21:08'),(767,'20222','Agustus',499,908,37,NULL,'Diterima',NULL,292,'2023-07-13','2023-07-13','2023-07-13 09:09:50','2023-11-21 11:21:08'),(768,'20222','Agustus',488,897,37,NULL,'Diterima',NULL,292,'2023-07-13','2023-07-13','2023-07-13 09:10:08','2023-11-21 11:21:08'),(769,'20222','Agustus',485,894,37,NULL,'Diterima',NULL,292,'2023-07-13','2023-07-13','2023-07-13 09:10:27','2023-11-21 11:21:08'),(770,'20222','Agustus',493,902,37,NULL,'Diterima',NULL,292,'2023-07-13','2023-07-13','2023-07-13 09:10:47','2023-11-21 11:21:08'),(771,'20222','Agustus',498,907,37,NULL,'Diterima',NULL,292,'2023-07-13','2023-07-13','2023-07-13 09:11:05','2023-11-21 11:21:08'),(772,'20222','Agustus',580,964,37,NULL,'Diterima',NULL,292,'2023-07-13','2023-07-13','2023-07-13 09:14:16','2023-11-21 11:21:08'),(773,'20222','Agustus',581,968,37,NULL,'Diterima',NULL,292,'2023-07-13','2023-07-13','2023-07-13 09:16:38','2023-11-21 11:21:08'),(774,'20222','Agustus',576,974,37,NULL,'Diterima',NULL,292,'2023-07-13','2023-07-13','2023-07-13 09:18:47','2023-11-21 11:21:08'),(775,'20222','Agustus',573,975,37,NULL,'Diterima',NULL,292,'2023-07-13','2023-07-13','2023-07-13 09:20:41','2023-11-21 11:21:08'),(776,'20222','Agustus',570,976,37,NULL,'Diterima',NULL,292,'2023-07-13','2023-07-13','2023-07-13 09:22:38','2023-11-21 11:21:08'),(777,'20222','Agustus',562,977,37,NULL,'Diterima',NULL,292,'2023-07-13','2023-07-13','2023-07-13 09:24:28','2023-11-21 11:21:08'),(778,'20222','Agustus',566,978,37,NULL,'Diterima',NULL,292,'2023-07-13','2023-07-13','2023-07-13 09:26:18','2023-11-21 11:21:08'),(779,'20222','Agustus',583,979,37,NULL,'Diterima',NULL,292,'2023-07-13','2023-07-13','2023-07-13 09:28:11','2023-11-21 11:21:08'),(780,'20222','Agustus',757,994,37,NULL,'Diterima',NULL,292,'2023-07-13','2023-07-13','2023-07-13 13:33:57','2023-11-21 11:21:08'),(781,'20222','Agustus',629,996,37,NULL,'Diterima',NULL,292,'2023-07-14','2023-07-14','2023-07-14 02:24:33','2023-11-21 11:21:08'),(782,'20222','Agustus',171,999,37,NULL,'Menunggu Verifikasi',NULL,292,'2023-07-14','2023-07-25','2023-07-14 02:31:35','2023-11-21 11:21:08'),(783,'20222','Agustus',589,1000,37,NULL,'Menunggu Verifikasi',NULL,292,'2023-07-14','2023-07-18','2023-07-14 03:11:16','2023-11-21 11:21:08'),(784,'20222','Agustus',666,1001,37,NULL,'Diterima',NULL,292,'2023-07-14','2023-07-14','2023-07-14 03:21:36','2023-11-21 11:21:08'),(785,'20222','Agustus',695,983,37,NULL,'Menunggu Verifikasi',NULL,292,'2023-07-14','2023-07-17','2023-07-14 03:30:35','2023-11-21 11:21:08'),(786,'20222','Agustus',718,990,37,NULL,'Diterima',NULL,292,'2023-07-14','2023-07-14','2023-07-14 03:50:47','2023-11-21 11:21:08'),(787,'20222','Agustus',787,1002,37,NULL,'Diterima',NULL,292,'2023-07-14','2023-07-14','2023-07-14 04:07:10','2023-11-21 11:21:08'),(788,'20222','Agustus',788,1003,37,NULL,'Diterima',NULL,292,'2023-07-14','2023-07-14','2023-07-14 04:16:56','2023-11-21 11:21:08'),(789,'20222','Agustus',789,1004,37,NULL,'Diterima',NULL,292,'2023-07-14','2023-07-14','2023-07-14 05:50:13','2023-11-21 11:21:08'),(790,'20222','Agustus',725,992,37,NULL,'Menunggu Verifikasi',NULL,292,'2023-07-14','2023-07-18','2023-07-14 05:55:25','2023-11-21 11:21:08'),(791,'20222','Agustus',590,1005,37,NULL,'Menunggu Verifikasi',NULL,292,'2023-07-14','2023-07-18','2023-07-14 06:32:40','2023-11-21 11:21:08'),(792,'20222','Agustus',513,1006,37,NULL,'Diterima',NULL,292,'2023-07-14','2023-07-14','2023-07-14 06:38:04','2023-11-21 11:21:08'),(793,'20222','Agustus',786,1007,37,NULL,'Diterima',NULL,292,'2023-07-14','2023-07-14','2023-07-14 06:50:47','2023-11-21 11:21:08'),(794,'20222','Agustus',591,1009,37,NULL,'Menunggu Verifikasi',NULL,292,'2023-07-14','2023-07-26','2023-07-14 07:12:53','2023-11-21 11:21:08'),(795,'20222','Agustus',645,1008,37,NULL,'Diterima',NULL,292,'2023-07-14','2023-07-14','2023-07-14 07:16:25','2023-11-21 11:21:08'),(796,'20222','Agustus',694,982,37,NULL,'Diterima',NULL,292,'2023-07-14','2023-07-14','2023-07-14 07:19:23','2023-11-21 11:21:08'),(797,'20222','Agustus',519,980,37,NULL,'Diterima',NULL,292,'2023-07-14','2023-07-14','2023-07-14 07:19:28','2023-11-21 11:21:08'),(798,'20222','Agustus',784,993,37,NULL,'Diterima',NULL,292,'2023-07-14','2023-07-14','2023-07-14 07:22:40','2023-11-21 11:21:08'),(799,'20222','Agustus',727,1010,37,NULL,'Diterima',NULL,292,'2023-07-14','2023-07-14','2023-07-14 07:24:49','2023-11-21 11:21:08'),(800,'20222','Agustus',712,989,37,NULL,'Diterima',NULL,292,'2023-07-14','2023-07-14','2023-07-14 07:26:52','2023-11-21 11:21:08'),(801,'20222','Agustus',719,991,37,NULL,'Diterima',NULL,292,'2023-07-14','2023-07-14','2023-07-14 07:29:58','2023-11-21 11:21:08'),(802,'20222','Agustus',523,981,37,NULL,'Diterima',NULL,292,'2023-07-14','2023-07-14','2023-07-14 07:30:38','2023-11-21 11:21:08'),(803,'20222','Agustus',297,1011,37,NULL,'Diterima',NULL,292,'2023-07-14','2023-07-14','2023-07-14 07:34:23','2023-11-21 11:21:08'),(804,'20222','Agustus',703,985,37,NULL,'Diterima',NULL,292,'2023-07-14','2023-07-14','2023-07-14 07:36:57','2023-11-21 11:21:08'),(805,'20222','Agustus',713,998,37,NULL,'Diterima',NULL,292,'2023-07-14','2023-07-14','2023-07-14 07:38:10','2023-11-21 11:21:08'),(806,'20222','Agustus',699,984,37,NULL,'Diterima',NULL,292,'2023-07-14','2023-07-14','2023-07-14 07:39:11','2023-11-21 11:21:08'),(807,'20222','Agustus',707,987,37,NULL,'Diterima',NULL,292,'2023-07-14','2023-07-14','2023-07-14 07:41:01','2023-11-21 11:21:08'),(808,'20222','Agustus',676,997,37,NULL,'Menunggu Verifikasi',NULL,292,'2023-07-14','2023-07-27','2023-07-14 07:41:12','2023-11-21 11:21:08'),(809,'20222','Agustus',708,988,37,NULL,'Menunggu Verifikasi',NULL,292,'2023-07-14','2023-07-25','2023-07-14 07:43:33','2023-11-21 11:21:08'),(810,'20222','Agustus',704,986,37,NULL,'Diterima',NULL,292,'2023-07-14','2023-07-14','2023-07-14 07:47:22','2023-11-21 11:21:08'),(811,'20222','Agustus',782,1012,37,NULL,'Diterima',NULL,292,'2023-07-15','2023-07-15','2023-07-15 03:17:04','2023-11-21 11:21:08'),(812,'20222','Agustus',442,995,37,NULL,'Diterima',NULL,292,'2023-07-15','2023-07-15','2023-07-15 05:45:32','2023-11-21 11:21:08'),(813,'20222','Agustus',111,1013,37,NULL,'Diterima',NULL,292,'2023-07-17','2023-07-17','2023-07-17 04:33:27','2023-11-21 11:21:08'),(814,'20222','Agustus',647,1014,37,NULL,'Diterima',NULL,292,'2023-07-17','2023-07-17','2023-07-17 04:41:47','2023-11-21 11:21:08'),(815,'20222','Agustus',668,1015,37,NULL,'Diterima',NULL,292,'2023-07-17','2023-07-17','2023-07-17 06:07:05','2023-11-21 11:21:08'),(816,'20222','Agustus',674,1016,37,NULL,'Diterima',NULL,292,'2023-07-17','2023-07-17','2023-07-17 06:10:52','2023-11-21 11:21:08'),(817,'20222','Agustus',657,1017,37,NULL,'Diterima',NULL,292,'2023-07-17','2023-07-17','2023-07-17 07:23:31','2023-11-21 11:21:08'),(818,'20222','Agustus',515,1018,37,NULL,'Diterima',NULL,292,'2023-07-17','2023-07-17','2023-07-17 07:33:25','2023-11-21 11:21:08'),(819,'20222','Agustus',534,1019,37,NULL,'Diterima',NULL,292,'2023-07-17','2023-07-17','2023-07-17 08:00:09','2023-11-21 11:21:08'),(820,'20222','Agustus',695,1020,37,NULL,'Diterima',NULL,292,'2023-07-17','2023-07-17','2023-07-17 08:58:53','2023-11-21 11:21:08'),(821,'20222','Agustus',425,1021,37,NULL,'Diterima',NULL,292,'2023-07-18','2023-07-18','2023-07-18 01:12:41','2023-11-21 11:21:08'),(822,'20222','Agustus',762,1022,37,NULL,'Diterima',NULL,292,'2023-07-18','2023-07-18','2023-07-18 02:02:23','2023-11-21 11:21:08'),(823,'20222','Agustus',764,1023,37,NULL,'Diterima',NULL,292,'2023-07-18','2023-07-18','2023-07-18 02:14:40','2023-11-21 11:21:08'),(824,'20222','Agustus',751,1024,37,NULL,'Diterima',NULL,292,'2023-07-18','2023-07-18','2023-07-18 02:47:54','2023-11-21 11:21:08'),(825,'20222','Agustus',746,1025,37,NULL,'Diterima',NULL,292,'2023-07-18','2023-07-18','2023-07-18 03:13:23','2023-11-21 11:21:08'),(826,'20222','Agustus',726,1026,37,NULL,'Diterima',NULL,292,'2023-07-18','2023-07-18','2023-07-18 03:50:13','2023-11-21 11:21:08'),(827,'20222','Agustus',590,1027,37,NULL,'Diterima',NULL,292,'2023-07-18','2023-07-18','2023-07-18 03:59:55','2023-11-21 11:21:08'),(828,'20222','Agustus',725,1028,37,NULL,'Diterima',NULL,292,'2023-07-18','2023-07-18','2023-07-18 04:22:46','2023-11-21 11:21:08'),(829,'20222','Agustus',737,1029,37,NULL,'Diterima',NULL,292,'2023-07-18','2023-07-18','2023-07-18 05:08:10','2023-11-21 11:21:08'),(830,'20222','Agustus',589,1030,37,NULL,'Diterima',NULL,292,'2023-07-18','2023-07-18','2023-07-18 06:48:29','2023-11-21 11:21:08'),(831,'20222','Agustus',656,1031,37,NULL,'Diterima',NULL,292,'2023-07-18','2023-07-18','2023-07-18 07:50:31','2023-11-21 11:21:08'),(832,'20222','Agustus',779,1032,37,NULL,'Diterima',NULL,292,'2023-07-18','2023-07-18','2023-07-18 09:16:33','2023-11-21 11:21:08'),(833,'20222','Agustus',427,1033,37,NULL,'Diterima',NULL,292,'2023-07-21','2023-07-21','2023-07-21 06:28:21','2023-11-21 11:21:08'),(834,'20222','Agustus',638,1034,37,NULL,'Diterima',NULL,292,'2023-07-21','2023-07-21','2023-07-21 07:14:56','2023-11-21 11:21:08'),(835,'20222','Agustus',673,1035,37,NULL,'Diterima',NULL,292,'2023-07-24','2023-07-24','2023-07-24 03:49:38','2023-11-21 11:21:08'),(836,'20222','Agustus',770,1036,37,NULL,'Diterima',NULL,292,'2023-07-24','2023-07-24','2023-07-24 03:59:06','2023-11-21 11:21:08'),(837,'20222','Agustus',752,1037,37,NULL,'Diterima',NULL,292,'2023-07-24','2023-07-24','2023-07-24 07:30:55','2023-11-21 11:21:08'),(838,'20222','Agustus',530,1038,37,NULL,'Diterima',NULL,292,'2023-07-24','2023-07-24','2023-07-24 09:04:22','2023-11-21 11:21:08'),(839,'20222','Agustus',756,1039,37,NULL,'Diterima',NULL,292,'2023-07-24','2023-07-24','2023-07-24 09:22:04','2023-11-21 11:21:08'),(840,'20222','Agustus',765,1040,37,NULL,'Diterima',NULL,292,'2023-07-25','2023-07-25','2023-07-25 01:34:16','2023-11-21 11:21:08'),(841,'20222','Agustus',669,1041,37,NULL,'Diterima',NULL,292,'2023-07-25','2023-07-25','2023-07-25 03:14:17','2023-11-21 11:21:08'),(842,'20222','Agustus',743,1042,37,NULL,'Diterima',NULL,292,'2023-07-25','2023-07-25','2023-07-25 06:16:27','2023-11-21 11:21:08'),(843,'20222','Agustus',171,1043,37,NULL,'Diterima',NULL,292,'2023-07-25','2023-07-25','2023-07-25 07:28:26','2023-11-21 11:21:08'),(844,'20222','Agustus',708,1044,37,NULL,'Diterima',NULL,292,'2023-07-25','2023-07-25','2023-07-25 07:43:29','2023-11-21 11:21:08'),(845,'20222','Agustus',641,1045,37,NULL,'Diterima',NULL,292,'2023-07-25','2023-07-25','2023-07-25 07:57:28','2023-11-21 11:21:08'),(846,'20222','Agustus',761,1046,37,NULL,'Diterima',NULL,292,'2023-07-26','2023-07-26','2023-07-26 01:14:58','2023-11-21 11:21:08'),(847,'20222','Agustus',781,1047,37,NULL,'Diterima',NULL,292,'2023-07-26','2023-07-26','2023-07-26 03:08:25','2023-11-21 11:21:08'),(848,'20222','Agustus',591,1048,37,NULL,'Diterima',NULL,292,'2023-07-26','2023-07-26','2023-07-26 04:10:55','2023-11-21 11:21:08'),(849,'20222','Agustus',735,1049,37,NULL,'Diterima',NULL,292,'2023-07-27','2023-07-27','2023-07-27 03:17:40','2023-11-21 11:21:08'),(850,'20222','Agustus',676,1050,37,NULL,'Diterima',NULL,292,'2023-07-27','2023-07-27','2023-07-27 03:21:33','2023-11-21 11:21:08'),(851,'20222','Agustus',559,1051,37,NULL,'Diterima',NULL,292,'2023-07-27','2023-07-27','2023-07-27 04:04:54','2023-11-21 11:21:08'),(852,'20222','Agustus',747,1052,37,NULL,'Diterima',NULL,292,'2023-07-27','2023-07-27','2023-07-27 05:05:06','2023-11-21 11:21:08'),(853,'20222','Agustus',749,1053,37,NULL,'Diterima',NULL,292,'2023-07-27','2023-07-27','2023-07-27 07:53:00','2023-11-21 11:21:08'),(854,'20222','Agustus',112,375,37,NULL,'Menunggu Verifikasi',NULL,292,'2023-11-22',NULL,'2023-11-22 04:14:46','2023-11-22 04:14:46'),(855,'20231','Januari',800,1058,38,NULL,'Diterima',NULL,292,'2024-01-04','2024-01-11','2024-01-04 06:21:23','2024-03-28 07:15:25'),(856,'20231','Januari',811,1068,38,NULL,'Diterima',NULL,292,'2024-01-06','2024-01-11','2024-01-06 05:59:38','2024-03-28 07:15:25'),(857,'20231','Januari',901,1136,38,NULL,'Diterima',NULL,292,'2024-01-09','2024-01-09','2024-01-09 07:53:31','2024-03-28 07:15:25'),(858,'20231','Januari',935,1161,38,NULL,'Diterima',NULL,292,'2024-01-09','2024-01-09','2024-01-09 07:56:38','2024-03-28 07:15:25'),(859,'20231','Januari',931,1159,38,NULL,'Diterima',NULL,292,'2024-01-11','2024-01-11','2024-01-11 07:51:11','2024-03-28 07:15:25'),(860,'20231','Januari',124,1233,38,NULL,'Diterima',NULL,292,'2024-01-11','2024-01-11','2024-01-11 07:54:28','2024-03-28 07:15:25'),(861,'20231','Januari',804,1062,38,NULL,'Diterima',NULL,292,'2024-01-11','2024-01-11','2024-01-11 07:54:36','2024-03-28 07:15:25'),(862,'20231','Januari',810,1067,38,NULL,'Menunggu Verifikasi',NULL,292,'2024-01-11','2024-01-23','2024-01-11 07:57:32','2024-03-28 07:15:25'),(863,'20231','Januari',819,1075,38,NULL,'Menunggu Verifikasi',NULL,292,'2024-01-11','2024-01-15','2024-01-11 07:57:40','2024-03-28 07:15:25'),(864,'20231','Januari',814,1071,38,NULL,'Diterima',NULL,292,'2024-01-11','2024-01-11','2024-01-11 07:57:50','2024-03-28 07:15:25'),(865,'20231','Januari',809,1066,38,NULL,'Menunggu Verifikasi',NULL,292,'2024-01-11','2024-01-15','2024-01-11 07:57:57','2024-03-28 07:15:25'),(866,'20231','Januari',824,1080,38,NULL,'Diterima',NULL,292,'2024-01-11','2024-01-11','2024-01-11 07:58:05','2024-03-28 07:15:25'),(867,'20231','Januari',802,1060,38,NULL,'Menunggu Verifikasi',NULL,292,'2024-01-11','2024-01-15','2024-01-11 07:58:11','2024-03-28 07:15:25'),(868,'20231','Januari',815,1072,38,NULL,'Diterima',NULL,292,'2024-01-11','2024-01-11','2024-01-11 07:58:15','2024-03-28 07:15:25'),(869,'20231','Januari',831,1085,38,NULL,'Diterima',NULL,292,'2024-01-11','2024-01-11','2024-01-11 07:58:24','2024-03-28 07:15:25'),(870,'20231','Januari',816,1073,38,NULL,'Diterima',NULL,292,'2024-01-11','2024-01-11','2024-01-11 07:58:38','2024-03-28 07:15:25'),(871,'20231','Januari',818,1074,38,NULL,'Diterima',NULL,292,'2024-01-11','2024-01-11','2024-01-11 07:58:46','2024-03-28 07:15:25'),(872,'20231','Januari',832,1086,38,NULL,'Diterima',NULL,292,'2024-01-11','2024-01-11','2024-01-11 07:58:57','2024-03-28 07:15:25'),(873,'20231','Januari',823,1079,38,NULL,'Diterima',NULL,292,'2024-01-11','2024-01-11','2024-01-11 07:59:04','2024-03-28 07:15:25'),(874,'20231','Januari',828,1083,38,NULL,'Diterima',NULL,292,'2024-01-11','2024-01-11','2024-01-11 07:59:12','2024-03-28 07:15:25'),(875,'20231','Januari',812,1069,38,NULL,'Diterima',NULL,292,'2024-01-11','2024-01-11','2024-01-11 07:59:19','2024-03-28 07:15:25'),(876,'20231','Januari',834,1088,38,NULL,'Diterima',NULL,292,'2024-01-11','2024-01-11','2024-01-11 07:59:29','2024-03-28 07:15:25'),(877,'20231','Januari',797,1056,38,NULL,'Diterima',NULL,292,'2024-01-11','2024-01-11','2024-01-11 07:59:37','2024-03-28 07:15:25'),(878,'20231','Januari',826,1082,38,NULL,'Diterima',NULL,292,'2024-01-11','2024-01-11','2024-01-11 07:59:49','2024-03-28 07:15:25'),(879,'20231','Januari',825,1081,38,NULL,'Diterima',NULL,292,'2024-01-11','2024-01-11','2024-01-11 07:59:55','2024-03-28 07:15:25'),(880,'20231','Januari',813,1070,38,NULL,'Diterima',NULL,292,'2024-01-11','2024-01-11','2024-01-11 08:00:01','2024-03-28 07:15:25'),(881,'20231','Januari',803,1061,38,NULL,'Diterima',NULL,292,'2024-01-11','2024-01-11','2024-01-11 08:00:09','2024-03-28 07:15:25'),(882,'20231','Januari',991,1221,38,NULL,'Diterima',NULL,292,'2024-01-11','2024-01-11','2024-01-11 08:00:18','2024-03-28 07:15:25'),(883,'20231','Januari',906,1139,38,NULL,'Diterima',NULL,292,'2024-01-11','2024-01-11','2024-01-11 08:00:26','2024-03-28 07:15:25'),(884,'20231','Januari',933,1160,38,NULL,'Diterima',NULL,292,'2024-01-11','2024-01-11','2024-01-11 08:00:34','2024-03-28 07:15:25'),(885,'20231','Januari',894,1130,38,NULL,'Menunggu Verifikasi',NULL,292,'2024-01-11','2024-01-15','2024-01-11 08:00:41','2024-03-28 07:15:25'),(886,'20231','Januari',930,1158,38,NULL,'Diterima',NULL,292,'2024-01-11','2024-01-11','2024-01-11 08:00:48','2024-03-28 07:15:25'),(887,'20231','Januari',885,1121,38,NULL,'Menunggu Verifikasi',NULL,292,'2024-01-11','2024-01-15','2024-01-11 08:00:57','2024-03-28 07:15:25'),(888,'20231','Januari',898,1134,38,NULL,'Menunggu Verifikasi',NULL,292,'2024-01-11','2024-01-12','2024-01-11 08:01:05','2024-03-28 07:15:25'),(889,'20231','Januari',887,1123,38,NULL,'Diterima',NULL,292,'2024-01-11','2024-01-11','2024-01-11 08:01:11','2024-03-28 07:15:25'),(890,'20231','Januari',889,1125,38,NULL,'Menunggu Verifikasi',NULL,292,'2024-01-11','2024-01-15','2024-01-11 08:01:18','2024-03-28 07:15:25'),(891,'20231','Januari',893,1129,38,NULL,'Menunggu Verifikasi',NULL,292,'2024-01-11','2024-01-15','2024-01-11 08:01:27','2024-03-28 07:15:25'),(892,'20231','Januari',896,1132,38,NULL,'Diterima',NULL,292,'2024-01-11','2024-01-11','2024-01-11 08:01:34','2024-03-28 07:15:25'),(893,'20231','Januari',888,1124,38,NULL,'Diterima',NULL,292,'2024-01-11','2024-01-11','2024-01-11 08:01:40','2024-03-28 07:15:25'),(894,'20231','Januari',920,1150,38,NULL,'Menunggu Verifikasi',NULL,292,'2024-01-11','2024-01-15','2024-01-11 08:01:48','2024-03-28 07:15:25'),(895,'20231','Januari',912,1144,38,NULL,'Diterima',NULL,292,'2024-01-11','2024-01-11','2024-01-11 08:01:55','2024-03-28 07:15:25'),(896,'20231','Januari',927,1156,38,NULL,'Menunggu Verifikasi',NULL,292,'2024-01-11','2024-01-15','2024-01-11 08:02:02','2024-03-28 07:15:25'),(897,'20231','Januari',895,1131,38,NULL,'Diterima',NULL,292,'2024-01-11','2024-01-11','2024-01-11 08:02:08','2024-03-28 07:15:25'),(898,'20231','Januari',909,1142,38,NULL,'Diterima',NULL,292,'2024-01-11','2024-01-11','2024-01-11 08:02:14','2024-03-28 07:15:25'),(899,'20231','Januari',710,1147,38,NULL,'Menunggu Verifikasi',NULL,292,'2024-01-11','2024-01-12','2024-01-11 08:02:21','2024-03-28 07:15:25'),(900,'20231','Januari',914,1146,38,NULL,'Menunggu Verifikasi',NULL,292,'2024-01-11','2024-01-15','2024-01-11 08:06:01','2024-03-28 07:15:25'),(901,'20231','Januari',884,1120,38,NULL,'Diterima',NULL,292,'2024-01-11','2024-01-11','2024-01-11 08:11:33','2024-03-28 07:15:25'),(902,'20231','Januari',973,1196,38,NULL,'Menunggu Verifikasi',NULL,292,'2024-01-11','2024-01-15','2024-01-11 08:12:46','2024-03-28 07:15:25'),(903,'20231','Januari',945,1168,38,NULL,'Menunggu Verifikasi',NULL,292,'2024-01-11','2024-01-15','2024-01-11 08:13:04','2024-03-28 07:15:25'),(904,'20231','Januari',954,1177,38,NULL,'Diterima',NULL,292,'2024-01-11','2024-01-11','2024-01-11 08:13:16','2024-03-28 07:15:25'),(905,'20231','Januari',983,1206,38,NULL,'Menunggu Verifikasi',NULL,292,'2024-01-11','2024-01-15','2024-01-11 08:13:33','2024-03-28 07:15:25'),(906,'20231','Januari',970,1193,38,NULL,'Menunggu Verifikasi',NULL,292,'2024-01-11','2024-01-15','2024-01-11 08:20:52','2024-03-28 07:15:25'),(907,'20231','Januari',947,1170,38,NULL,'Diterima',NULL,292,'2024-01-11','2024-01-11','2024-01-11 08:21:30','2024-03-28 07:15:25'),(908,'20231','Januari',943,1212,38,NULL,'Diterima',NULL,292,'2024-01-11','2024-01-11','2024-01-11 08:24:09','2024-03-28 07:15:25'),(909,'20231','Januari',259,1216,38,NULL,'Diterima',NULL,292,'2024-01-11','2024-01-11','2024-01-11 08:25:42','2024-03-28 07:15:25'),(910,'20231','Januari',986,1209,38,NULL,'Menunggu Verifikasi',NULL,292,'2024-01-11','2024-01-15','2024-01-11 08:58:04','2024-03-28 07:15:25'),(911,'20231','Januari',968,1191,38,NULL,'Menunggu Verifikasi',NULL,292,'2024-01-11','2024-01-12','2024-01-11 08:58:49','2024-03-28 07:15:25'),(912,'20231','Januari',965,1188,38,NULL,'Diterima',NULL,292,'2024-01-11','2024-01-11','2024-01-11 08:59:39','2024-03-28 07:15:25'),(913,'20231','Januari',969,1192,38,NULL,'Diterima',NULL,292,'2024-01-11','2024-01-11','2024-01-11 08:59:58','2024-03-28 07:15:25'),(914,'20231','Januari',938,1162,38,NULL,'Diterima',NULL,292,'2024-01-11','2024-01-11','2024-01-11 09:00:09','2024-03-28 07:15:25'),(915,'20231','Januari',985,1208,38,NULL,'Diterima',NULL,292,'2024-01-11','2024-01-11','2024-01-11 09:01:03','2024-03-28 07:15:25'),(916,'20231','Januari',872,1112,38,NULL,'Diterima',NULL,292,'2024-01-11','2024-01-11','2024-01-11 09:05:40','2024-03-28 07:15:25'),(917,'20231','Januari',871,1111,38,NULL,'Diterima',NULL,292,'2024-01-11','2024-01-11','2024-01-11 09:11:04','2024-03-28 07:15:25'),(918,'20231','Januari',988,1211,38,NULL,'Diterima',NULL,292,'2024-01-12','2024-01-12','2024-01-12 05:47:06','2024-03-28 07:15:25'),(919,'20231','Januari',863,1104,38,NULL,'Menunggu Verifikasi',NULL,292,'2024-01-12','2024-01-15','2024-01-12 06:14:34','2024-03-28 07:15:25'),(920,'20231','Januari',875,1114,38,NULL,'Diterima',NULL,292,'2024-01-12','2024-01-12','2024-01-12 06:15:48','2024-03-28 07:15:25'),(921,'20231','Januari',865,1106,38,NULL,'Diterima',NULL,292,'2024-01-12','2024-01-12','2024-01-12 06:16:18','2024-03-28 07:15:25'),(922,'20231','Januari',849,1236,38,NULL,'Menunggu Verifikasi',NULL,292,'2024-01-12','2024-01-15','2024-01-12 06:16:56','2024-03-28 07:15:25'),(923,'20231','Januari',841,1090,38,NULL,'Diterima',NULL,292,'2024-01-12','2024-01-12','2024-01-12 06:18:08','2024-03-28 07:15:25'),(924,'20231','Januari',980,1203,38,NULL,'Diterima',NULL,292,'2024-01-12','2024-01-12','2024-01-12 06:38:32','2024-03-28 07:15:25'),(925,'20231','Januari',948,1171,38,NULL,'Menunggu Verifikasi',NULL,292,'2024-01-12','2024-01-15','2024-01-12 06:39:01','2024-03-28 07:15:25'),(926,'20231','Januari',964,1187,38,NULL,'Diterima',NULL,292,'2024-01-12','2024-01-12','2024-01-12 06:39:27','2024-03-28 07:15:25'),(927,'20231','Januari',941,1165,38,NULL,'Diterima',NULL,292,'2024-01-12','2024-01-12','2024-01-12 06:39:56','2024-03-28 07:15:25'),(928,'20231','Januari',923,1153,38,NULL,'Diterima',NULL,292,'2024-01-12','2024-01-12','2024-01-12 06:41:13','2024-03-28 07:15:25'),(929,'20231','Januari',710,1256,38,NULL,'Diterima',NULL,292,'2024-01-12','2024-01-12','2024-01-12 07:45:23','2024-03-28 07:15:25'),(930,'20231','Januari',833,1087,38,NULL,'Diterima',NULL,292,'2024-01-12','2024-01-12','2024-01-12 07:58:02','2024-03-28 07:15:25'),(931,'20231','Januari',115,1247,38,NULL,'Diterima',NULL,292,'2024-01-12','2024-01-12','2024-01-12 08:16:31','2024-03-28 07:15:25'),(932,'20231','Januari',968,1260,38,NULL,'Diterima',NULL,292,'2024-01-12','2024-01-12','2024-01-12 09:28:25','2024-03-28 07:15:25'),(933,'20231','Januari',966,1189,38,NULL,'Diterima',NULL,292,'2024-01-12','2024-01-12','2024-01-12 09:29:25','2024-03-28 07:15:25'),(934,'20231','Januari',484,1227,38,NULL,'Diterima',NULL,292,'2024-01-15','2024-01-15','2024-01-14 23:44:39','2024-03-28 07:15:25'),(935,'20231','Januari',905,1253,38,NULL,'Diterima',NULL,292,'2024-01-15','2024-01-15','2024-01-15 01:45:00','2024-03-28 07:15:25'),(936,'20231','Januari',914,1263,38,NULL,'Diterima',NULL,292,'2024-01-15','2024-01-15','2024-01-15 02:36:49','2024-03-28 07:15:25'),(937,'20231','Januari',963,1264,38,NULL,'Diterima',NULL,292,'2024-01-15','2024-01-15','2024-01-15 02:45:07','2024-03-28 07:15:25'),(938,'20231','Januari',978,1265,38,NULL,'Diterima',NULL,292,'2024-01-15','2024-01-15','2024-01-15 02:58:52','2024-03-28 07:15:25'),(939,'20231','Januari',973,1266,38,NULL,'Diterima',NULL,292,'2024-01-15','2024-01-15','2024-01-15 03:04:14','2024-03-28 07:15:25'),(940,'20231','Januari',975,1198,38,NULL,'Diterima',NULL,292,'2024-01-15','2024-01-15','2024-01-15 03:04:43','2024-03-28 07:15:25'),(941,'20231','Januari',915,1213,38,NULL,'Diterima',NULL,292,'2024-01-15','2024-01-15','2024-01-15 03:05:35','2024-03-28 07:15:25'),(942,'20231','Januari',928,1157,38,NULL,'Diterima',NULL,292,'2024-01-15','2024-01-15','2024-01-15 03:05:49','2024-03-28 07:15:25'),(943,'20231','Januari',983,1267,38,NULL,'Diterima',NULL,292,'2024-01-15','2024-01-15','2024-01-15 03:14:35','2024-03-28 07:15:25'),(944,'20231','Januari',908,1141,38,NULL,'Diterima',NULL,292,'2024-01-15','2024-01-15','2024-01-15 03:24:21','2024-03-28 07:15:25'),(945,'20231','Januari',920,1268,38,NULL,'Diterima',NULL,292,'2024-01-15','2024-01-15','2024-01-15 03:26:16','2024-03-28 07:15:25'),(946,'20231','Januari',911,1262,38,NULL,'Diterima',NULL,292,'2024-01-15','2024-01-15','2024-01-15 03:28:44','2024-03-28 07:15:25'),(947,'20231','Januari',927,1269,38,NULL,'Diterima',NULL,292,'2024-01-15','2024-01-15','2024-01-15 03:36:37','2024-03-28 07:15:25'),(948,'20231','Januari',885,1270,38,NULL,'Diterima',NULL,292,'2024-01-15','2024-01-15','2024-01-15 03:44:06','2024-03-28 07:15:25'),(949,'20231','Januari',891,1127,38,NULL,'Menunggu Verifikasi',NULL,292,'2024-01-15',NULL,'2024-01-15 03:45:00','2024-03-28 07:15:25'),(950,'20231','Januari',907,1252,38,NULL,'Diterima',NULL,292,'2024-01-15','2024-01-15','2024-01-15 03:51:32','2024-03-28 07:15:25'),(951,'20231','Januari',889,1271,38,NULL,'Diterima',NULL,292,'2024-01-15','2024-01-15','2024-01-15 04:02:19','2024-03-28 07:15:25'),(952,'20231','Januari',814,1272,38,NULL,'Menunggu Verifikasi',NULL,292,'2024-01-15','2024-01-15','2024-01-15 04:10:50','2024-03-28 07:15:25'),(953,'20231','Januari',893,1273,38,NULL,'Diterima',NULL,292,'2024-01-15','2024-01-15','2024-01-15 04:11:25','2024-03-28 07:15:25'),(954,'20231','Januari',903,1240,38,NULL,'Diterima',NULL,292,'2024-01-15','2024-01-15','2024-01-15 04:12:02','2024-03-28 07:15:25'),(955,'20231','Januari',564,1245,38,NULL,'Diterima',NULL,292,'2024-01-15','2024-01-15','2024-01-15 04:12:09','2024-03-28 07:15:25'),(956,'20231','Januari',899,1237,38,NULL,'Diterima',NULL,292,'2024-01-15','2024-01-15','2024-01-15 04:12:21','2024-03-28 07:15:25'),(957,'20231','Januari',455,1232,38,NULL,'Diterima',NULL,292,'2024-01-15','2024-01-15','2024-01-15 04:38:20','2024-03-28 07:15:25'),(958,'20231','Januari',984,1275,38,NULL,'Diterima',NULL,292,'2024-01-15','2024-01-15','2024-01-15 04:45:45','2024-03-28 07:15:25'),(959,'20231','Januari',970,1276,38,NULL,'Diterima',NULL,292,'2024-01-15','2024-01-15','2024-01-15 04:50:15','2024-03-28 07:15:25'),(960,'20231','Januari',977,1200,38,NULL,'Diterima',NULL,292,'2024-01-15','2024-01-15','2024-01-15 04:51:59','2024-03-28 07:15:25'),(961,'20231','Januari',981,1204,38,NULL,'Diterima',NULL,292,'2024-01-15','2024-01-15','2024-01-15 04:55:32','2024-03-28 07:15:25'),(962,'20231','Januari',944,1277,38,NULL,'Diterima',NULL,292,'2024-01-15','2024-01-15','2024-01-15 06:28:07','2024-03-28 07:15:25'),(963,'20231','Januari',942,1166,38,NULL,'Diterima',NULL,292,'2024-01-15','2024-01-15','2024-01-15 06:28:46','2024-03-28 07:15:25'),(964,'20231','Januari',961,1184,38,NULL,'Diterima',NULL,292,'2024-01-15','2024-01-15','2024-01-15 06:29:19','2024-03-28 07:15:25'),(965,'20231','Januari',979,1278,38,NULL,'Diterima',NULL,292,'2024-01-15','2024-01-15','2024-01-15 06:39:43','2024-03-28 07:15:25'),(966,'20231','Januari',940,1164,38,NULL,'Diterima',NULL,292,'2024-01-15','2024-01-15','2024-01-15 06:40:04','2024-03-28 07:15:25'),(967,'20231','Januari',972,1195,38,NULL,'Diterima',NULL,292,'2024-01-15','2024-01-15','2024-01-15 06:40:25','2024-03-28 07:15:25'),(968,'20231','Januari',962,1185,38,NULL,'Diterima',NULL,292,'2024-01-15','2024-01-15','2024-01-15 06:40:44','2024-03-28 07:15:25'),(969,'20231','Januari',986,1279,38,NULL,'Diterima',NULL,292,'2024-01-15','2024-01-15','2024-01-15 06:45:42','2024-03-28 07:15:25'),(970,'20231','Januari',949,1258,38,NULL,'Diterima',NULL,292,'2024-01-15','2024-01-15','2024-01-15 06:46:09','2024-03-28 07:15:25'),(971,'20231','Januari',939,1163,38,NULL,'Diterima',NULL,292,'2024-01-15','2024-01-15','2024-01-15 06:47:30','2024-03-28 07:15:25'),(972,'20231','Januari',799,1057,38,NULL,'Diterima',NULL,292,'2024-01-15','2024-01-15','2024-01-15 06:55:44','2024-03-28 07:15:25'),(973,'20231','Januari',959,1280,38,NULL,'Diterima',NULL,292,'2024-01-15','2024-01-15','2024-01-15 07:10:10','2024-03-28 07:15:25'),(974,'20231','Januari',819,1281,38,NULL,'Diterima',NULL,292,'2024-01-15','2024-01-15','2024-01-15 07:11:13','2024-03-28 07:15:25'),(975,'20231','Januari',821,1077,38,NULL,'Diterima',NULL,292,'2024-01-15','2024-01-15','2024-01-15 07:14:22','2024-03-28 07:15:25'),(976,'20231','Januari',867,1108,38,NULL,'Diterima',NULL,292,'2024-01-15','2024-01-15','2024-01-15 07:20:06','2024-03-28 07:15:25'),(977,'20231','Januari',855,1100,38,NULL,'Diterima',NULL,292,'2024-01-15','2024-01-15','2024-01-15 07:20:34','2024-03-28 07:15:25'),(978,'20231','Januari',809,1283,38,NULL,'Diterima',NULL,292,'2024-01-15','2024-01-15','2024-01-15 07:27:28','2024-03-28 07:15:25'),(979,'20231','Januari',511,1284,38,NULL,'Diterima',NULL,292,'2024-01-15','2024-01-15','2024-01-15 07:35:43','2024-03-28 07:15:25'),(980,'20231','Januari',686,1238,38,NULL,'Diterima',NULL,292,'2024-01-15','2024-01-15','2024-01-15 07:46:30','2024-03-28 07:15:25'),(981,'20231','Januari',715,1242,38,NULL,'Diterima',NULL,292,'2024-01-15','2024-01-15','2024-01-15 07:47:02','2024-03-28 07:15:25'),(982,'20231','Januari',716,1274,38,NULL,'Diterima',NULL,292,'2024-01-15','2024-01-15','2024-01-15 07:52:02','2024-03-28 07:15:25'),(983,'20231','Januari',802,1285,38,NULL,'Diterima',NULL,292,'2024-01-15','2024-01-15','2024-01-15 07:52:59','2024-03-28 07:15:25'),(984,'20231','Januari',365,1244,38,NULL,'Diterima',NULL,292,'2024-01-15','2024-01-15','2024-01-15 07:58:53','2024-03-28 07:15:25'),(985,'20231','Januari',473,1226,38,NULL,'Diterima',NULL,292,'2024-01-15','2024-01-15','2024-01-15 08:00:49','2024-03-28 07:15:25'),(986,'20231','Januari',956,1286,38,NULL,'Diterima',NULL,292,'2024-01-15','2024-01-15','2024-01-15 08:01:48','2024-03-28 07:15:25'),(987,'20231','Januari',586,1248,38,NULL,'Diterima',NULL,292,'2024-01-15','2024-01-15','2024-01-15 08:02:00','2024-03-28 07:15:25'),(988,'20231','Januari',843,1287,38,NULL,'Diterima',NULL,292,'2024-01-15','2024-01-15','2024-01-15 08:04:17','2024-03-28 07:15:25'),(989,'20231','Januari',851,1099,38,NULL,'Diterima',NULL,292,'2024-01-15','2024-01-15','2024-01-15 08:05:29','2024-03-28 07:15:25'),(990,'20231','Januari',847,1096,38,NULL,'Diterima',NULL,292,'2024-01-15','2024-01-15','2024-01-15 08:08:43','2024-03-28 07:15:25'),(991,'20231','Januari',424,1259,38,NULL,'Diterima',NULL,292,'2024-01-15','2024-01-15','2024-01-15 08:09:12','2024-03-28 07:15:25'),(992,'20231','Januari',844,1288,38,NULL,'Diterima',NULL,292,'2024-01-15','2024-01-15','2024-01-15 08:16:42','2024-03-28 07:15:25'),(993,'20231','Januari',849,1290,38,NULL,'Diterima',NULL,292,'2024-01-15','2024-01-15','2024-01-15 08:40:56','2024-03-28 07:15:25'),(994,'20231','Januari',880,1118,38,NULL,'Diterima',NULL,292,'2024-01-15','2024-01-15','2024-01-15 08:41:21','2024-03-28 07:15:25'),(995,'20231','Januari',868,1109,38,NULL,'Diterima',NULL,292,'2024-01-15','2024-01-15','2024-01-15 08:41:38','2024-03-28 07:15:25'),(996,'20231','Januari',881,1235,38,NULL,'Diterima',NULL,292,'2024-01-15','2024-01-15','2024-01-15 08:42:11','2024-03-28 07:15:25'),(997,'20231','Januari',863,1291,38,NULL,'Diterima',NULL,292,'2024-01-15','2024-01-15','2024-01-15 08:48:46','2024-03-28 07:15:25'),(998,'20231','Januari',842,1091,38,NULL,'Diterima',NULL,292,'2024-01-15','2024-01-15','2024-01-15 08:49:36','2024-03-28 07:15:25'),(999,'20231','Januari',945,1282,38,NULL,'Diterima',NULL,292,'2024-01-15','2024-01-15','2024-01-15 08:53:14','2024-03-28 07:15:25'),(1000,'20231','Januari',382,1292,38,NULL,'Diterima',NULL,292,'2024-01-15','2024-01-15','2024-01-15 13:14:49','2024-03-28 07:15:25'),(1001,'20231','Januari',679,1261,38,NULL,'Diterima',NULL,292,'2024-01-15','2024-01-15','2024-01-15 13:15:58','2024-03-28 07:15:25'),(1002,'20231','Januari',948,1293,38,NULL,'Diterima',NULL,292,'2024-01-15','2024-01-15','2024-01-15 13:33:48','2024-03-28 07:15:25'),(1003,'20231','Januari',910,1143,38,NULL,'Diterima',NULL,292,'2024-01-15','2024-01-15','2024-01-15 13:36:54','2024-03-28 07:15:25'),(1004,'20231','Januari',900,1135,38,NULL,'Diterima',NULL,292,'2024-01-15','2024-01-15','2024-01-15 13:37:30','2024-03-28 07:15:25'),(1005,'20231','Januari',891,1294,38,NULL,'Diterima',NULL,292,'2024-01-15','2024-01-15','2024-01-15 13:47:42','2024-03-28 07:15:25'),(1006,'20231','Januari',926,1243,38,NULL,'Diterima',NULL,292,'2024-01-15','2024-01-15','2024-01-15 13:48:55','2024-03-28 07:15:25'),(1007,'20231','Januari',989,1218,38,NULL,'Diterima',NULL,292,'2024-01-15','2024-01-15','2024-01-15 13:49:50','2024-03-28 07:15:25'),(1008,'20231','Januari',993,1222,38,NULL,'Menunggu Verifikasi',NULL,292,'2024-01-15','2024-01-16','2024-01-15 13:50:22','2024-03-28 07:15:25'),(1009,'20231','Januari',98,1220,38,NULL,'Diterima',NULL,292,'2024-01-15','2024-01-15','2024-01-15 13:51:16','2024-03-28 07:15:25'),(1010,'20231','Januari',917,1295,38,NULL,'Diterima',NULL,292,'2024-01-15','2024-01-15','2024-01-15 14:03:31','2024-03-28 07:15:25'),(1011,'20231','Januari',929,1225,38,NULL,'Diterima',NULL,292,'2024-01-15','2024-01-15','2024-01-15 14:04:08','2024-03-28 07:15:25'),(1012,'20231','Januari',892,1296,38,NULL,'Diterima',NULL,292,'2024-01-15','2024-01-15','2024-01-15 14:13:25','2024-03-28 07:15:25'),(1013,'20231','Januari',822,1257,38,NULL,'Diterima',NULL,292,'2024-01-15','2024-01-15','2024-01-15 14:14:10','2024-03-28 07:15:25'),(1014,'20231','Januari',505,1229,38,NULL,'Diterima',NULL,292,'2024-01-15','2024-01-15','2024-01-15 14:17:25','2024-03-28 07:15:25'),(1015,'20231','Januari',805,1063,38,NULL,'Diterima',NULL,292,'2024-01-15','2024-01-15','2024-01-15 14:20:38','2024-03-28 07:15:25'),(1016,'20231','Januari',794,1054,38,NULL,'Diterima',NULL,292,'2024-01-15','2024-01-15','2024-01-15 14:21:55','2024-03-28 07:15:25'),(1017,'20231','Januari',886,1297,38,NULL,'Diterima',NULL,292,'2024-01-15','2024-01-15','2024-01-15 14:33:44','2024-03-28 07:15:25'),(1018,'20231','Januari',890,1126,38,NULL,'Diterima',NULL,292,'2024-01-15','2024-01-15','2024-01-15 14:34:47','2024-03-28 07:15:25'),(1019,'20231','Januari',925,1249,38,NULL,'Diterima',NULL,292,'2024-01-15','2024-01-15','2024-01-15 14:35:29','2024-03-28 07:15:25'),(1020,'20231','Januari',904,1250,38,NULL,'Diterima',NULL,292,'2024-01-15','2024-01-15','2024-01-15 14:36:03','2024-03-28 07:15:25'),(1021,'20231','Januari',902,1251,38,NULL,'Diterima',NULL,292,'2024-01-15','2024-01-15','2024-01-15 14:36:43','2024-03-28 07:15:25'),(1022,'20231','Januari',175,1224,38,NULL,'Diterima',NULL,292,'2024-01-15','2024-01-15','2024-01-15 14:39:04','2024-03-28 07:15:25'),(1023,'20231','Januari',922,1152,38,NULL,'Diterima',NULL,292,'2024-01-15','2024-01-15','2024-01-15 14:39:47','2024-03-28 07:15:25'),(1024,'20231','Januari',937,1254,38,NULL,'Diterima',NULL,292,'2024-01-15','2024-01-15','2024-01-15 14:40:27','2024-03-28 07:15:25'),(1025,'20231','Januari',897,1133,38,NULL,'Diterima',NULL,292,'2024-01-15','2024-01-15','2024-01-15 14:41:54','2024-03-28 07:15:25'),(1026,'20231','Januari',898,1255,38,NULL,'Diterima',NULL,292,'2024-01-15','2024-01-15','2024-01-15 14:42:28','2024-03-28 07:15:25'),(1027,'20231','Januari',953,1298,38,NULL,'Diterima',NULL,292,'2024-01-15','2024-01-15','2024-01-15 14:53:42','2024-03-28 07:15:25'),(1028,'20231','Januari',946,1169,38,NULL,'Diterima',NULL,292,'2024-01-15','2024-01-15','2024-01-15 14:54:18','2024-03-28 07:15:25'),(1029,'20231','Januari',957,1299,38,NULL,'Diterima',NULL,292,'2024-01-15','2024-01-15','2024-01-15 15:08:14','2024-03-28 07:15:25'),(1030,'20231','Januari',960,1183,38,NULL,'Diterima',NULL,292,'2024-01-15','2024-01-15','2024-01-15 15:08:44','2024-03-28 07:15:25'),(1031,'20231','Januari',951,1174,38,NULL,'Diterima',NULL,292,'2024-01-15','2024-01-15','2024-01-15 15:09:14','2024-03-28 07:15:25'),(1032,'20231','Januari',971,1194,38,NULL,'Diterima',NULL,292,'2024-01-15','2024-01-15','2024-01-15 15:09:44','2024-03-28 07:15:25'),(1033,'20231','Januari',974,1197,38,NULL,'Diterima',NULL,292,'2024-01-15','2024-01-15','2024-01-15 15:10:16','2024-03-28 07:15:25'),(1034,'20231','Januari',950,1173,38,NULL,'Diterima',NULL,292,'2024-01-15','2024-01-15','2024-01-15 15:10:49','2024-03-28 07:15:25'),(1035,'20231','Januari',958,1181,38,NULL,'Diterima',NULL,292,'2024-01-15','2024-01-15','2024-01-15 15:11:19','2024-03-28 07:15:25'),(1036,'20231','Januari',967,1300,38,NULL,'Diterima',NULL,292,'2024-01-15','2024-01-15','2024-01-15 15:22:28','2024-03-28 07:15:25'),(1037,'20231','Januari',982,1301,38,NULL,'Diterima',NULL,292,'2024-01-15','2024-01-15','2024-01-15 15:32:25','2024-03-28 07:15:25'),(1038,'20231','Januari',955,1178,38,NULL,'Diterima',NULL,292,'2024-01-15','2024-01-15','2024-01-15 15:32:55','2024-03-28 07:15:25'),(1039,'20231','Januari',921,1302,38,NULL,'Diterima',NULL,292,'2024-01-15','2024-01-15','2024-01-15 15:47:06','2024-03-28 07:15:25'),(1040,'20231','Januari',894,1303,38,NULL,'Diterima',NULL,292,'2024-01-15','2024-01-15','2024-01-15 15:56:57','2024-03-28 07:15:25'),(1041,'20231','Januari',469,1228,38,NULL,'Diterima',NULL,292,'2024-01-15','2024-01-15','2024-01-15 15:57:43','2024-03-28 07:15:25'),(1042,'20231','Januari',873,1113,38,NULL,'Diterima',NULL,292,'2024-01-15','2024-01-15','2024-01-15 16:01:49','2024-03-28 07:15:25'),(1043,'20231','Januari',437,1231,38,NULL,'Diterima',NULL,292,'2024-01-15','2024-01-15','2024-01-15 16:06:26','2024-03-28 07:15:25'),(1044,'20231','Januari',457,1230,38,NULL,'Diterima',NULL,292,'2024-01-15','2024-01-15','2024-01-15 16:07:27','2024-03-28 07:15:25'),(1045,'20231','Januari',508,1304,38,NULL,'Diterima',NULL,292,'2024-01-15','2024-01-15','2024-01-15 16:12:23','2024-03-28 07:15:25'),(1046,'20231','Januari',858,1103,38,NULL,'Diterima',NULL,292,'2024-01-16','2024-01-16','2024-01-16 01:58:31','2024-03-28 07:15:25'),(1047,'20231','Januari',879,1305,38,NULL,'Diterima',NULL,292,'2024-01-16','2024-01-16','2024-01-16 02:05:59','2024-03-28 07:15:25'),(1048,'20231','Januari',588,1234,38,NULL,'Diterima',NULL,292,'2024-01-16','2024-01-16','2024-01-16 02:16:08','2024-03-28 07:15:25'),(1049,'20231','Januari',876,1289,38,NULL,'Diterima',NULL,292,'2024-01-16','2024-01-16','2024-01-16 03:20:19','2024-03-28 07:15:25'),(1050,'20231','Januari',301,1306,38,NULL,'Diterima',NULL,292,'2024-01-16','2024-01-16','2024-01-16 10:31:53','2024-03-28 07:15:25'),(1051,'20231','Januari',810,1307,38,NULL,'Diterima',NULL,292,'2024-01-23','2024-01-23','2024-01-23 06:37:00','2024-03-28 07:15:25'),(1052,'20231','Januari',924,1154,38,NULL,'Menunggu Verifikasi',NULL,292,'2024-03-13',NULL,'2024-03-13 03:55:08','2024-03-28 07:15:25'),(1053,'20231','Januari',848,1097,38,NULL,'Menunggu Verifikasi',NULL,292,'2024-03-28',NULL,'2024-03-28 05:15:51','2024-03-28 07:15:25');

--
-- Table structure for table `kategoris`
--

CREATE TABLE `kategoris` (
  `id` bigint(20) unsigned NOT NULL AUTO_INCREMENT,
  `periode` varchar(20) COLLATE utf8mb4_unicode_ci NOT NULL,
  `bulan` varchar(30) COLLATE utf8mb4_unicode_ci NOT NULL,
  `jenis` varchar(30) COLLATE utf8mb4_unicode_ci NOT NULL DEFAULT 'Sidang',
  `nama` varchar(100) COLLATE utf8mb4_unicode_ci NOT NULL,
  `dbase` varchar(50) COLLATE utf8mb4_unicode_ci DEFAULT NULL,
  `deskripsi` longtext COLLATE utf8mb4_unicode_ci DEFAULT NULL,
  `upload` varchar(10) COLLATE utf8mb4_unicode_ci NOT NULL,
  `template` varchar(200) COLLATE utf8mb4_unicode_ci DEFAULT NULL,
  `tipe` varchar(20) COLLATE utf8mb4_unicode_ci DEFAULT NULL,
  `size` double(8,2) NOT NULL DEFAULT 0.00,
  `verifikator` varchar(100) COLLATE utf8mb4_unicode_ci NOT NULL,
  `tgl_perpustakaan` timestamp NULL DEFAULT NULL,
  `created_at` timestamp NULL DEFAULT NULL,
  `updated_at` timestamp NULL DEFAULT NULL,
  PRIMARY KEY (`id`)
) ENGINE=InnoDB AUTO_INCREMENT=40 DEFAULT CHARSET=utf8mb4 COLLATE=utf8mb4_unicode_ci;

--
-- Dumping data for table `kategoris`
--

INSERT INTO `kategoris` VALUES (4,'20221','Oktober','Sidang','Biaya Kuliah dan Biaya Bimbingan',NULL,'Upload Bukti Bayar Kuliah dan Bimbingan format PDF','','','',0.00,'18',NULL,'2022-10-12 09:19:31','2022-10-16 06:37:29'),(21,'20221','Oktober','Sidang','Nilai (Jumlah SKS)',NULL,'Transkrip','Ya','','pdf',1000.00,'292',NULL,'2022-11-01 16:50:19','2022-11-01 16:50:19'),(22,'20221','Oktober','Sidang','Nilai (Total Bobot Nilai)',NULL,NULL,'Ya','','pdf',1000.00,'292',NULL,'2022-11-01 16:51:33','2022-11-01 16:51:33'),(23,'20221','Oktober','Sidang','Buku TA/PA (3 buku diserahkan ke Prodi)',NULL,NULL,'','','',0.00,'0',NULL,'2022-11-01 16:52:36','2022-11-01 16:52:36'),(24,'20221','Oktober','Sidang','Telah Mengikuti Seminar Karir',NULL,NULL,'','','',0.00,'291',NULL,'2022-11-01 16:52:52','2022-11-01 16:52:52'),(25,'20221','Oktober','Sidang','Judul NET',NULL,NULL,'Ya','','pdf',1000.00,'292',NULL,'2022-11-01 16:53:10','2022-11-01 16:53:10'),(26,'20221','Oktober','Sidang','Persyaratan Ujian Sidang',NULL,NULL,'','','',0.00,'292',NULL,'2022-11-01 16:53:29','2022-11-01 16:53:38'),(27,'20221','Oktober','Sidang','Surat Keterangan telah melakukan penelitian  dari lokus',NULL,NULL,'Ya','','pdf',1000.00,'292',NULL,'2022-11-01 16:53:54','2022-11-01 16:53:54'),(28,'20221','Oktober','Sidang','Surat proof reading (bagi yang menggunakan  bahasa Inggris',NULL,'Pengesahan Ketua Unit Bahasa','Ya','','pdf',1000.00,'292',NULL,'2022-11-01 16:54:34','2022-11-01 16:54:34'),(29,'20221','Oktober','Sidang','Report Scan Plagiarisme Detection',NULL,NULL,'','','',0.00,'21',NULL,'2022-11-01 16:55:18','2022-11-01 16:55:18'),(30,'20221','Oktober','Sidang','Menyerahkan Kartu Tanda Mahasiswa (KTM)  yang masih berlaku',NULL,NULL,'','','',0.00,'292',NULL,'2022-11-01 16:55:39','2022-11-01 16:55:39'),(31,'20221','Oktober','Sidang','Persetujuan TA/PA (Penguji 1)',NULL,NULL,'Ya','','pdf',1000.00,'292',NULL,'2022-11-01 16:56:24','2022-11-01 16:56:43'),(32,'20221','Oktober','Sidang','Persetujuan TA/PA (Penguji 2)',NULL,NULL,'Ya','','pdf',1000.00,'292',NULL,'2022-11-01 16:56:54','2022-11-01 16:56:54'),(33,'20221','Oktober','Sidang','Telah Mengikuti Ujikom',NULL,NULL,'','','',0.00,'20',NULL,'2022-11-01 16:57:16','2022-11-01 16:57:16'),(34,'20221','Oktober','Sidang','Mengikuti Inkubasi (Khusus Peserta Sidang Bisnis  Plan)',NULL,NULL,'','','',0.00,'293',NULL,'2022-11-01 16:57:47','2022-11-01 16:57:47'),(35,'20221','Oktober','Sidang','Pengembalian Pinjaman Buku',NULL,NULL,'','','',0.00,'19',NULL,'2022-11-01 16:58:04','2022-11-01 16:58:04'),(36,'20222','Januari','Sidang','Telah Menyelesaikan Clearens Card Sidang Januari',NULL,NULL,'','','',0.00,'292',NULL,'2022-11-15 09:24:21','2023-01-17 03:23:15'),(37,'20222','Agustus','Sidang','Telah Menyelesaikan CC Sidang periode 20222-Agustus',NULL,NULL,'','','',0.00,'292',NULL,'2023-06-23 02:09:07','2023-07-12 07:48:32'),(38,'20231','Januari','Sidang','Clearance Card',NULL,'Manual','','','',0.00,'292',NULL,'2024-01-04 06:20:10','2024-01-04 06:20:58');

--
-- Table structure for table `mahasiswas`
--

CREATE TABLE `mahasiswas` (
  `id` bigint(20) unsigned NOT NULL AUTO_INCREMENT,
  `nim` varchar(20) COLLATE utf8mb4_unicode_ci NOT NULL,
  `nama` varchar(60) COLLATE utf8mb4_unicode_ci NOT NULL,
  `tgllahir` date NOT NULL,
  `program` varchar(2) COLLATE utf8mb4_unicode_ci NOT NULL,
  `created_at` timestamp NULL DEFAULT NULL,
  `updated_at` timestamp NULL DEFAULT NULL,
  PRIMARY KEY (`id`),
  UNIQUE KEY `mahasiswas_nim_unique` (`nim`)
) ENGINE=InnoDB AUTO_INCREMENT=1405 DEFAULT CHARSET=utf8mb4 COLLATE=utf8mb4_unicode_ci;

--
-- Dumping data for table `mahasiswas`
--

INSERT INTO `mahasiswas` VALUES (2,'201923833','IGA SAFA MARWANI','1996-01-16','S2','2022-10-11 02:20:04','2022-10-11 02:20:04'),(3,'201722457','VANDA NIRMA AUDITA','1994-08-03','S2','2022-10-11 02:20:04','2022-10-11 02:20:04'),(4,'201822460','ALTHOFANIS JULIHEIR PUTRA','1999-07-30','S1','2022-10-11 02:20:04','2022-10-11 02:20:04'),(5,'201822461','ANANDA BAGUS ARIEF NUGRAHA','2000-09-06','S1','2022-10-11 02:20:05','2022-10-11 02:20:05'),(6,'201822464','CHOIRUNNISA RAHMATIKA','1999-07-20','S1','2022-10-11 02:20:05','2022-10-11 02:20:05'),(7,'201822466','DEFA RIZKY MAULANI','2001-06-11','S1','2022-10-11 02:20:05','2022-10-11 02:20:05'),(8,'201822468','FASYA NAUFAL','1999-04-11','S1','2022-10-11 02:20:05','2022-10-11 02:20:05'),(9,'201822469','FEBY NUR IKRAWARDANI','2000-02-11','S1','2022-10-11 02:20:05','2022-10-11 02:20:05'),(10,'201822471','FLORENTIA OKTAVIANA DEWI','2000-10-05','S1','2022-10-11 02:20:05','2022-10-11 02:20:05'),(11,'201822472','GABRIEL ALEXANDER','2000-05-31','S1','2022-10-11 02:20:05','2022-10-11 02:20:05'),(12,'201822473','INAS JIHAN FAUZIYYAH','2000-03-22','S1','2022-10-11 02:20:05','2022-10-11 02:20:05'),(13,'201822474','KAYRA TAMMA YOGI','2000-04-11','S1','2022-10-11 02:20:05','2022-10-11 02:20:05'),(14,'201822475','M ALIEF FAWWAZ','2000-07-15','S1','2022-10-11 02:20:05','2022-10-11 02:20:05'),(15,'201822476','MAULIDINA IHZA ALMAYDA','1999-05-27','S1','2022-10-11 02:20:05','2022-10-11 02:20:05'),(16,'201822480','NAJMA AFIFA NURFARA','2000-01-16','S1','2022-10-11 02:20:05','2022-10-11 02:20:05'),(17,'201822485','STELLA TANDRI','2001-07-03','S1','2022-10-11 02:20:05','2022-10-11 02:20:05'),(18,'201822486','VINCENT AIRELL CAESAR KOEMAJAS','1999-09-14','S1','2022-10-11 02:20:05','2022-10-11 02:20:05'),(19,'201822488','AGRESTASHA NURSAVIRA LIM','2000-07-28','S1','2022-10-11 02:20:05','2022-10-11 02:20:05'),(20,'201822499','FELIN TRIANA','2001-02-20','S1','2022-10-11 02:20:05','2022-10-11 02:20:05'),(21,'201822503','INGGIT SALSABILA PUTRI','2000-11-25','S1','2022-10-11 02:20:05','2022-10-11 02:20:05'),(22,'201822504','KLARISSA ARDINA FEBRIANY','2001-02-12','S1','2022-10-11 02:20:06','2022-10-11 02:20:06'),(23,'201822512','REINALD HAYADIPUTRA','2000-07-30','S1','2022-10-11 02:20:06','2022-10-11 02:20:06'),(24,'201822519','AMRAN MANSYDEA SAING','2000-07-12','S1','2022-10-11 02:20:06','2022-10-11 02:20:06'),(25,'201822521','AUDREY GERALDINE HAMINDONG','2000-07-27','S1','2022-10-11 02:20:06','2022-10-11 02:20:06'),(26,'201822522','BUNGA CINTA EVANGELIN','2000-01-15','S1','2022-10-11 02:20:06','2022-10-11 02:20:06'),(27,'201822523','DAEN ZAKI ALIM','2000-09-15','S1','2022-10-11 02:20:06','2022-10-11 02:20:06'),(28,'201822524','DEA NAULI','2000-04-15','S1','2022-10-11 02:20:06','2022-10-11 02:20:06'),(29,'201822528','FADHLAN RADYAHADI','1999-11-08','S1','2022-10-11 02:20:06','2022-10-11 02:20:06'),(30,'201822533','IKHSAN ARDIANSYAH','2000-05-27','S1','2022-10-11 02:20:06','2022-10-11 02:20:06'),(31,'201822534','JULIAN NATHANAEL','2000-01-18','S1','2022-10-11 02:20:06','2022-10-11 02:20:06'),(32,'201822537','MOHAMMAD RIZQI AFREZA','2000-04-12','S1','2022-10-11 02:20:06','2022-10-11 02:20:06'),(33,'201822538','MONIKA PUSPITA CANDRA SURYO','2000-09-20','S1','2022-10-11 02:20:06','2022-10-11 02:20:06'),(34,'201822545','SANTIKA DEWI PURWANTI','2000-04-26','S1','2022-10-11 02:20:06','2022-10-11 02:20:06'),(35,'201721752','JAMILAH','1981-03-10','S1','2022-10-11 02:20:06','2022-10-11 02:20:06'),(36,'201822548','AJEN CAMPAKARARANG','2000-01-21','D4','2022-10-11 02:20:06','2022-10-11 02:20:06'),(37,'201822555','GABRIELLA CHRISTIANE WATULANGKOW','2000-04-17','D4','2022-10-11 02:20:07','2022-10-11 02:20:07'),(38,'201822560','MUHAMMAD DAFFA ACHDAN NURMANSYA','2000-05-25','D4','2022-10-11 02:20:07','2022-10-11 02:20:07'),(39,'201822569','SHEFRINA TIRTA ROSITA','2001-03-27','D4','2022-10-11 02:20:07','2022-10-11 02:20:07'),(40,'201721777','NUR GILANG K','1999-08-18','D4','2022-10-11 02:20:07','2022-10-11 02:20:07'),(41,'201822580','CHARDIA NUR NABILA CHARDIWAN','2000-04-07','D4','2022-10-11 02:20:07','2022-10-11 02:20:07'),(42,'201822588','MUHAMMAD PASCAL CAESAR GISWATAMA','2000-08-12','D4','2022-10-11 02:20:07','2022-10-11 02:20:07'),(43,'201621118','LINDA ADINI KHAIRUNNISA','1997-12-13','D4','2022-10-11 02:20:07','2022-10-11 02:20:07'),(44,'201721810','SOLAGRATIA LUSTEN','1999-04-14','D4','2022-10-11 02:20:07','2022-10-11 02:20:07'),(45,'201721804','MUHAMMAD FIQRI ABDILLAH','1999-03-24','D4','2022-10-11 02:20:07','2022-10-11 02:20:07'),(46,'201822601','ALIFIA NUR AWALINA','2000-01-10','D4','2022-10-11 02:20:07','2022-10-11 02:20:07'),(47,'201822603','ASSA`DIYAH NURUL SYIFA MAULANA','2000-04-07','D4','2022-10-11 02:20:07','2022-10-11 02:20:07'),(48,'201822606','DIONISIUS AGUNG JAMIN','1998-10-28','D4','2022-10-11 02:20:07','2023-06-26 09:50:18'),(49,'201822619','PRISCILLA JILLY FEBRIANA','2001-02-19','D4','2022-10-11 02:20:07','2022-10-11 02:20:07'),(50,'201822633','ILHAM MUSTOFA','2000-06-19','D4','2022-10-11 02:20:07','2022-10-11 02:20:07'),(51,'201822634','LAILI KAZHIMAH','2000-02-22','D4','2022-10-11 02:20:07','2022-10-11 02:20:07'),(52,'201822640','NATASHA JANICE FEBRIANNE','2000-02-02','D4','2022-10-11 02:20:08','2022-10-11 02:20:08'),(53,'201822655','BASILIUS AGUNG PINANDITO','2000-01-02','D4','2022-10-11 02:20:08','2022-10-11 02:20:08'),(54,'201822658','ELFRIETHA DHEWI ANDHINI','2000-11-05','D4','2022-10-11 02:20:08','2022-10-11 02:20:08'),(55,'201822687','EVANGELINE UTOMO','2000-03-10','D4','2022-10-11 02:20:08','2022-10-11 02:20:08'),(56,'201822714','JOSUA MARBUN','2000-03-22','D6','2022-10-11 02:20:08','2023-01-17 03:34:25'),(57,'2020309055','RIDHA NISRINA','1998-09-26','D4','2022-10-11 02:20:08','2022-10-11 02:20:08'),(58,'2021309014','ALOYSIUS RONALDO SETIADI','1998-06-22','D4','2022-10-11 02:20:08','2022-10-11 02:20:08'),(59,'2021309024','RIANDI NUGRAHA','1995-04-10','D4','2022-10-11 02:20:08','2022-10-11 02:20:08'),(60,'2021309045','YUSUF ADITYA PRATAMA','1998-08-18','D4','2022-10-11 02:20:08','2022-10-11 02:20:08'),(61,'2021309055','WISNU RIZKY NUGRAHA','1996-10-09','D4','2022-10-11 02:20:08','2022-10-11 02:20:08'),(62,'201822709','BELVA CORDELYA RUSTANTARA','2000-05-23','D4','2022-10-11 02:20:08','2022-10-11 02:20:08'),(63,'201822705','ALDO YEHEZKIEL','1999-07-20','D4','2022-10-11 02:20:08','2022-10-11 02:20:08'),(64,'201923401','HENDRIKA CHARLOTTE MARGARETH SITORUS','2002-05-28','D3','2022-10-11 02:20:08','2022-10-11 02:20:08'),(65,'201923405','JONATHAN RONAN KURNIAWAN','2000-01-31','D3','2022-10-11 02:20:09','2022-10-11 02:20:09'),(66,'201923411','PUJIYAWATI KUSWAYA','2000-01-17','D3','2022-10-11 02:20:09','2022-10-11 02:20:09'),(67,'201923481','MUHAMAD DAVA PUTRA BAYU KRISNA','2001-01-11','D3','2022-10-11 02:20:09','2022-10-11 02:20:09'),(68,'201822797','ACHMAD EARLY AL FARID','2000-08-23','D3','2022-10-11 02:20:09','2022-10-11 02:20:09'),(69,'201822987','ANDHIKA GARNETA PUTRA','1998-07-11','D3','2022-10-11 02:20:09','2022-10-11 02:20:09'),(70,'201722247','DERIA RAMADHANTI','1998-01-05','D3','2022-10-11 02:20:09','2022-10-11 02:20:09'),(71,'201722267','AMELIA PUTRI MAURIZKA','1998-11-30','D3','2022-10-11 02:20:09','2022-10-11 02:20:09'),(72,'201722281','MUHAMMAD RAFLY NUGROHO TRISUSANTO','1998-05-11','D3','2022-10-11 02:20:09','2022-10-11 02:20:09'),(73,'201822777','AMADEA JEMIMA','2000-02-21','D3','2022-10-11 02:20:09','2022-10-11 02:20:09'),(74,'201923528','MACHFIRAH NIDEA PUTRI','2001-05-16','D3','2022-10-11 02:20:09','2022-10-11 02:20:09'),(75,'201923536','NATANAEL NICO MATASAK','2001-05-18','D3','2022-10-11 02:20:09','2022-10-11 02:20:09'),(76,'201923585','SATRYA DAFFA NURJAKA','2000-12-07','D3','2022-10-11 02:20:09','2022-10-11 02:20:09'),(77,'201822564','REKYAN PRITA','1999-01-09','D4','2022-12-19 04:12:29','2022-12-19 04:12:29'),(78,'201822566','SEPTHEYA LA NINGRUM','2000-09-22','D4','2022-12-19 04:12:29','2022-12-19 04:12:29'),(79,'201822572','YEREMIA MEDELLU','1998-04-12','D4','2022-12-19 04:12:30','2022-12-19 04:12:30'),(80,'201822559','LUTHFI FADHILUL INSAN','2000-02-10','D4','2022-12-19 04:12:30','2024-04-04 07:51:56'),(81,'201822562','MUTIARA ILMA AZZAHRA','2000-05-19','D4','2022-12-19 04:12:30','2022-12-19 04:12:30'),(82,'201822571','WELDRIK NOELDI SIMANJUNTAK','2000-04-09','D4','2022-12-19 04:12:30','2024-04-04 07:51:56'),(83,'201822463','AZIZ MUHAMMAD NAUVAL','1999-11-29','S1','2022-12-19 04:12:30','2024-05-30 06:44:21'),(84,'201822477','MOHAMMAD ROSYID KARTIKAWAN','2000-04-21','S1','2022-12-19 04:12:30','2024-05-30 06:47:04'),(85,'201822484','RUBY AULIA RACHMASARI','1999-11-19','S1','2022-12-19 04:12:30','2022-12-19 04:12:30'),(86,'201822494','DANIEL ALFARIS SURYA PAH','2000-05-05','S1','2022-12-19 04:12:30','2024-05-30 06:49:00'),(87,'201822505','MAHARANI PUTRI RAIDA','2000-07-12','S1','2022-12-19 04:12:30','2023-06-26 09:50:11'),(88,'201822507','MOKHAMAD JUANG SULTAN HANAFI','2000-07-25','S1','2022-12-19 04:12:30','2022-12-19 04:12:30'),(89,'201822508','MUHAMMAD DARIS NAUFAL ROFIF','2000-11-21','S1','2022-12-19 04:12:31','2022-12-19 04:12:31'),(90,'201822513','RIKI SUBIANTO','2000-08-29','S1','2022-12-19 04:12:31','2022-12-19 04:12:31'),(91,'201822514','SALMA NABILA M','2000-09-15','S1','2022-12-19 04:12:31','2023-06-26 09:50:11'),(92,'201822517','ZENDRA HARIS PRASETYA','2000-11-25','S1','2022-12-19 04:12:31','2022-12-19 04:12:31'),(93,'201822525','DINDA RAMADANTI','2000-11-30','S1','2022-12-19 04:12:31','2022-12-19 04:12:31'),(94,'201822531','FLAVIA DOMITILLA FAUSTA ','2000-06-14','S1','2022-12-19 04:12:31','2023-06-26 09:50:11'),(95,'201822532','FRISKA DESTAMI','1999-12-31','S1','2022-12-19 04:12:31','2022-12-19 04:12:31'),(96,'201822543','REYHAN TOGI PUTRANTO','2000-08-16','S1','2022-12-19 04:12:31','2024-05-30 06:49:10'),(97,'201823139','INDRA ARDIAN NURDIANSYAH ','1999-11-16','S1','2022-12-19 04:12:31','2023-06-26 09:50:11'),(98,'201822575','ALIFIA SALSABILA RIFIANY','2000-05-21','D4','2022-12-19 04:12:31','2023-11-15 02:21:56'),(99,'201822593','TAQBIR KRISHNA HANIF DWIYANDY','2000-04-12','D4','2022-12-19 04:12:31','2022-12-19 04:12:31'),(100,'201822607','DIONISIUS AGUNG JAMIN','1999-11-17','D4','2022-12-19 04:12:31','2022-12-19 04:12:31'),(101,'201822615','MUHAMMAD DAFFA AULIA','2000-04-18','D4','2022-12-19 04:12:31','2022-12-19 04:12:31'),(102,'201822611','HUSNUL KHATIMAH AMIN','1999-11-07','D4','2022-12-19 04:12:31','2022-12-19 04:12:31'),(103,'201822623','YAZID NAUFAL RAIHANSYAH','2000-11-13','D4','2022-12-19 04:12:31','2024-04-04 07:52:01'),(104,'201822652','ARDI NUGROHO','2000-04-20','D4','2022-12-19 04:12:32','2024-04-04 07:52:03'),(105,'201822659','FAISAL PONTOH','2000-05-04','D4','2022-12-19 04:12:32','2022-12-19 04:12:32'),(106,'201822665','NADIA','2000-10-27','D4','2022-12-19 04:12:32','2024-04-04 07:52:03'),(107,'201822675','SAMANTHA PRINCESZA JAZZYKA ENGKA','2001-04-13','D4','2022-12-19 04:12:32','2024-04-04 07:52:03'),(108,'201822701','SEILTA SALSABILLA SYAHARANI ANDIE PUTRI','2000-04-28','D4','2022-12-19 04:12:32','2024-04-04 07:52:07'),(109,'201721961','GALBY VYANA RIEFFITA DARA','1997-12-11','D4','2022-12-19 04:12:32','2024-04-04 07:52:07'),(110,'201721970','QORRY RUSDY SYAHBANY','1998-12-12','D4','2022-12-19 04:12:32','2024-04-04 07:52:07'),(111,'201721972','RAKA HERNANDA HESAPUTRA','1999-03-17','D4','2022-12-19 04:12:32','2023-11-17 09:02:17'),(112,'201721982','ERLANGGA PRAMUDIA','1999-05-02','D4','2022-12-19 04:12:32','2024-04-04 07:52:07'),(113,'201721985','IVANDER GEOFFREY SINAGA','1998-04-13','D4','2022-12-19 04:12:32','2024-04-04 07:52:07'),(114,'201721998','SITI HAJAR RAHMANTI','1999-04-15','D4','2022-12-19 04:12:32','2024-04-04 07:52:07'),(115,'201721999','THOMAS CHANDRAJAYA SUGIAMAN','1999-03-28','D4','2022-12-19 04:12:32','2023-11-17 09:02:17'),(116,'201722002','ZHAFIRA AYU ELIANI','1998-07-11','D4','2022-12-19 04:12:32','2024-04-04 07:52:07'),(117,'2020309063','MOHAMMAD ROMARIO FABASQA','1994-07-17','D4','2022-12-19 04:12:32','2024-04-04 07:52:07'),(118,'2020309069','EDWARD FEBRIYANA','1991-02-23','D4','2022-12-19 04:12:32','2022-12-19 04:12:32'),(119,'2021309056','YOGA MARTAREZA DARMAWAN','1990-04-10','D4','2022-12-19 04:12:33','2024-04-04 07:52:07'),(120,'201822729','ZIDAN JULIAN','2000-07-23','D4','2022-12-19 04:12:33','2022-12-19 04:12:33'),(121,'201822948','MULYANTO','1997-05-21','D3','2022-12-19 04:12:33','2023-11-15 02:21:59'),(122,'201722015','MOCHAMAD FARHAN FADHILAH','1970-01-01','D3','2022-12-19 04:12:33','2022-12-19 04:12:33'),(123,'201923402','ILHAM SETIADI','1999-09-05','D3','2022-12-19 04:12:33','2022-12-19 04:12:33'),(124,'201923431','MEGA HANDIKA LESMANA','2000-05-07','D3','2022-12-19 04:12:33','2023-11-15 02:21:59'),(125,'201923440','SHENA ANANDA','2001-01-22','D3','2022-12-19 04:12:33','2022-12-19 04:12:33'),(126,'201923624','DAFFA ABIYAN CAHRIA','2000-01-25','D3','2022-12-19 04:12:33','2022-12-19 04:12:33'),(127,'201923632','MUKHAMMAD RAVI BURA','2001-03-26','D3','2022-12-19 04:12:33','2023-01-23 07:06:02'),(128,'201923634','REVI ADITYA AKBAR SUTISNA','2001-03-08','D3','2022-12-19 04:12:33','2023-06-26 09:50:29'),(129,'201923636','SARI ROHANI','2001-09-11','D3','2022-12-19 04:12:33','2022-12-19 04:12:33'),(130,'201923646','BERLIAN RATU MEGA SILVIA','1999-11-08','D3','2022-12-19 04:12:33','2022-12-19 04:12:33'),(131,'201923650','DIVA AZHARIA MAHESWARI','2002-01-12','D3','2022-12-19 04:12:33','2022-12-19 04:12:33'),(132,'201923652','HARDI HIMAWAN HARLIM','2000-05-05','D3','2022-12-19 04:12:33','2022-12-19 04:12:33'),(133,'201923659','SALSABILLA PUTRI KENARY','1999-10-09','D3','2022-12-19 04:12:33','2023-01-21 04:31:43'),(134,'201923664','ZAHWA SHABITAH LATIEF','2001-08-10','D3','2022-12-19 04:12:33','2022-12-19 04:12:33'),(135,'201923403','INDAH FARAH ANNISA','2001-05-10','D3','2022-12-19 04:12:34','2022-12-19 04:12:34'),(136,'201923410','NAZLA ZAHRA','2001-04-07','D3','2022-12-19 04:12:34','2022-12-19 04:12:34'),(137,'201923618','ABEL APRIYANSYAH','2001-05-05','D3','2022-12-19 04:12:34','2022-12-19 04:12:34'),(138,'201923619','ADHITYA NUGRAHA','2001-09-23','D3','2022-12-19 04:12:34','2022-12-19 04:12:34'),(139,'201923620','ANGGI BELLA PERTIWI','2000-03-10','D3','2022-12-19 04:12:34','2023-01-22 03:47:05'),(140,'201923621','ASHA ANNISA DWI PRASETYA','2000-08-13','D3','2022-12-19 04:12:34','2022-12-19 04:12:34'),(141,'201923627','FAZKHA SETIABUDHY SUGIH HIDAYAT','2001-12-19','D3','2022-12-19 04:12:34','2023-06-26 09:50:29'),(142,'201923628','GILANG REKSI WARDHANA','2001-04-12','D3','2022-12-19 04:12:34','2022-12-19 04:12:34'),(143,'201923629','I PUTU YEHEZKIEL AWIDYA WIJAYA','2000-12-21','D3','2022-12-19 04:12:34','2022-12-19 04:12:34'),(144,'201923630','KANIA AULIA UTOMO','2001-10-20','D3','2022-12-19 04:12:34','2022-12-19 04:12:34'),(145,'201923631','KUKUH ARYA FAISAL','2001-10-09','D3','2022-12-19 04:12:34','2022-12-19 04:12:34'),(146,'201923633','OKI AKBARISYA PRIANA SIGER','1999-10-09','D3','2022-12-19 04:12:34','2022-12-19 04:12:34'),(147,'201923638','TRIA MEILINDA','2001-05-04','D3','2022-12-19 04:12:34','2022-12-19 04:12:34'),(148,'201923639','VANIRA ELDRA DWI PUTRI','2001-02-10','D3','2022-12-19 04:12:34','2022-12-19 04:12:34'),(149,'201923640','ZAAHRA','2001-06-13','D3','2022-12-19 04:12:34','2024-04-04 07:52:10'),(150,'201923641','ZHAL ZHABILLA BERLIAN SAFITRI','2001-01-03','D3','2022-12-19 04:12:34','2022-12-19 04:12:34'),(151,'201923642','ABRAM NICOLAS YUNIANTO','2001-06-25','D3','2022-12-19 04:12:34','2022-12-19 04:12:34'),(152,'201923655','MUHAMAD ILHAM RAJAB','2000-10-15','D3','2022-12-19 04:12:35','2022-12-19 04:12:35'),(153,'201923644','ANNISA PUTRI ARDIAN','2001-09-05','D3','2022-12-19 04:12:35','2023-01-21 03:52:21'),(154,'201923661','TAZKIA AURELIANSYAH MAULIDAYANTI','2000-07-01','D3','2022-12-19 04:12:35','2022-12-19 04:12:35'),(155,'201923653','JULIANTA PUTU PRADANA','2001-07-02','D3','2022-12-19 04:12:35','2022-12-19 04:12:35'),(156,'201923647','CEPTIANA','2000-09-26','D3','2022-12-19 04:12:35','2022-12-19 04:12:35'),(157,'201923654','KELVIN RYAN GUNAWAN','2000-06-04','D3','2022-12-19 04:12:35','2022-12-19 04:12:35'),(158,'201923660','SUTAN RAEHAN','2001-01-27','D3','2022-12-19 04:12:35','2022-12-19 04:12:35'),(159,'201923657','RECKY CHRISDIANTO ASMARA','1998-07-15','D3','2022-12-19 04:12:35','2022-12-19 04:12:35'),(160,'201923645','AULIA FATTAH YUNANTO','2001-06-03','D3','2022-12-19 04:12:35','2022-12-19 04:12:35'),(161,'201822951','RAHARDIAN EKA FAUZAN','1999-07-01','D3','2022-12-19 04:12:35','2022-12-19 04:12:35'),(162,'201923626','EDWARD HERMANTO','2001-06-04','D3','2022-12-19 04:12:35','2022-12-19 04:12:35'),(163,'201923649','DEA AFNI AULIA','1999-11-01','D3','2022-12-19 04:12:35','2022-12-19 04:12:35'),(164,'201923662','UTARI SANGGAR WATI','2001-01-04','D3','2022-12-19 04:12:35','2022-12-19 04:12:35'),(165,'201923663','WISAAM SOFYAN SETIAWAN','2001-09-15','D3','2022-12-19 04:12:35','2022-12-19 04:12:35'),(166,'201923656','NADYA DWI ADISTI','2002-06-13','D3','2022-12-19 04:12:35','2022-12-19 04:12:35'),(167,'201923643','AMARA YUANITHEA ANJANIQUE','2001-06-26','D3','2022-12-19 04:12:35','2022-12-19 04:12:35'),(168,'201923425','GILANG SABAGYA HERMAWAN','2001-09-21','D3','2022-12-19 04:12:36','2024-04-04 07:52:10'),(169,'201923651','FEBRIYAN HENDRIYANSYAH','2001-05-18','D3','2022-12-19 04:12:36','2022-12-19 04:12:36'),(170,'201923648','DAFFA BISMAKA FADIHILLAH','2001-09-09','D3','2022-12-19 04:12:36','2024-04-04 07:52:10'),(171,'201923490','ACEP SOLEH HIDAYAT','2000-02-02','D3','2022-12-19 04:12:36','2023-06-26 09:50:35'),(172,'201923507','MUHAMMAD RADJA GUSTAV IRMANSYAH','2001-08-06','D3','2022-12-19 04:12:36','2022-12-19 04:12:36'),(173,'201923514','SAMUEL MAULANA PUDIWAN','2001-09-17','D3','2022-12-19 04:12:36','2022-12-19 04:12:36'),(174,'201923530','MIFTAH ALIYANSAH HUSEN','2001-05-03','D3','2022-12-19 04:12:36','2022-12-19 04:12:36'),(175,'201923534','MUHAMMAD HAKIIM PRATAMA','2000-05-26','D3','2022-12-19 04:12:36','2023-11-15 02:22:06'),(176,'201923549','FATHINIA ASHILA THAHIR','2000-10-13','D3','2022-12-19 04:12:36','2024-04-04 07:52:16'),(177,'201923554','MICHAEL FERNANDO','2001-05-11','D3','2022-12-19 04:12:36','2024-04-04 07:52:16'),(178,'201923562','VIONA ANANDA PUTERI','2001-01-15','D3','2022-12-19 04:12:36','2024-04-04 07:52:16'),(179,'201722122','DAVE PUTRA ISJIANTO','1970-01-01','D3','2022-12-19 04:12:36','2022-12-19 04:12:36'),(180,'201722135','NOVIA JIHAN BADRIYAH','1998-11-14','D3','2022-12-19 04:12:36','2023-11-15 02:22:06'),(181,'201722308','NAUFAL HAFIDHIYA IRZA','1999-03-02','D3','2022-12-19 04:12:36','2023-11-17 09:02:17'),(182,'201722335','ODY AKBAR','1970-01-01','D3','2022-12-19 04:12:36','2022-12-19 04:12:36'),(183,'201923533','MUHAMMAD FATHUL MUNIR','2001-04-03','D3','2022-12-19 04:12:37','2022-12-19 04:12:37'),(184,'201923715','ADITYA MAHAPUTRA WIBIHARTO','2001-01-13','D3','2022-12-19 04:12:37','2022-12-19 04:12:37'),(185,'201923716','AHASYWEROS MARCELLINO ROASINA SITOMPUL','2001-07-18','D3','2022-12-19 04:12:37','2022-12-19 04:12:37'),(186,'201923719','AMARA SHAHREZADE NURSYAHBANI','2001-06-10','D3','2022-12-19 04:12:37','2022-12-19 04:12:37'),(187,'201923721','CLARA ELDIANA PUTRI','2001-09-08','D3','2022-12-19 04:12:37','2022-12-19 04:12:37'),(188,'201923722','DESTRY FITRIANA','2000-12-25','D3','2022-12-19 04:12:37','2022-12-19 04:12:37'),(189,'201923723','FADIA RAMDAN','2000-10-30','D3','2022-12-19 04:12:37','2022-12-19 04:12:37'),(190,'201923725','FIRDA FADILLAH ALMAS','2000-08-23','D3','2022-12-19 04:12:37','2022-12-19 04:12:37'),(191,'201923726','GIFTA DWI SATRIA','2000-02-29','D3','2022-12-19 04:12:37','2022-12-19 04:12:37'),(192,'201923727','HAFIDZ MUHTARAM','2001-04-26','D3','2022-12-19 04:12:37','2022-12-19 04:12:37'),(193,'201923728','HARAPAN PERDANA','2001-09-03','D3','2022-12-19 04:12:37','2022-12-19 04:12:37'),(194,'201923729','HILMAN KALAM','1994-06-21','D3','2022-12-19 04:12:37','2022-12-19 04:12:37'),(195,'201923730','MATHIAS KORESY PASALBESSY','2001-01-23','D3','2022-12-19 04:12:37','2022-12-19 04:12:37'),(196,'201923732','MUHAMMAD AUDI ALFANI','2000-06-07','D3','2022-12-19 04:12:37','2022-12-19 04:12:37'),(197,'201923736','NOVIANDA ASTRINI YULINAR','1999-07-03','D3','2022-12-19 04:12:37','2022-12-19 04:12:37'),(198,'201923737','PEPI TAUHIDNA','2001-11-02','D3','2022-12-19 04:12:38','2022-12-19 04:12:38'),(199,'201923738','RETA AURA MAHARANI','2001-06-12','D3','2022-12-19 04:12:38','2022-12-19 04:12:38'),(200,'201923739','SATRIO BINAR ANDARU','2000-04-01','D3','2022-12-19 04:12:38','2022-12-19 04:12:38'),(201,'201923740','SHERLY FEBIANA','2000-12-06','D3','2022-12-19 04:12:38','2022-12-19 04:12:38'),(202,'201923743','AL HAFIDH DAFFA HERTANSA','2001-05-01','D3','2022-12-19 04:12:38','2022-12-19 04:12:38'),(203,'201923746','BENBELLA VERR ESSALAM','2000-02-02','D3','2022-12-19 04:12:38','2024-04-04 07:52:16'),(204,'201923747','DEDE RIZKA AGUSTIN','2000-08-03','D3','2022-12-19 04:12:38','2022-12-19 04:12:38'),(205,'201923748','DEVA PUTERA BELLAMY','2001-04-19','D3','2022-12-19 04:12:38','2022-12-19 04:12:38'),(206,'201923749','FAIRUZ THIFAL SALSABILA','2002-01-13','D3','2022-12-19 04:12:38','2022-12-19 04:12:38'),(207,'201923750','FERNANDA ABURIZA DZAKI','2000-02-27','D3','2022-12-19 04:12:38','2022-12-19 04:12:38'),(208,'201923751','GHILDA NISA SALSABILLA','2000-01-15','D3','2022-12-19 04:12:38','2022-12-19 04:12:38'),(209,'201923752','GUSTIA NANDA ERIKA','2001-08-15','D3','2022-12-19 04:12:38','2022-12-19 04:12:38'),(210,'201923754','HELMI FATHUR ICHSAN','2001-07-18','D3','2022-12-19 04:12:39','2022-12-19 04:12:39'),(211,'201923755','I GUSTI AGUNG RYAN WINATHA','2001-04-22','D3','2022-12-19 04:12:39','2022-12-19 04:12:39'),(212,'201923756','MERRY YOLANDA OKTAVIA','2000-10-21','D3','2022-12-19 04:12:39','2022-12-19 04:12:39'),(213,'201923757','MUHAMMAD ADHIM ATHALLAH','2001-04-24','D3','2022-12-19 04:12:39','2022-12-19 04:12:39'),(214,'201923761','NADILA GEMILANG ARDIANSYAH','2001-08-21','D3','2022-12-19 04:12:39','2022-12-19 04:12:39'),(215,'201923763','RAFAELLA SHERIN LYMENA','2001-07-17','D3','2022-12-19 04:12:39','2022-12-19 04:12:39'),(216,'201923765','SHALSA FEBRIANI NUGRAHA','2000-02-19','D3','2022-12-19 04:12:39','2022-12-19 04:12:39'),(217,'201923718','AL ZIDAN ABDILLAH','2001-04-07','D3','2022-12-19 04:12:39','2022-12-19 04:12:39'),(218,'201923720','BAHRUL ALAM AL FAHRAZ','2001-05-01','D3','2022-12-19 04:12:39','2022-12-19 04:12:39'),(219,'201923731','MOHAMMAD DAFFA BASUNI','2001-06-11','D3','2022-12-19 04:12:39','2022-12-19 04:12:39'),(220,'201923735','NADHIRAWITA HAPSARI NUGROHO','2002-07-17','D3','2022-12-19 04:12:39','2022-12-19 04:12:39'),(221,'201923741','ADRIAN HAFIZH FALAH','2000-12-06','D3','2022-12-19 04:12:39','2022-12-19 04:12:39'),(222,'201923744','ALENA EVANGELINA','2001-09-06','D3','2022-12-19 04:12:39','2022-12-19 04:12:39'),(223,'201923745','AUFARO MONZA SAKSONO','2001-04-01','D3','2022-12-19 04:12:39','2024-04-04 07:52:16'),(224,'201923758','MUHAMMAD AUDI FARRAS','2001-06-21','D3','2022-12-19 04:12:39','2022-12-19 04:12:39'),(225,'201923760','NADHIF AKBAR S','2001-04-27','D3','2022-12-19 04:12:39','2022-12-19 04:12:39'),(226,'201923764','REYNALDI JONATHAN','2000-07-29','D3','2022-12-19 04:12:40','2022-12-19 04:12:40'),(227,'201923766','TYARA MARSHA SAFIRA','2000-12-13','D3','2022-12-19 04:12:40','2022-12-19 04:12:40'),(228,'201923762','OLIVIA DESTAMILENA SAEFULRAHMAN','2000-12-12','D3','2022-12-19 04:12:40','2024-04-04 07:52:16'),(229,'201923759','MUHAMMAD GIFNI AL FARISI','1999-10-28','D3','2022-12-19 04:12:40','2022-12-19 04:12:40'),(230,'201923724','FAJAR ARDIANSYAH','1999-11-28','D3','2022-12-19 04:12:40','2022-12-19 04:12:40'),(231,'201923733','MUHAMMAD DAFFA ALWAFI','2000-01-13','D3','2022-12-19 04:12:40','2022-12-19 04:12:40'),(232,'201823049','MUHAMMAD GHIFFARI RAMADHAN','1999-12-11','D3','2022-12-19 04:12:40','2022-12-19 04:12:40'),(233,'201923535','MUHAMMAD RIZKI DWIKA HABIBULLOH','2000-10-11','D3','2022-12-19 04:12:40','2022-12-19 04:12:40'),(234,'201822888','TALITHA SUHUD','2000-11-17','D3','2022-12-19 04:12:40','2023-11-15 02:22:09'),(235,'201822897','FAJAR ADY JANUARDY','2001-01-02','D3','2022-12-19 04:12:40','2023-06-26 09:50:38'),(236,'201923577','KEVIN GUSTAV LORENZO','2001-08-15','D3','2022-12-19 04:12:40','2022-12-19 04:12:40'),(237,'201923579','KHALIF RAHMAN INSANI','1999-04-27','D3','2022-12-19 04:12:40','2024-04-04 07:52:20'),(238,'201923767','ADELYA HASYIFA','2001-06-06','D3','2022-12-19 04:12:40','2022-12-19 04:12:40'),(239,'201923768','AFIFAH NUR BADRIYYAH','2001-06-13','D3','2022-12-19 04:12:40','2022-12-19 04:12:40'),(240,'201923769','ALYA SAVIRA SAID','2001-08-22','D3','2022-12-19 04:12:40','2022-12-19 04:12:40'),(241,'201923770','ANNISAA RAHMA SEPTIYANI','2001-05-15','D3','2022-12-19 04:12:40','2022-12-19 04:12:40'),(242,'201923771','AZZURRA NOORLY','2001-07-31','D3','2022-12-19 04:12:41','2022-12-19 04:12:41'),(243,'201923772','CHYNTIA AMELIA LATIF','2001-11-21','D3','2022-12-19 04:12:41','2022-12-19 04:12:41'),(244,'201923773','CORNELIA ANGEL SABRINA','2000-08-07','D3','2022-12-19 04:12:41','2022-12-19 04:12:41'),(245,'201923775','DITA HAIRUNISA','2001-05-04','D3','2022-12-19 04:12:41','2022-12-19 04:12:41'),(246,'201923776','ERINA LUTHANIA PUTRI','2001-07-29','D3','2022-12-19 04:12:41','2022-12-19 04:12:41'),(247,'201923777','FELICIA AGUSTIN','2000-08-08','D3','2022-12-19 04:12:41','2022-12-19 04:12:41'),(248,'201923778','GHANI GALIH PAMUNGKAS','1999-09-24','D3','2022-12-19 04:12:41','2022-12-19 04:12:41'),(249,'201923779','HANA FAUZIAH SALSABILLA','1999-11-09','D3','2022-12-19 04:12:41','2022-12-19 04:12:41'),(250,'201923780','IRDINA HAERYAN','2001-01-17','D3','2022-12-19 04:12:41','2022-12-19 04:12:41'),(251,'201923781','KEZIA TRIXIE NATHANIA','2001-04-21','D3','2022-12-19 04:12:41','2022-12-19 04:12:41'),(252,'201923782','LARYSSA HELMA THYOLA','2001-05-06','D3','2022-12-19 04:12:41','2024-04-04 07:52:20'),(253,'201923785','MGS BINTANG MUKHALAFATU HIMGA','2002-06-17','D3','2022-12-19 04:12:41','2022-12-19 04:12:41'),(254,'201923786','NAMIRA ARIANE ARFANTI','2001-04-03','D3','2022-12-19 04:12:41','2022-12-19 04:12:41'),(255,'201923787','NUR ISTIADZAH','2000-05-24','D3','2022-12-19 04:12:41','2022-12-19 04:12:41'),(256,'201923788','PASKALIA ANGGRAENY','2001-04-15','D3','2022-12-19 04:12:41','2022-12-19 04:12:41'),(257,'201923789','RANIA SITI AZZAHRA','1999-12-14','D3','2022-12-19 04:12:41','2022-12-19 04:12:41'),(258,'201923790','ROSALINA IVANA TETERISSA','2001-09-28','D3','2022-12-19 04:12:42','2022-12-19 04:12:42'),(259,'201923791','SHAFIRA NOVIYANI','2001-11-22','D3','2022-12-19 04:12:42','2023-11-15 02:22:09'),(260,'201923792','VINYNDA ZALNA QATRUNNADA','2001-08-29','D3','2022-12-19 04:12:42','2022-12-19 04:12:42'),(261,'201923793','ADINDA AURELIA KUSUMA','2001-04-01','D3','2022-12-19 04:12:42','2022-12-19 04:12:42'),(262,'201923794','AINUN JAD FARDIANI','2001-04-09','D3','2022-12-19 04:12:42','2022-12-19 04:12:42'),(263,'201923795','ANGELINA KRISTASYA','2001-05-15','D3','2022-12-19 04:12:42','2022-12-19 04:12:42'),(264,'201923796','AZZAH NURHALIZA','2001-04-10','D3','2022-12-19 04:12:42','2022-12-19 04:12:42'),(265,'201923797','BRIGITA MARIA','2001-05-10','D3','2022-12-19 04:12:42','2022-12-19 04:12:42'),(266,'201923799','ENDANG TRI WAHYUNINGSIH','2001-04-23','D3','2022-12-19 04:12:42','2022-12-19 04:12:42'),(267,'201923800','FAUZIAH ARDIKA PUTRI','2001-08-30','D3','2022-12-19 04:12:42','2022-12-19 04:12:42'),(268,'201923801','HUSNA AULIA FADILAH','2001-08-10','D3','2022-12-19 04:12:42','2022-12-19 04:12:42'),(269,'201923802','JESHINTA AURELLIA IZAS','2001-08-14','D3','2022-12-19 04:12:42','2022-12-19 04:12:42'),(270,'201923803','LADY SAMUDRA','2000-11-29','D3','2022-12-19 04:12:42','2022-12-19 04:12:42'),(271,'201923804','LEDYRA OCTARICA','2001-10-12','D3','2022-12-19 04:12:42','2022-12-19 04:12:42'),(272,'201923805','MARSA NABILA','2001-08-27','D3','2022-12-19 04:12:42','2022-12-19 04:12:42'),(273,'201923806','META ALICIA MONICA','2001-02-03','D3','2022-12-19 04:12:43','2022-12-19 04:12:43'),(274,'201923807','MUHAMMAD IQBAL RAMADHAN','1998-01-11','D3','2022-12-19 04:12:43','2022-12-19 04:12:43'),(275,'201923808','MUHAMMAD LUTFI','2000-05-08','D3','2022-12-19 04:12:43','2022-12-19 04:12:43'),(276,'201923809','NESSA RAHMANIA PARAMITHA','2001-04-27','D3','2022-12-19 04:12:43','2022-12-19 04:12:43'),(277,'201923810','PUJI DWI LESTARI','2000-10-12','D3','2022-12-19 04:12:43','2022-12-19 04:12:43'),(278,'201923812','RISKA AMALIA','2001-08-21','D3','2022-12-19 04:12:43','2022-12-19 04:12:43'),(279,'201923813','SAYYIDATUN NISA','2000-10-14','D3','2022-12-19 04:12:43','2022-12-19 04:12:43'),(280,'201923814','SIFA SEJAHTERA MAJID','2001-04-16','D3','2022-12-19 04:12:43','2022-12-19 04:12:43'),(281,'201923815','SYAHNAS AULIA SYAH','2000-08-26','D3','2022-12-19 04:12:43','2022-12-19 04:12:43'),(282,'201923816','VINDY DWI KURNIA','2001-09-10','D3','2022-12-19 04:12:43','2022-12-19 04:12:43'),(283,'201923817','ZACHARYA NATHANIEL','2000-10-27','D3','2022-12-19 04:12:43','2022-12-19 04:12:43'),(284,'201923818','ZAHRA SRI LUTHFIRIZA RUSLI','2001-01-19','D3','2022-12-19 04:12:43','2022-12-19 04:12:43'),(285,'201823149','RORO ANDRINI NUR FITRIANA','1996-02-29','S2','2022-12-19 04:12:43','2022-12-19 04:12:43'),(286,'201923824','ANDI MUHAMMAD YUSUF RANDY','1989-01-30','S2','2022-12-19 04:12:43','2022-12-19 04:12:43'),(287,'201923825','ARIE RESTAMA','1995-12-23','S2','2022-12-19 04:12:43','2022-12-19 04:12:43'),(288,'201923829','ERNA YUNITA','1996-05-05','S2','2022-12-19 04:12:43','2022-12-19 04:12:43'),(289,'201923830','FAHMI ALKI NUGRAHA','1996-01-16','S2','2022-12-19 04:12:43','2023-06-26 09:50:11'),(290,'201923837','LITA APRININGSIH','1996-04-30','S2','2022-12-19 04:12:43','2023-06-26 09:50:11'),(291,'201923838','MARGARETHA AURELIA REDYNADIANTI','1996-10-22','S2','2022-12-19 04:12:44','2023-07-21 02:48:54'),(292,'201923850','YUDHA KUSUMADAHANA','1987-04-28','S2','2022-12-19 04:12:44','2023-06-26 09:50:11'),(293,'201923854','REGGY RENALDY','1988-07-02','S2','2022-12-19 04:12:44','2022-12-19 04:12:44'),(294,'201923856','RIZKY ADHY SATRIA MULYA','1970-01-01','S2','2022-12-19 04:12:44','2022-12-19 04:12:44'),(295,'201923486','RAFAEL HASTHABRATA SAJENDRA DEARBANTOLO','2000-10-13','D3','2022-12-19 04:12:44','2024-04-04 07:52:12'),(296,'201822788','PASCAL SAMUEL ANTONIUS','1999-09-18','D3','2022-12-19 04:12:44','2023-11-15 02:22:02'),(297,'201822794','VALLERY YULIA','2000-02-14','D3','2022-12-19 04:12:44','2023-06-26 09:50:29'),(298,'201822961','ADELINE FLORENZ','2000-11-08','D3','2022-12-19 04:12:44','2023-11-15 02:22:02'),(299,'201822968','DENISA SARAH SALSABILA ','1999-12-21','D3','2022-12-19 04:12:44','2023-06-26 09:50:30'),(300,'201822974','JAVIER AJIBRONTO','2000-01-07','D3','2022-12-19 04:12:44','2023-11-15 02:22:02'),(301,'201822992','FIDELIS ANDIKA TRANG DHUTO BERMONO','2000-04-24','D3','2022-12-19 04:12:44','2023-11-15 02:22:02'),(302,'201822809','PAULA GLORIA','2000-11-08','D3','2022-12-19 04:12:44','2023-11-15 02:22:02'),(303,'201722254','M PRASTIO','1993-06-02','D3','2022-12-19 04:12:44','2022-12-19 04:12:44'),(304,'201923665','ACHMAD FAUZAN ARRIAN','2001-04-07','D3','2022-12-19 04:12:44','2022-12-19 04:12:44'),(305,'201923666','ALAYYA CHALIK KARUNIA IBRAHIM','2001-04-05','D3','2022-12-19 04:12:44','2022-12-19 04:12:44'),(306,'201923667','ANGGITA KHIRINNUFUS','2000-11-20','D3','2022-12-19 04:12:45','2022-12-19 04:12:45'),(307,'201923668','AZIS MUHARROM FADILLAH','2001-04-13','D3','2022-12-19 04:12:45','2022-12-19 04:12:45'),(308,'201923669','CHANTIKA LISTY CINTIA','1999-09-19','D3','2022-12-19 04:12:45','2022-12-19 04:12:45'),(309,'201923670','DANIEL ALEXANDER','2001-05-31','D3','2022-12-19 04:12:45','2022-12-19 04:12:45'),(310,'201923671','DIMAS BAYU MAHENDRA','1998-12-06','D3','2022-12-19 04:12:45','2022-12-19 04:12:45'),(312,'201923673','FAJRI BARLIANA ABAS','2001-06-22','D3','2022-12-19 04:12:45','2022-12-19 04:12:45'),(313,'201923674','GIEZKA ALMAIDA SENOAJI','2001-09-18','D3','2022-12-19 04:12:45','2022-12-19 04:12:45'),(314,'201923675','IGNATIUS MARCELLINO WIBOWO','2001-09-19','D3','2022-12-19 04:12:45','2022-12-19 04:12:45'),(315,'201923676','JUAN RITCHIE','2001-07-12','D3','2022-12-19 04:12:45','2022-12-19 04:12:45'),(316,'201923678','MUHAMMAD RIZKIANA FAUZI YUSUF','1999-05-03','D3','2022-12-19 04:12:45','2022-12-19 04:12:45'),(317,'201923679','MUHAMMAD NIDZAM AL ISLAMI','2001-12-10','D3','2022-12-19 04:12:46','2022-12-19 04:12:46'),(318,'201923680','MUHAMMAD RIZQY PRAYOGA','2002-09-11','D3','2022-12-19 04:12:46','2022-12-19 04:12:46'),(319,'201923681','NADILA RAHMANI','2001-06-30','D3','2022-12-19 04:12:46','2022-12-19 04:12:46'),(320,'201923682','PUSPITA ARYA WIDYAWATI','2001-04-05','D3','2022-12-19 04:12:46','2022-12-19 04:12:46'),(321,'201923683','RACHMAT NUR HIDAYAH','1998-09-07','D3','2022-12-19 04:12:46','2022-12-19 04:12:46'),(322,'201923684','REZA BAGAS ADRIAWAN ','2001-11-21','D3','2022-12-19 04:12:46','2023-06-26 09:50:32'),(323,'201923685','SANDRA MAULANA','1999-09-05','D3','2022-12-19 04:12:46','2022-12-19 04:12:46'),(324,'201923686','SEKAR PUTRI FATIKA','2001-06-11','D3','2022-12-19 04:12:46','2022-12-19 04:12:46'),(325,'201923687','SYFA SUCI DEWANTI','1999-11-25','D3','2022-12-19 04:12:46','2022-12-19 04:12:46'),(326,'201923688','TIARA','2001-09-26','D3','2022-12-19 04:12:46','2022-12-19 04:12:46'),(327,'201923689','WAHYUDI PUTRA IBUMI','2000-10-18','D3','2022-12-19 04:12:46','2022-12-19 04:12:46'),(328,'201923475','FIKHAR ADHITRIANDRA','1996-02-03','D3','2022-12-19 04:12:46','2022-12-19 04:12:46'),(329,'201923690','AHMAD NURDIN','1999-08-16','D3','2022-12-19 04:12:46','2022-12-19 04:12:46'),(330,'201923691','ANANTA PUTRI ARRIVA','1999-11-20','D3','2022-12-19 04:12:46','2022-12-19 04:12:46'),(331,'201923692','AUDREY FEBRIAN LARASATI','2001-02-28','D3','2022-12-19 04:12:46','2022-12-19 04:12:46'),(332,'201923693','AZZAHRA MARDIYAH TIHAMA','2001-10-25','D3','2022-12-19 04:12:46','2022-12-19 04:12:46'),(333,'201923694','DAMARIO NAUFAL MAULANA','2001-06-04','D3','2022-12-19 04:12:46','2023-06-26 09:50:30'),(334,'201923695','DEVA BHIMA ESHA','2000-02-19','D3','2022-12-19 04:12:46','2022-12-19 04:12:46'),(335,'201923696','DITA APRILIAN','2000-04-25','D3','2022-12-19 04:12:47','2022-12-19 04:12:47'),(336,'201923697','FAISAL ADITYA AKBAR','2000-12-17','D3','2022-12-19 04:12:47','2022-12-19 04:12:47'),(337,'201923698','FASHA REFANSHA','2000-12-17','D3','2022-12-19 04:12:47','2024-04-04 07:52:12'),(338,'201923699','GIZELLA PATRICIA K','2001-05-26','D3','2022-12-19 04:12:47','2022-12-19 04:12:47'),(339,'201923700','JENRY FIRNANTA PERANGIN ANGIN','1999-04-13','D3','2022-12-19 04:12:47','2022-12-19 04:12:47'),(340,'201923701','MEDIANA PEBIANTI SUKMA','2000-02-05','D3','2022-12-19 04:12:47','2022-12-19 04:12:47'),(341,'201923702','MUHAMAD FARIZ','2001-04-11','D3','2022-12-19 04:12:47','2023-06-26 09:50:32'),(342,'201923703','MUHAMMAD FARHAN SHUBHIANTORO','2001-01-06','D3','2022-12-19 04:12:47','2023-06-26 09:50:32'),(343,'201923706','RAIZHARD AWAL','2000-04-07','D3','2022-12-19 04:12:47','2022-12-19 04:12:47'),(344,'201923707','REYNALD CHRISTIAN','2000-12-09','D3','2022-12-19 04:12:47','2022-12-19 04:12:47'),(345,'201923708','REZA ARIQ MAHENDRA','2000-04-23','D3','2022-12-19 04:12:47','2022-12-19 04:12:47'),(346,'201923709','RIVALDIANSYAH','1999-11-02','D3','2022-12-19 04:12:47','2022-12-19 04:12:47'),(347,'201923710','STEFANUS DIEGO PRAMESTI','2001-09-07','D3','2022-12-19 04:12:47','2022-12-19 04:12:47'),(348,'201923711','SULTHAN ADRYAN ILYASA','2000-09-13','D3','2022-12-19 04:12:47','2022-12-19 04:12:47'),(349,'201923712','TANIA PUTRI MAHARANI','2000-11-16','D3','2022-12-19 04:12:48','2022-12-19 04:12:48'),(350,'201923713','TIO NURKUSUMA NEGARA SIANTURI','2001-02-13','D3','2022-12-19 04:12:48','2022-12-19 04:12:48'),(351,'201923714','YUNGGARA','1999-06-10','D3','2022-12-19 04:12:48','2022-12-19 04:12:48'),(352,'201923847','SARA RABASARI','1984-07-20','S2','2023-01-17 03:34:24','2023-01-17 03:34:24'),(353,'201621075','SANDI YUDHA PRABOWO','1996-09-03','S1','2023-01-17 03:34:25','2023-01-17 03:34:25'),(354,'201822565','SALSABILA FEBRIANTI S','2000-02-24','D4','2023-01-17 03:34:25','2024-04-04 07:51:56'),(355,'201721772','LUTHFANSA SYAHREZA FAROUQUE','1999-06-26','D4','2023-01-17 03:34:25','2023-01-17 03:34:25'),(356,'201923672','DIVA RITYA AKBAR DAHLANI','2002-02-17','D3','2023-01-17 03:34:25','2023-01-17 03:34:25'),(357,'201923472','CYNTHIA','2000-12-08','D3','2023-01-17 03:34:25','2023-01-17 03:34:25'),(358,'201923463','RASYA RIZQI OKTARIAN','1999-10-05','D3','2023-01-17 03:34:25','2023-01-17 03:34:25'),(359,'201923474','FAKHRIYAH ANNISA ADHA','2000-03-17','D3','2023-01-17 03:34:25','2023-01-17 03:34:25'),(360,'201621150','RAYHAN MASAGI','1998-05-30','S1','2023-01-30 01:10:18','2023-01-30 01:11:45'),(361,'201923835','IRVANDITHA HERMAWAN','1992-09-30','S2','2023-06-26 09:50:11','2023-06-26 09:50:11'),(362,'201822527','DZAKY HUDA ARI SUMENANG PUTRA','1998-10-15','S1','2023-06-26 09:50:11','2023-06-26 09:50:11'),(363,'201923204','TIARA FITRIANI','2001-06-04','D4','2023-06-26 09:50:11','2023-06-26 09:50:11'),(364,'201923161','CAHYANINGTYAS DEWI PERTIWI','2000-12-12','D4','2023-06-26 09:50:11','2023-06-26 09:50:11'),(365,'201923193','HAYA KHAIRUNNISA','2000-12-25','D4','2023-06-26 09:50:11','2023-11-15 02:21:56'),(366,'201923185','ANNISA MAHARANI BELLA PRATIWI','2001-09-09','D4','2023-06-26 09:50:11','2023-06-26 09:50:11'),(367,'201923199','MUHAMMAD RIO RIHANDOYO','2000-11-11','D4','2023-06-26 09:50:11','2023-06-26 09:50:11'),(368,'201923158','ANISA TALITHA WIDIANSYAH','2001-05-15','D4','2023-06-26 09:50:11','2023-06-26 09:50:11'),(369,'201923183','ALLYA DINI ALVIANA','2001-01-28','D4','2023-06-26 09:50:11','2023-06-26 09:50:11'),(370,'201923195','IVAN YESAYAS HAMDANI','2001-08-29','D4','2023-06-26 09:50:11','2023-07-06 02:21:49'),(371,'201923176','SAVIRA AYU ADIANTY','2000-08-25','D4','2023-06-26 09:50:11','2023-06-26 09:50:11'),(372,'201923203','SYAKILLA DWI PRAMONO','2001-09-25','D4','2023-06-26 09:50:11','2023-06-26 09:50:11'),(373,'201923159','APRILIA NURMALA DEWI','2001-04-23','D4','2023-06-26 09:50:11','2023-06-26 09:50:11'),(374,'201923192','FERNANDA KAYISA PUTRI','2001-07-16','D4','2023-06-26 09:50:12','2023-06-26 09:50:12'),(375,'201923197','M. FADLI ALI TANJUNG','2002-05-21','D4','2023-06-26 09:50:12','2023-06-26 09:50:12'),(376,'201923184','ANISA DESTYA PUTRI','2001-12-22','D4','2023-06-26 09:50:12','2023-06-26 09:50:12'),(377,'201923194','INTAN SHAFA SULISTYO AJI','2001-09-21','D4','2023-06-26 09:50:12','2023-06-26 09:50:12'),(378,'201923206','ZAHRA YUWANDIKA','2001-10-20','D4','2023-06-26 09:50:12','2023-06-26 09:50:12'),(379,'201923172','MOCHAMAD TRIAJI PRASETIO','2001-09-01','D4','2023-06-26 09:50:12','2023-06-26 09:50:12'),(380,'201923201','RANISA PUTRI MEILANI','2002-05-11','D4','2023-06-26 09:50:12','2023-06-26 09:50:12'),(381,'201923179','YUDHA PAMUNGKAS','2000-02-04','D4','2023-06-26 09:50:12','2023-06-26 09:50:12'),(382,'201923177','SYIFA ARIESTA NURGHANIA','2000-04-04','D4','2023-06-26 09:50:12','2023-11-15 02:21:56'),(383,'201923205','XYALMA ADNIN','2001-05-10','D4','2023-06-26 09:50:12','2023-06-26 09:50:12'),(384,'201923191','FAHRA MAHADI PUTRI','2001-05-20','D4','2023-06-26 09:50:12','2023-06-26 09:50:12'),(385,'201923167','HEYDI RIZKIAH SHOFINA','2000-09-19','D4','2023-06-26 09:50:12','2023-06-26 09:50:12'),(386,'201923187','AYUWANDA HARISBAYA','1999-11-23','D4','2023-06-26 09:50:12','2023-06-26 09:50:12'),(387,'201923190','DITA AULIA RAHMA','2001-12-11','D4','2023-06-26 09:50:13','2023-06-26 09:50:13'),(388,'201923168','ISCHA NATASHA','2000-12-20','D4','2023-06-26 09:50:13','2023-06-26 09:50:13'),(389,'201923156','AIRUNISA DWI RAMADANI','1999-12-18','D4','2023-06-26 09:50:13','2023-06-26 09:50:13'),(390,'201923170','LUTHFIAH HAYU CAHYANINGTYAS','2001-04-04','D4','2023-06-26 09:50:13','2023-06-26 09:50:13'),(391,'201923160','ARYA RYANDRA NATAKUSUMAH','2001-05-08','D4','2023-06-26 09:50:13','2023-06-26 09:50:13'),(392,'201923169','JEFANYA ARTANTA BARUS','2001-07-14','D4','2023-06-26 09:50:13','2023-06-26 09:50:13'),(393,'201923154','ABELLISKA NAUMI PUTRI SITORUS','2001-01-18','D4','2023-06-26 09:50:13','2023-06-26 09:50:13'),(394,'201923165','FEBY MILA ASHIVA','2000-03-01','D4','2023-06-26 09:50:13','2023-06-26 09:50:13'),(395,'201923202','ROSEMERY PAULINE RUMAYAR PULUHULAWA','1997-05-27','D4','2023-06-26 09:50:13','2023-06-26 09:50:13'),(396,'201923200','NAZLATUL ADILAH','2000-06-11','D4','2023-06-26 09:50:13','2023-06-26 09:50:13'),(397,'201923162','DEA LATUL INAYAH AGUSTIN','2000-01-15','D4','2023-06-26 09:50:13','2023-06-26 09:50:13'),(398,'201923196','JOY FILIP OKTAVIANUS','2000-10-28','D4','2023-06-26 09:50:13','2023-06-26 09:50:13'),(399,'201923163','DIAN NUR ANISA','2001-11-29','D4','2023-06-26 09:50:13','2023-06-26 09:50:13'),(400,'201923155','ADRIEL RULIFF CAESARIO HADIE','2001-05-25','D4','2023-06-26 09:50:13','2023-06-26 09:50:13'),(401,'201923166','FITRIANI SALSABIL TANISA','2001-01-04','D4','2023-06-26 09:50:13','2023-06-26 09:50:13'),(402,'201923157','ANDREAS YUDHA PRATAMA PAH','2001-05-09','D4','2023-06-26 09:50:13','2023-06-26 09:50:13'),(403,'201923171','MARUBENI YUSUF WYRATAMA','2001-01-22','D4','2023-06-26 09:50:13','2023-06-26 09:50:13'),(404,'201923180','ZAILA NOLA FARADILA','2001-07-10','D4','2023-06-26 09:50:14','2023-06-26 09:50:14'),(405,'201923186','ASAVINI IDAATIS SILMI','1999-12-20','D4','2023-06-26 09:50:14','2023-06-26 09:50:14'),(406,'201923175','RIANA IKA PRAMESTHI','2001-07-20','D4','2023-06-26 09:50:14','2023-06-26 09:50:14'),(407,'201923223','M. VIKRY FADILAH BASYA SUHERMAN','2000-04-06','D4','2023-06-26 09:50:14','2023-06-26 09:50:14'),(408,'201923209','ANASTASYA RUTH ELIZABETH','2001-01-30','D4','2023-06-26 09:50:14','2023-06-26 09:50:14'),(409,'201923231','SYAWLAN ASHAR TSALAZY','2001-01-09','D4','2023-06-26 09:50:14','2023-06-26 09:50:14'),(410,'201923218','GRACE HIZKIA ADELINE SIMANGUNSONG','2001-03-27','D4','2023-06-26 09:50:14','2023-06-26 09:50:14'),(411,'201923208','ALBERTA LASMAROMAULINA ARITONANG','1999-12-07','D4','2023-06-26 09:50:14','2023-06-26 09:50:14'),(412,'201822582','GALPI RAMDANI GUAY','1998-11-04','D4','2023-06-26 09:50:14','2024-04-04 07:51:57'),(413,'201923219','KHOFIFAH AZMI HANIFAH','2000-03-19','D4','2023-06-26 09:50:14','2023-06-26 09:50:14'),(414,'201923227','ROHADATUL AISY NADA PRASTUTI','2001-01-27','D4','2023-06-26 09:50:15','2023-06-26 09:50:15'),(415,'201923228','SAKTIKA MAHAJANA ','1999-08-12','D4','2023-06-26 09:50:15','2023-06-26 09:50:15'),(416,'201923222','MUHAMMAD FAJAR ','2001-02-05','D4','2023-06-26 09:50:15','2023-06-26 09:50:15'),(417,'201923213','DEVIN JEREMY SUHARTONO','2000-12-05','D4','2023-06-26 09:50:15','2023-06-26 09:50:15'),(418,'201923214','EUNIKE NATASHA WOLO RADJAH','2001-11-29','D4','2023-06-26 09:50:15','2023-06-26 09:50:15'),(419,'201923221','MUHAMMAD ANGGA ADHA FEBIAN ','2002-02-23','D4','2023-06-26 09:50:15','2023-06-26 09:50:15'),(420,'201923207','ADINDA MENTARI PUTRI BASKORO','2001-07-26','D4','2023-06-26 09:50:15','2023-06-26 09:50:15'),(421,'201923224','RAMADYAN ISLAMADANI PRATAMA','2000-12-11','D4','2023-06-26 09:50:15','2023-06-26 09:50:15'),(422,'201923220','MARIFATUN AZKIYA','2001-07-18','D4','2023-06-26 09:50:15','2023-06-26 09:50:15'),(423,'201923229','SARIFUDIN MAULANA','2000-12-28','D4','2023-06-26 09:50:15','2023-06-26 09:50:15'),(424,'201923225','RAZAN NUR SHABRINA AJRIN','2001-01-07','D4','2023-06-26 09:50:15','2023-11-15 02:21:56'),(425,'201923212','CLARENCE ADRIELL DARMADI','2001-08-13','D4','2023-06-26 09:50:15','2023-06-26 09:50:15'),(426,'201923216','GABRIELLA VENNY WIDJAJA','2001-06-20','D4','2023-06-26 09:50:15','2023-06-26 09:50:15'),(427,'201923230','SYAHBILAL HAMDAN','2001-05-27','D4','2023-06-26 09:50:15','2023-06-26 09:50:15'),(428,'201822594','TRI ANDRI NATA','2000-01-03','D4','2023-06-26 09:50:15','2023-06-26 09:50:15'),(429,'201923210','ANNISA YANTI FIRDAUS','2000-09-14','D4','2023-06-26 09:50:15','2023-06-26 09:50:15'),(430,'201923233','YOGGI DWINANDA FADILLAH','2001-04-20','D4','2023-06-26 09:50:15','2023-06-26 09:50:15'),(431,'201923217','GANENDRA BOMA NAYOTTAMA','2001-08-25','D4','2023-06-26 09:50:15','2023-06-26 09:50:15'),(432,'201923274','LUTFIE ZAULHAQ ANGRIANTO ','2001-03-11','D4','2023-06-26 09:50:16','2023-06-26 09:50:16'),(433,'201923267','FADYA AZAINI','2001-04-16','D4','2023-06-26 09:50:16','2023-06-26 09:50:16'),(434,'201923260','YOLANDA AGUSTIN','2001-11-23','D4','2023-06-26 09:50:16','2023-06-26 09:50:16'),(435,'201923265','ELENA MISWA YUSHIVA','2000-10-20','D4','2023-06-26 09:50:16','2023-06-26 09:50:16'),(436,'201923253','PUTRI SALMA NAWANGWULAN','2000-10-20','D4','2023-06-26 09:50:16','2023-06-26 09:50:16'),(437,'2022305027','ANDI NURUL SYARKIYYA','2000-06-03','D4','2023-06-26 09:50:16','2023-11-15 02:21:56'),(438,'201923235','AL FITRA FEBRIANDARI KUSUMA ','2000-02-07','D4','2023-06-26 09:50:16','2023-06-26 09:50:16'),(439,'201923256','SOPHIA GERALDINE WIJAYA ','2001-12-04','D4','2023-06-26 09:50:16','2023-06-26 09:50:16'),(440,'201923269','FARAH FADHILAH PUTERI','2000-11-07','D4','2023-06-26 09:50:16','2023-06-26 09:50:16'),(441,'201923282','SALVA APRILIANI SUBAGJA','2000-04-21','D4','2023-06-26 09:50:16','2023-06-26 09:50:16'),(442,'201923248','MARGARETHA CYNTANIA APHIRA','2001-03-27','D4','2023-06-26 09:50:16','2023-06-26 09:50:16'),(443,'201923264','DEWI INTAN KENCANA','2001-03-08','D4','2023-06-26 09:50:16','2023-06-26 09:50:16'),(444,'201923247','LA ODE JUMADIL IBRAHIM','2000-09-08','D4','2023-06-26 09:50:16','2023-06-26 09:50:16'),(445,'201923250','MUHAMMAD GERALDI JAGADDHITA','2000-09-10','D4','2023-06-26 09:50:16','2023-06-26 09:50:16'),(446,'201923238','CINDY CHYNTHIA SIPAYUNG','2001-11-18','D4','2023-06-26 09:50:16','2023-06-26 09:50:16'),(447,'201923284','TIARA SYIFA MEILYNA','2001-05-21','D4','2023-06-26 09:50:17','2023-06-26 09:50:17'),(448,'201923281','RIZKY WIDYADHANA','2001-12-07','D4','2023-06-26 09:50:17','2023-06-26 09:50:17'),(449,'201923245','HOKKY DWIPUTRA WIJAYA','2000-11-13','D4','2023-06-26 09:50:17','2023-06-26 09:50:17'),(450,'201923236','ALITA ANGGRAENI','2000-09-29','D4','2023-06-26 09:50:17','2023-06-26 09:50:17'),(451,'201923271','HAWILA WAHYU SUKMA MURDIA','2000-09-09','D4','2023-06-26 09:50:17','2023-06-26 09:50:17'),(452,'201923244','GORKY MUHAMMAD HARTANTO','2001-06-22','D4','2023-06-26 09:50:17','2023-06-26 09:50:17'),(453,'201923242','FADHLURRAHMAN OKTYA','2000-10-09','D4','2023-06-26 09:50:17','2023-06-26 09:50:17'),(454,'201923272','INDRI PERMANA PUTRI','2001-03-23','D4','2023-06-26 09:50:17','2023-06-26 09:50:17'),(455,'201923243','FERDY GUNAWAN','2001-10-09','D4','2023-06-26 09:50:17','2023-11-15 02:21:56'),(456,'201923254','REZY ANZANI WELANDARI','2001-06-13','D4','2023-06-26 09:50:17','2023-06-26 09:50:17'),(457,'2022305029','MUHAMMAD JANWARLS QADRI','1999-01-13','D4','2023-06-26 09:50:17','2023-11-15 02:21:56'),(458,'201923255','SALSABIL YAUMIL MAGFIRA QURAISY','2000-10-23','D4','2023-06-26 09:50:17','2023-06-26 09:50:17'),(459,'201923258','TIMOTEUS YANUARIO','2000-01-26','D4','2023-06-26 09:50:17','2023-06-26 09:50:17'),(460,'201923259','YOFITA ANGELINA SETU','2002-02-15','D4','2023-06-26 09:50:17','2023-06-26 09:50:17'),(461,'201923257','TAUFIK INDRAWAN AL RASYID ','2001-02-07','D4','2023-06-26 09:50:17','2023-06-26 09:50:17'),(462,'201923312','ANINDITO YOGA BAGASKARA','2000-12-15','D4','2023-06-26 09:50:18','2023-06-26 09:50:20'),(463,'201923263','ALOYSIUS FRANKIE RIO','2000-12-19','D4','2023-06-26 09:50:18','2023-06-26 09:50:18'),(464,'201923285','YUNIKA AMELIA','2000-06-30','D4','2023-06-26 09:50:18','2023-06-26 09:50:18'),(465,'201923240','DYNO PUTRA WICAKSONO','2001-03-16','D4','2023-06-26 09:50:18','2023-06-26 09:50:18'),(466,'201923266','FAAZA FAUZAN ADZIIMA','2001-01-20','D4','2023-06-26 09:50:18','2023-06-26 09:50:18'),(467,'2022305028','NOVA NOVITA SILALAHI','1980-11-23','D4','2023-06-26 09:50:18','2023-06-26 09:50:18'),(468,'201923270','GLORIA LINDA CHRISTHALIA','2001-05-07','D4','2023-06-26 09:50:18','2023-06-26 09:50:18'),(469,'2022305026','USMAN ODE','1999-11-20','D4','2023-06-26 09:50:18','2023-11-15 02:21:56'),(470,'201923275','MONICA ELSA AQILLA','2000-03-18','D4','2023-06-26 09:50:18','2023-06-26 09:50:18'),(471,'201923278','NABIL RAMADA ALPARISI ','2001-11-14','D4','2023-06-26 09:50:18','2023-06-26 09:50:18'),(472,'201923273','JUANITA RISKA AGUSTIN','2001-08-25','D4','2023-06-26 09:50:18','2023-06-26 09:50:18'),(473,'201923262','ALEXANDRA LESTARINA MA','2001-09-02','D4','2023-06-26 09:50:18','2023-11-15 02:21:56'),(474,'201923261','ADIKA FANI FEBRISINA ','2000-02-19','D4','2023-06-26 09:50:18','2023-06-26 09:50:18'),(475,'201923276','MUHAMMAD ALIF NAUFAL','1999-10-23','D4','2023-06-26 09:50:18','2023-06-26 09:50:18'),(476,'201923252','Nada Nadila','2001-03-12','D4','2023-06-26 09:50:18','2023-06-26 09:50:18'),(477,'201923237','APRILLIA TRIWARDHANI ','2001-04-03','D4','2023-06-26 09:50:19','2023-06-26 09:50:19'),(479,'201923234','ADAM PUTRA BUDI UTAMA','2001-05-28','D4','2023-06-26 09:50:19','2023-06-26 09:50:19'),(480,'201822600','ADVENTINEO VIMBA H','2000-07-14','D4','2023-06-26 09:50:19','2024-04-04 07:52:01'),(481,'201923251','MUHAMMAD WAHYU BERNANDICTA','2001-06-05','D4','2023-06-26 09:50:19','2023-06-26 09:50:19'),(482,'201923241','ERLITA SHAFA SINTYA RAMADHANI ','2000-11-26','D4','2023-06-26 09:50:19','2023-06-26 09:50:19'),(483,'201923246','IOLA IRENE NESA','2001-12-06','D4','2023-06-26 09:50:19','2023-06-26 09:50:19'),(484,'201923283','STEFANIE','2001-05-24','D4','2023-06-26 09:50:19','2023-11-15 02:21:56'),(485,'201923334','STELLA FAYOLA IRAWAN ','2001-08-14','D4','2023-06-26 09:50:19','2023-06-26 09:50:19'),(486,'201923239','DAYANG SEKAR WANGI','2001-11-04','D4','2023-06-26 09:50:19','2023-06-26 09:50:19'),(487,'201923322','GITA GHAERANI','2001-07-21','D4','2023-06-26 09:50:19','2023-06-26 09:50:19'),(488,'201923333','SHAVIRA AMBONITA ISKANANDA','2001-07-13','D4','2023-06-26 09:50:19','2023-06-26 09:50:19'),(489,'201923326','INDRYA PUTRI AGUSTIAN','2001-03-11','D4','2023-06-26 09:50:19','2023-06-26 09:50:19'),(490,'201923324','HANIFAH','2001-06-25','D4','2023-06-26 09:50:19','2023-06-26 09:50:19'),(491,'201923316','ARRUM HAFIZA','2001-02-15','D4','2023-06-26 09:50:19','2023-06-26 09:50:19'),(492,'201923325','HELMI ALDINDA','1999-07-27','D4','2023-06-26 09:50:20','2023-06-26 09:50:20'),(493,'201923335','Zanjabiila Maura Maharsa','2000-01-10','D4','2023-06-26 09:50:20','2023-06-26 09:50:20'),(494,'201923331','NOVITHALIA','1999-11-02','D4','2023-06-26 09:50:20','2023-06-26 09:50:20'),(495,'201923327','JUNITA PUTRI BR KARO','2001-06-17','D4','2023-06-26 09:50:20','2023-06-26 09:50:20'),(496,'201923318','ELIN','2001-09-17','D4','2023-06-26 09:50:20','2023-06-26 09:50:20'),(497,'201923329','MUAMMAR ALI ZAIN','1999-06-20','D4','2023-06-26 09:50:20','2023-06-26 09:50:20'),(498,'201923336','ZULFA FAADYAH','2001-03-31','D4','2023-06-26 09:50:20','2023-06-26 09:50:20'),(499,'201923332','SAMUEL TAN','2001-10-09','D4','2023-06-26 09:50:20','2023-06-26 09:50:20'),(500,'201923321','FATHAN YASYIR FARRAND','2001-01-18','D4','2023-06-26 09:50:20','2023-06-26 09:50:20'),(501,'201923314','ARIF AFDHAL DZIKRI','1999-01-26','D4','2023-06-26 09:50:20','2023-06-26 09:50:20'),(502,'201923317','CHEPI MUHTAROM','1998-09-24','D4','2023-06-26 09:50:20','2024-04-04 07:52:01'),(503,'201923323','HANIF NUGROHO','2001-01-11','D4','2023-06-26 09:50:20','2023-06-26 09:50:20'),(504,'201923311','AGATHA JESSI ABIGAIL','2000-02-06','D4','2023-06-26 09:50:20','2023-06-26 09:50:20'),(505,'201923319','FAKHIRA GHINA ANNISA','2001-10-08','D4','2023-06-26 09:50:20','2023-11-15 02:21:56'),(506,'201923291','ATHALIA HANNA STEFANIA PARDEDE','2000-06-16','D4','2023-06-26 09:50:20','2023-06-26 09:50:20'),(507,'201923300','MARIA TALIA SITEPU','2001-07-28','D4','2023-06-26 09:50:21','2023-06-26 09:50:21'),(508,'201923305','REMILA AZZAHRA RAHMANI','2001-06-23','D4','2023-06-26 09:50:21','2023-11-15 02:21:56'),(509,'201923306','RISA YOSEPHINE LUMBAN TOBING','2001-11-22','D4','2023-06-26 09:50:21','2023-06-26 09:50:21'),(510,'201923290','ANTHONY SAMUEL MARANATHA S','2001-11-21','D4','2023-06-26 09:50:21','2023-06-26 09:50:21'),(511,'201923304','REBECCA ANGELIA BITTI','2001-09-30','D4','2023-06-26 09:50:21','2023-11-15 02:21:56'),(512,'201923309','SOPHIA ANNABELLE MANULLANG','2000-09-14','D4','2023-06-26 09:50:21','2023-06-26 09:50:21'),(513,'201621193','MUHAMMAD RAIHAN','1998-07-13','D4','2023-06-26 09:50:21','2023-06-26 09:50:21'),(514,'201923296','FARADHILA AIDA ANDINI','2001-02-15','D4','2023-06-26 09:50:21','2024-04-04 07:52:03'),(515,'201923289','ANNISA NURUL ILMA','2001-01-21','D4','2023-06-26 09:50:21','2023-06-26 09:50:21'),(516,'201923294','FADHILA TSANIYA RACHMAN','2001-04-25','D4','2023-06-26 09:50:21','2023-06-26 09:50:21'),(517,'201923292','AUDY RAHMAT FIRDAUS','2001-05-30','D4','2023-06-26 09:50:21','2023-06-26 09:50:21'),(518,'201923298','IFHANA INDAR PRATIWIE THEODORE','2000-02-02','D4','2023-06-26 09:50:21','2023-06-26 09:50:21'),(519,'201923303','PATASYA CITRA DILLA','2001-01-05','D4','2023-06-26 09:50:21','2023-06-26 09:50:21'),(520,'201923301','MOCHAMAD LERRIAN TUMBELAKA','2000-12-15','D4','2023-06-26 09:50:21','2023-06-26 09:50:21'),(521,'201923293','FADEL FATTAH ASNGARI','2001-11-29','D4','2023-06-26 09:50:22','2023-06-26 09:50:22'),(522,'201923286','AHMAD IRFAN MA\'ARIF ','2001-03-24','D4','2023-06-26 09:50:22','2023-06-26 09:50:22'),(523,'201721880','FARDITTO SOLTAN DANISWARA','1997-09-15','D4','2023-06-26 09:50:22','2023-06-26 09:50:22'),(524,'201721891','FANANI ADIS SAFITRI','1999-04-25','D4','2023-06-26 09:50:22','2023-06-26 09:50:22'),(525,'201923308','SHEVINA ZAHRANIDA AULIA','2001-07-24','D4','2023-06-26 09:50:22','2023-06-26 09:50:22'),(526,'201923299','LAMUNDA ARITHAFAI YUTAR PARES','2001-05-05','D4','2023-06-26 09:50:22','2023-06-26 09:50:22'),(527,'201923288','ANDREAS','2001-05-26','D4','2023-06-26 09:50:22','2023-06-26 09:50:22'),(528,'201923287','AKBAR MAULANA HARIYANTO','2000-11-18','D4','2023-06-26 09:50:22','2023-06-26 09:50:22'),(529,'201923363','VENA ANJALI PUTRI','2001-10-27','D4','2023-06-26 09:50:22','2023-06-26 09:50:22'),(530,'201923343','BUNGA ULIARTA SILALAHI','2000-08-13','D4','2023-06-26 09:50:22','2023-06-26 09:50:22'),(531,'201923337','AGATHA ELSA ADRISTIA','2001-06-20','D4','2023-06-26 09:50:22','2023-06-26 09:50:22'),(532,'2022309054','QINTA MUTIA INDRI DONA','1998-05-14','D4','2023-06-26 09:50:22','2023-06-26 09:50:22'),(533,'2022309055','FATIMAH NUR ARIFAH','1996-05-02','D4','2023-06-26 09:50:22','2023-06-26 09:50:22'),(534,'201923340','ANGELINA SKOLASTIKA ROSA INDRIANI','2001-08-20','D4','2023-06-26 09:50:22','2023-06-26 09:50:22'),(535,'2022309053','BERTHA TIUR','1995-10-29','D4','2023-06-26 09:50:22','2023-06-26 09:50:22'),(536,'201923365','ALYA NABILA HAKIM','2000-12-11','D4','2023-06-26 09:50:23','2023-06-26 09:50:23'),(537,'201923369','ARMAND PERMANA SUTEDY','2002-10-03','D4','2023-06-26 09:50:23','2023-06-26 09:50:23'),(538,'201923349','JULIETA SHANDY FREDANINGTYAS','2001-07-09','D4','2023-06-26 09:50:23','2023-06-26 09:50:23'),(539,'201923372','CHRISTOPHER JONGGUR TUA','2001-03-08','D4','2023-06-26 09:50:23','2023-06-26 09:50:23'),(540,'201923346','DEVI SETIANI ','2000-12-12','D4','2023-06-26 09:50:23','2023-06-26 09:50:23'),(541,'201923378','LAIFA NUR FATHIRA HERLIN','2000-08-16','D4','2023-06-26 09:50:23','2023-06-26 09:50:23'),(542,'201923383','NATASYA PUTRI PATRICIA','2001-02-24','D4','2023-06-26 09:50:23','2023-06-26 09:50:23'),(543,'2022309067','NISA AULIA AHKAM ','1997-07-09','D4','2023-06-26 09:50:23','2023-06-26 09:50:23'),(544,'201923347','GABRIELLA AMANDA HERMINA','2001-10-21','D4','2023-06-26 09:50:23','2023-06-26 09:50:26'),(545,'201923342','BRAM HELMI CHRISBY GULO','2001-06-01','D4','2023-06-26 09:50:23','2023-06-26 09:50:23'),(546,'201923387','RIFDAH SYIFA','2001-05-08','D4','2023-06-26 09:50:23','2023-06-26 09:50:23'),(547,'201923368','ANITA CAROLINA','2001-12-13','D4','2023-06-26 09:50:23','2023-06-26 09:50:23'),(548,'2022309057','MOH. FADHLURRAHMAN HIDAYAT','2000-05-26','D4','2023-06-26 09:50:23','2023-06-26 09:50:23'),(549,'201923359','RAJA SAMUEL SIMAMORA','2001-03-15','D4','2023-06-26 09:50:23','2023-06-26 09:50:23'),(550,'201923364','AGUNG GUMELAR NUR MUHAMMAD ','2000-04-09','D4','2023-06-26 09:50:23','2023-06-26 09:50:23'),(551,'201923382','MUHAMMAD RIFKI ADITYA','2001-04-20','D4','2023-06-26 09:50:24','2023-06-26 09:50:24'),(552,'2022309065','AINI NURHASANAH','1995-11-19','D4','2023-06-26 09:50:24','2023-06-26 09:50:24'),(553,'201923338','ALIZA FAKHIRAH','2001-04-06','D4','2023-06-26 09:50:24','2023-06-26 09:50:26'),(554,'201923358','PUTRI CHAERUNISSA','1997-04-13','D4','2023-06-26 09:50:24','2023-06-26 09:50:24'),(555,'201923344','CHRYSILLA GIOVANI SETIAWAN','2001-01-02','D4','2023-06-26 09:50:24','2023-06-26 09:50:24'),(556,'2022309058','AMIRA QATRUNNADA','2000-11-06','D4','2023-06-26 09:50:24','2023-06-26 09:50:26'),(557,'201923354','MUHAMMAD LUTHFI RUKMANA','2001-02-12','D4','2023-06-26 09:50:24','2023-06-26 09:50:24'),(558,'201923345','DAFFA ZUFAR','2001-06-28','D4','2023-06-26 09:50:24','2023-06-26 09:50:24'),(559,'2022309051','SEPTIAN PERMANA','1996-09-26','D4','2023-06-26 09:50:24','2023-06-26 09:50:24'),(560,'2022309064','MAYOLIKA YOSSI BR LUMBANTORUAN','1998-02-13','D4','2023-06-26 09:50:24','2023-06-26 09:50:26'),(561,'201923374','Cut Melati Tasya Salsabila','2001-05-26','D4','2023-06-26 09:50:24','2023-06-26 09:50:24'),(562,'201923377','JGIAN CHRISTMAS SITEPU','2000-12-26','D4','2023-06-26 09:50:24','2023-06-26 09:50:24'),(563,'201923366','ANDITA ALZAINA HAJAR','2001-08-11','D4','2023-06-26 09:50:24','2023-06-26 09:50:24'),(564,'2022309061','PUTRI KHAIRINA ASSYRAF','2000-03-01','D4','2023-06-26 09:50:24','2023-11-17 09:02:17'),(565,'2022309068','INDRI WIDYA ARDILLAH ','2000-08-07','D4','2023-06-26 09:50:25','2023-06-26 09:50:25'),(566,'2022309066','RYSA TYAS MUSTIKA NAUFALYA SALIM','1999-05-23','D4','2023-06-26 09:50:25','2023-06-26 09:50:25'),(567,'201923353','MUHAMMAD IKHSAN FAJAR','2001-03-30','D4','2023-06-26 09:50:25','2023-06-26 09:50:25'),(568,'2022309060','RIOBER JOSHUA','1997-11-09','D4','2023-06-26 09:50:25','2023-06-26 09:50:26'),(569,'201923370','AURORA ZAHRASHITA','2001-05-23','D4','2023-06-26 09:50:25','2023-06-26 09:50:25'),(570,'201923376','HILDA OCTAVIA SIHOMBING ','1999-10-05','D4','2023-06-26 09:50:25','2023-06-26 09:50:25'),(571,'201923385','RAHMADITA DHIYANINGRUM','2001-04-21','D4','2023-06-26 09:50:25','2023-06-26 09:50:25'),(572,'2022309056','PUTRA SATATA SUSILO','1992-01-19','D4','2023-06-26 09:50:25','2023-06-26 09:50:25'),(573,'201923375','DONGAN FELIX PUTRA SIGO TAMBUNAN','2001-08-17','D4','2023-06-26 09:50:25','2023-06-26 09:50:25'),(574,'2022309059','AULIA YOSITA','1997-02-28','D4','2023-06-26 09:50:25','2023-06-26 09:50:25'),(575,'201923389','TAQIYYA NABIIHA KOESARINI','2001-07-02','D4','2023-06-26 09:50:25','2023-06-26 09:50:25'),(576,'201923373','CLAUDIO ALFARESTO SAIYA','2001-07-18','D4','2023-06-26 09:50:25','2023-06-26 09:50:25'),(577,'201923367','ANISA RAFI DESTRIAWAN','2001-02-18','D4','2023-06-26 09:50:25','2023-06-26 09:50:25'),(578,'201923357','PAMELA EDABELLE','2001-12-29','D4','2023-06-26 09:50:25','2023-06-26 09:50:25'),(579,'2022309052','MAULY HOLIVIA DINATA','2000-06-23','D4','2023-06-26 09:50:25','2023-06-26 09:50:25'),(580,'201923350','LIVIA ERIKA NOVELYANA','2001-11-01','D4','2023-06-26 09:50:26','2023-06-26 09:50:26'),(581,'201923351','MICHELLE NOVATIAR NATASHA','2001-11-25','D4','2023-06-26 09:50:26','2023-06-26 09:50:26'),(582,'201923380','MILENIA SARASWATI','2000-11-07','D4','2023-06-26 09:50:26','2023-06-26 09:50:26'),(583,'2022309062','RYU VINCENT WINARTO','1999-11-21','D4','2023-06-26 09:50:26','2023-07-06 04:03:03'),(584,'2022309069','ANUGRAH HUSAIN','1999-12-25','D4','2023-06-26 09:50:26','2023-06-26 09:50:26'),(585,'201923388','SONIA AUDREY HAMDANI','2001-01-20','D4','2023-06-26 09:50:26','2023-06-26 09:50:26'),(586,'201822719','MUHAMMAD FADIL LUTHFIANSYAH','2000-03-04','D4','2023-06-26 09:50:26','2023-11-17 09:02:17'),(587,'201923339','ANDIKA FRANTIVEK FAHRUROZI','2000-03-16','D4','2023-06-26 09:50:26','2024-06-12 04:38:59'),(588,'201923341','AUDREY JOHANNA','2001-03-06','D4','2023-06-26 09:50:26','2023-11-17 09:02:17'),(589,'2020411002','AMITA ANGELINE','2003-01-08','D4','2023-06-26 09:50:26','2023-06-26 09:50:37'),(590,'2020411003','OKTAVIANUS PUTERA TIN','2002-10-24','D4','2023-06-26 09:50:26','2023-06-26 09:50:37'),(591,'2020411007','NABILA RUSTAMAN','2002-10-10','D4','2023-06-26 09:50:26','2023-06-26 09:50:37'),(592,'2020404075','JERIKHO DAVID PRATAMA PANE','2002-05-10','D3','2023-06-26 09:50:26','2023-06-26 09:50:26'),(593,'2020404079','ROFI DAYFAN AKBAR SYAM','2002-09-09','D3','2023-06-26 09:50:26','2023-06-26 09:50:26'),(594,'2020404048','RAHUL FADLI PRATAMA','2001-03-10','D3','2023-06-26 09:50:26','2023-06-26 09:50:26'),(595,'2020404074','DENISA KANIAPUTRI PRAMANA','2001-03-15','D3','2023-06-26 09:50:27','2023-06-26 09:50:27'),(596,'2020404008','ANGGA DELI JANTIKA','2001-11-20','D3','2023-06-26 09:50:27','2023-06-26 09:50:27'),(597,'2020404083','FATYA NURFAJAR','2002-05-14','D3','2023-06-26 09:50:27','2023-06-26 09:50:27'),(598,'2020404084','BIANCA JASMINE AMARA HUTAGALUNG ','2002-04-11','D3','2023-06-26 09:50:27','2023-06-26 09:50:27'),(599,'2020404010','MAURITANIA BERLIAN YUSUF','2002-02-23','D3','2023-06-26 09:50:27','2023-06-26 09:50:27'),(600,'2020404046','VANYA NADHIRA RAMADHANI','2002-11-10','D3','2023-06-26 09:50:27','2023-06-26 09:50:27'),(601,'2020404077','HANUNG INDRIANI','2003-01-11','D3','2023-06-26 09:50:27','2023-06-26 09:50:27'),(602,'2020404011','VYA ARDHYA OKTAVIANI','2001-10-30','D3','2023-06-26 09:50:27','2023-06-26 09:50:27'),(603,'2020404073','DEVA FEBIA ADAM','2002-02-14','D3','2023-06-26 09:50:27','2023-06-26 09:50:27'),(604,'2020404049','EMYNINA SEPTIANI ','2001-09-04','D3','2023-06-26 09:50:27','2023-06-26 09:50:27'),(605,'2020404047','FARA AYU AZZAHRA','2002-07-30','D3','2023-06-26 09:50:27','2023-06-26 09:50:27'),(606,'2020404012','DIAN TRINITA ','2002-05-24','D3','2023-06-26 09:50:27','2023-06-26 09:50:27'),(607,'2020404104','LIVIO TJANDRA','2002-10-13','D3','2023-06-26 09:50:27','2023-06-26 09:50:27'),(608,'2020404015','SONDANG XENAWATI','2002-06-13','D3','2023-06-26 09:50:27','2023-06-26 09:50:27'),(609,'2020404050','ALZIZA ARTAMEVIA','2002-07-13','D3','2023-06-26 09:50:27','2023-06-26 09:50:27'),(610,'2020404009','KEISYA HUMAIRA SOFIA WIBOWO ','2002-02-20','D3','2023-06-26 09:50:28','2023-06-26 09:50:28'),(611,'2020404061','JASMINE GANESHA MARCEL','2001-09-21','D3','2023-06-26 09:50:28','2023-06-26 09:50:28'),(612,'2020404003','MUHAMMAD SENDI SEPTIANSYAH','2001-09-03','D3','2023-06-26 09:50:28','2023-06-26 09:50:28'),(613,'2020404051','ALYA PUTRI MELITA','2000-05-06','D3','2023-06-26 09:50:28','2023-06-26 09:50:28'),(614,'2020404052','NUR ARBA AJI VAJA NANDA SATRIA','2001-11-07','D3','2023-06-26 09:50:28','2023-06-26 09:50:28'),(615,'2020404094','FIELA DELFINADA','2001-02-12','D3','2023-06-26 09:50:28','2023-06-26 09:50:28'),(616,'2020404062','DINI FILDZA IKRAMINA','2001-12-26','D3','2023-06-26 09:50:28','2023-06-26 09:50:28'),(617,'2020404089','RIZKI HASAN','2002-03-11','D3','2023-06-26 09:50:28','2023-06-26 09:50:28'),(618,'2020404106','RAMDANI FIRMANSYAH','2002-11-11','D3','2023-06-26 09:50:28','2023-06-26 09:50:28'),(619,'2020404060','MUHAMMAD MIFTAHUSSIVA','2002-06-08','D3','2023-06-26 09:50:28','2023-06-26 09:50:28'),(620,'2020404014','MUHAMMAD BANI FARIS PRATAMA','2002-08-31','D3','2023-06-26 09:50:28','2023-06-26 09:50:28'),(621,'2020404054','AULIA PUTRI NABILA','2001-06-29','D3','2023-06-26 09:50:28','2023-06-26 09:50:28'),(622,'2020404086','WIDYA WULANSARI','2002-09-27','D3','2023-06-26 09:50:28','2023-06-26 09:50:28'),(623,'2020404085','PNOPACSKY FELICITY MANURUNG','2003-08-12','D3','2023-06-26 09:50:28','2023-06-26 09:50:28'),(624,'2020404005','RACHEL ZEFANYA ZEGA','2002-07-27','D3','2023-06-26 09:50:28','2023-06-26 09:50:28'),(625,'2020404081','YOHANA INDAH SHAKIRA','2002-06-21','D3','2023-06-26 09:50:28','2023-06-26 09:50:28'),(626,'2020404070','GARUDA ANUSAPATI KINARA VIVALDI','2002-04-12','D3','2023-06-26 09:50:29','2023-11-15 02:21:59'),(627,'2020404004','QORY NURHASANAH','2002-08-11','D3','2023-06-26 09:50:29','2023-06-26 09:50:29'),(628,'2020404013','NAJLA MAHARANI PASHA','2001-11-15','D3','2023-06-26 09:50:29','2023-06-26 09:50:29'),(629,'2020404065','GILANG RIZKY','2001-01-09','D3','2023-06-26 09:50:29','2023-06-26 09:50:29'),(630,'2020404055','ALZAHRI ARDIAN SYAH','2002-02-19','D3','2023-06-26 09:50:29','2023-06-26 09:50:29'),(631,'2020404064','FRISKA SILVINAWATI','2002-09-26','D3','2023-06-26 09:50:29','2023-06-26 09:50:29'),(632,'2020404068','FARHAN ARYA AL-KASYAL','2001-12-16','D3','2023-06-26 09:50:29','2023-11-15 02:21:59'),(633,'2020404002','EVELYN CHRYSELLA PATTIASINA','2001-11-08','D3','2023-06-26 09:50:29','2023-06-26 09:50:29'),(634,'2020404007','FAHRUL FAHRUDIN','2000-03-28','D3','2023-06-26 09:50:29','2023-06-26 09:50:29'),(635,'2020404090','YASMIN ADELYA HERMANSYAH','2002-12-16','D3','2023-06-26 09:50:29','2023-06-26 09:50:29'),(636,'2020404071','AYU ZAHRA DANIKA THOURIQ','2002-06-27','D3','2023-06-26 09:50:29','2023-06-26 09:50:29'),(637,'2020404001','MICKEL SOLEHABUL NUGRAHA','2001-07-24','D3','2023-06-26 09:50:29','2023-06-26 09:50:29'),(638,'2020407004','NADA MAHARANI AFEN','2001-02-02','D3','2023-06-26 09:50:29','2023-06-26 09:50:29'),(639,'2020407010','JESICA HASIANI PANGGABEAN','2001-01-02','D3','2023-06-26 09:50:29','2023-06-26 09:50:29'),(640,'2020407079','DALILA MIRINA KIFLIE ','2002-03-30','D3','2023-06-26 09:50:29','2023-06-26 09:50:29'),(641,'2020407059','SUGIANTORO','2001-01-05','D3','2023-06-26 09:50:29','2023-06-26 09:50:29'),(642,'2020407083','ANGELINA CLAUDIA PUTRI','2002-05-25','D3','2023-06-26 09:50:29','2023-06-26 09:50:29'),(643,'2020407078','FIRDA DWIYANTI','2002-04-18','D3','2023-06-26 09:50:29','2023-06-26 09:50:29'),(644,'2020407053','MOCHAMAD FACHRUL BAGASWARA','2001-10-24','D3','2023-06-26 09:50:30','2023-06-26 09:50:30'),(645,'201822780','DAVID WEMPIE KAREL SENDUK','1999-09-07','D3','2023-06-26 09:50:30','2023-06-26 09:50:30'),(646,'2020407077','ARTHUR HAZEA ALEXANDER','2001-11-14','D3','2023-06-26 09:50:30','2023-06-26 09:50:30'),(647,'2020407096','ARYANI NURMITA ERIZNA PUTRI','2001-06-29','D3','2023-06-26 09:50:30','2023-06-26 09:50:30'),(648,'2020407056','SYIFA DARRELLYANA SUTISNA','2002-05-02','D3','2023-06-26 09:50:30','2023-06-26 09:50:30'),(649,'2020407084','LIZTYA','2002-01-18','D3','2023-06-26 09:50:30','2023-06-26 09:50:30'),(650,'2020407063','NASYA YUNITA PUTRI','2002-06-01','D3','2023-06-26 09:50:30','2023-06-26 09:50:30'),(651,'2020407007','ANANDA TEGAR WICAKSONO','2002-08-23','D3','2023-06-26 09:50:30','2023-06-26 09:50:30'),(652,'2020407076','ANNATASYA SHERLIN MAMORA','2000-04-30','D3','2023-06-26 09:50:30','2023-06-26 09:50:30'),(653,'2020407008','MUHAMMAD AZHAR KHADAFFY','2001-04-16','D3','2023-06-26 09:50:30','2023-06-26 09:50:30'),(654,'2020407061','ARGIA BARA MAHARDIKA','2002-08-17','D3','2023-06-26 09:50:30','2023-06-26 09:50:30'),(655,'2020407055','Moch Fasya Al Ghifari Poeradinata ','2002-01-24','D3','2023-06-26 09:50:30','2023-06-26 09:50:30'),(656,'2020407057','Selvia Nurul Sholeha','2002-09-09','D3','2023-06-26 09:50:30','2023-06-26 09:50:30'),(657,'2020407072','HARDYANTI NUR AFIFAH','2002-04-14','D3','2023-06-26 09:50:30','2023-06-26 09:50:30'),(658,'2020407071','FRANCESCO DEYKIE JOE','2001-04-06','D3','2023-06-26 09:50:31','2023-06-26 09:50:31'),(659,'2020407006','MUHAMMAD HAFIZH NARESWARA DARMAWANTO ','2001-11-19','D3','2023-06-26 09:50:31','2023-06-26 09:50:31'),(660,'2020407060','ANTONIUS ARY SUJATMIKO','1995-01-05','D3','2023-06-26 09:50:31','2023-06-26 09:50:31'),(661,'2020407070','MUHAMMAD BANI FARID DWITAMA ','2002-08-31','D3','2023-06-26 09:50:31','2023-06-26 09:50:31'),(662,'2020407080','VIGO ROMIZ KHAUTAL','2002-09-09','D3','2023-06-26 09:50:31','2023-06-26 09:50:31'),(663,'2020407075','RUBEN SHEFACA MOESTIKA RATAM','2000-08-29','D3','2023-06-26 09:50:31','2023-06-26 09:50:31'),(664,'2020407002','MUHAMMAD ZAID NURSANGGEH','2001-07-04','D3','2023-06-26 09:50:31','2023-06-26 09:50:31'),(665,'2020407005','QURRATU AININ','2002-03-09','D3','2023-06-26 09:50:31','2023-06-26 09:50:31'),(666,'2020407014','MUHAMMAD RENALDI','2002-04-30','D3','2023-06-26 09:50:31','2023-06-26 09:50:31'),(667,'2020407016','MARCO D MARLEON','2002-07-01','D3','2023-06-26 09:50:31','2024-06-06 03:15:42'),(668,'2020407050','PUTRI ALFIRA NURUL INTAN','2002-01-13','D3','2023-06-26 09:50:31','2023-06-26 09:50:31'),(669,'2020407018','DEBRI PAZERO KABAN','2002-06-07','D3','2023-06-26 09:50:31','2023-06-26 09:50:31'),(670,'2020407009','IWANDA DHIKA GIBRAN NAUFALDI','2001-08-25','D3','2023-06-26 09:50:31','2023-06-26 09:50:31'),(671,'2020407051','ADRIAN PRAMADITA','2002-03-06','D3','2023-06-26 09:50:31','2023-06-26 09:50:31'),(672,'2020407015','REZA PRADIETYA','2001-01-16','D3','2023-06-26 09:50:31','2023-06-26 09:50:31'),(673,'2020407047','FIRDA AYUNI LESTARI','2002-06-17','D3','2023-06-26 09:50:31','2023-06-26 09:50:31'),(674,'2020407011','FEBY IMELDA SILABAN','2001-12-19','D3','2023-06-26 09:50:31','2023-06-26 09:50:31'),(675,'2020407068','KHALIFAH AMANI','2002-08-24','D3','2023-06-26 09:50:32','2023-06-26 09:50:32'),(676,'2020407081','JARJI ZAIDAN','2002-04-25','D3','2023-06-26 09:50:32','2023-06-26 09:50:32'),(677,'2020407097','Fikriyani Hidayat ','1999-06-26','D3','2023-06-26 09:50:32','2023-06-26 09:50:32'),(678,'2020407001','GAGAS ARYA GUMILANG','2001-03-22','D3','2023-06-26 09:50:32','2023-06-26 09:50:32'),(679,'2020407054','DWITO GHANINDRA','2002-01-03','D3','2023-06-26 09:50:32','2023-11-15 02:22:02'),(680,'2020407052','GLENN IGLESIA DURAND','2002-08-30','D3','2023-06-26 09:50:32','2023-06-26 09:50:32'),(681,'2020406081','WILLY LINARDY','2001-08-03','D3','2023-06-26 09:50:32','2023-06-26 09:50:32'),(682,'2020406008','MUHAMMAD FADIL AR RASYID SUPARNO','2002-08-29','D3','2023-06-26 09:50:32','2023-06-26 09:50:32'),(683,'2020406053','YULIA SRI HANDAYANI','2002-07-16','D3','2023-06-26 09:50:32','2023-06-26 09:50:32'),(684,'2020406082','ZOYA SELVIA APRILIANI ','2002-04-12','D3','2023-06-26 09:50:32','2023-06-26 09:50:32'),(685,'2020406019','AHMAD HARUN FATHUDDIN ','2002-03-30','D3','2023-06-26 09:50:32','2023-06-26 09:50:32'),(686,'2020406077','SITI AFINA SYAKIRAH','2002-04-11','D3','2023-06-26 09:50:32','2023-11-15 02:22:06'),(687,'2020406056','FAUZAN RINALDY','2002-01-29','D3','2023-06-26 09:50:32','2023-06-26 09:50:32'),(688,'2020406003','PRAMUDITA DHARMA MEGA','2002-09-15','D3','2023-06-26 09:50:32','2023-06-26 09:50:32'),(689,'2020406001','DEKI ADAM','2002-06-08','D3','2023-06-26 09:50:32','2023-06-26 09:50:32'),(690,'2020406018','HILDA THERESIA TARIGAN','2002-05-02','D3','2023-06-26 09:50:33','2023-06-26 09:50:33'),(691,'2020406075','FADHEL MUHAMMAD','2002-04-18','D3','2023-06-26 09:50:33','2023-06-26 09:50:33'),(692,'2020406096','TAMARA MARISKA','2002-01-15','D3','2023-06-26 09:50:33','2023-06-26 09:50:33'),(693,'2020406049','DIMAS ARYA WIJAYA','2001-07-30','D3','2023-06-26 09:50:33','2023-06-26 09:50:33'),(694,'2020406073','RIDHO HISYAM JAWAHIR','2001-11-25','D3','2023-06-26 09:50:33','2023-06-26 09:50:33'),(695,'2020406101','SYAFINA NUR ASSYIFA','2002-05-10','D3','2023-06-26 09:50:33','2023-06-26 09:50:33'),(696,'2020406013','FATA ASHFIYARABBI DZAR ALGHIFARI','2003-05-18','D3','2023-06-26 09:50:33','2023-06-26 09:50:33'),(697,'2020406004','DEODATUS HIZKIA ARTAHSASTA','2002-11-14','D3','2023-06-26 09:50:33','2023-06-26 09:50:33'),(698,'2020406068','ALVIN GUSTI NURANDI','2002-07-05','D3','2023-06-26 09:50:33','2023-06-26 09:50:33'),(699,'2020406015','MUHAMMAD AFKAR NADHIFA KARIM','2001-11-29','D3','2023-06-26 09:50:33','2023-06-26 09:50:33'),(700,'2020406014','APRILIANISA ASRI PURWANI','2002-04-13','D3','2023-06-26 09:50:33','2023-06-26 09:50:33'),(701,'2020406070','JEFF QUINCY SUMAWINATA ','2001-11-18','D3','2023-06-26 09:50:33','2023-06-26 09:50:33'),(702,'2020406047','ZOELVA ATTALLA BILHIKMAH','2001-09-14','D3','2023-06-26 09:50:33','2023-06-26 09:50:33'),(703,'2020406010','SATRIA BINTANG LAZUARDI FISABILILLAH','2001-05-04','D3','2023-06-26 09:50:33','2023-06-26 09:50:33'),(704,'2020406071','RAHMAD RIVALDI','2000-05-18','D3','2023-06-26 09:50:33','2023-06-26 09:50:33'),(705,'2020406080','JOHANNA DEBORA KUNAWI','2003-06-07','D3','2023-06-26 09:50:33','2023-06-26 09:50:33'),(706,'201923522','FABIAN HAFIZH AGUSTA','2001-07-27','D3','2023-06-26 09:50:34','2023-06-26 09:50:34'),(707,'2020406066','DINDA RAHAYU HIDAYAT','2002-09-08','D3','2023-06-26 09:50:34','2023-06-26 09:50:34'),(708,'2020406058','EUNIKE CAESARIA','2002-01-07','D3','2023-06-26 09:50:34','2023-06-26 09:50:34'),(709,'2020406076','TAUFIQ IWANSYAH','1996-01-05','D3','2023-06-26 09:50:34','2023-11-15 02:22:06'),(710,'2020406097','Nibras Azzura ','2001-08-31','D3','2023-06-26 09:50:34','2023-11-15 02:22:04'),(711,'2020406063','RIZHANTY PUSPADEWI','2002-10-18','D3','2023-06-26 09:50:34','2023-06-26 09:50:34'),(712,'2020406051','NAUFAL HAIDAR LATIEF','2002-11-11','D3','2023-06-26 09:50:34','2023-06-26 09:50:34'),(713,'2020406072','FAUZAN AKBAR DZULKARNAEN','2002-04-18','D3','2023-06-26 09:50:34','2023-06-26 09:50:34'),(714,'2020406059','LUTHFI FATHUR RAHMAN','2002-04-17','D3','2023-06-26 09:50:34','2023-06-26 09:50:34'),(715,'2020406079','SHANZENA NAULI','2002-03-15','D3','2023-06-26 09:50:34','2023-11-17 09:02:17'),(716,'2020406106','MUHAMMAD RAIHAN PUTRA MAULANA','2001-12-12','D3','2023-06-26 09:50:34','2023-11-15 02:22:06'),(717,'2020406055','MUHAMAD IQBAL ARFAZ SUPARMAN','2002-06-16','D3','2023-06-26 09:50:34','2024-04-04 07:52:16'),(718,'2020406007','TARISHA AURELIA','2001-06-27','D3','2023-06-26 09:50:34','2023-06-26 09:50:34'),(719,'2020406083','ANASTASYA FANSURY','2002-04-27','D3','2023-06-26 09:50:35','2023-06-26 09:50:35'),(720,'2020406002','ANNISA YUSUF GABRIELA ','2002-05-16','D3','2023-06-26 09:50:35','2023-06-26 09:50:35'),(721,'2020406012','ZAIMA BILQISTI ','2002-08-01','D3','2023-06-26 09:50:35','2023-06-26 09:50:35'),(722,'2020406005','CHERYL JOHANNA SETIAWATI','2000-09-27','D3','2023-06-26 09:50:35','2023-06-26 09:50:35'),(723,'2020406006','VIOLA NAJLA KAMILA WANDANI','2002-12-19','D3','2023-06-26 09:50:35','2023-06-26 09:50:35'),(724,'2020406064','FADLI AULIA','1997-07-07','D3','2023-06-26 09:50:35','2023-06-26 09:50:35'),(725,'2020406017','DELIA PRAMESTI OKTAFIYANTO','2001-10-20','D3','2023-06-26 09:50:35','2023-06-26 09:50:35'),(726,'2020406074','MOHAMMAD REZKY LEKSAPUTRA','2001-10-21','D3','2023-06-26 09:50:35','2023-06-26 09:50:35'),(727,'201923553','MARIO ALVO HERMANTO','2001-08-01','D3','2023-06-26 09:50:35','2023-06-26 09:50:35'),(728,'2020411001','QINTHARA AZZAHRA FAIZA','2001-11-22','D3','2023-06-26 09:50:35','2023-06-26 09:50:35'),(729,'2020411018','MUHAMMAD AJRIN SALIM','2001-01-14','D3','2023-06-26 09:50:35','2023-06-26 09:50:35'),(730,'2020411072','FATHIANY RIZKY PUSPARINI','2001-11-11','D3','2023-06-26 09:50:35','2023-06-26 09:50:35'),(731,'2020411080','NENG NUKE ADINDA MULYA','2000-08-18','D3','2023-06-26 09:50:35','2023-06-26 09:50:35'),(732,'2020411021','JEANNY DERMAWAN ','2002-03-06','D3','2023-06-26 09:50:35','2023-06-26 09:50:35'),(733,'2020411015','NAZWA ALIFA NUGRAHA','2002-12-29','D3','2023-06-26 09:50:35','2023-06-26 09:50:35'),(734,'2020411022','JANE AURELIA PAKPAHAN','2002-03-09','D3','2023-06-26 09:50:35','2023-06-26 09:50:35'),(735,'2020411066','SHANDRINA DANTI CHANTIKA','2002-07-09','D3','2023-06-26 09:50:35','2023-06-26 09:50:35'),(736,'2020411104','SARAH MAUREN RAMADANTI','2002-11-24','D3','2023-06-26 09:50:36','2023-06-26 09:50:36'),(737,'2020411082','NADHIRA AKMALIA PUTRI','2002-11-05','D3','2023-06-26 09:50:36','2023-06-26 09:50:36'),(738,'2020411067','KAYLA ZAHRA ','2001-12-18','D3','2023-06-26 09:50:36','2023-06-26 09:50:36'),(739,'2020411059','RESTI AMANDA RIANTIZA','2002-07-30','D3','2023-06-26 09:50:36','2023-06-26 09:50:36'),(740,'2020411068','LASMA TAO LETTA BR. MARPAUNG','2002-01-25','D3','2023-06-26 09:50:36','2023-06-26 09:50:36'),(741,'2020411017','SALSABILA RIANDI PUTRI','2002-05-22','D3','2023-06-26 09:50:36','2023-06-26 09:50:36'),(742,'2020411081','HUMAIRA RISHENDRA','2002-02-15','D3','2023-06-26 09:50:36','2023-06-26 09:50:36'),(743,'2020411061','HERZA KHOIRUNNISA ALMAAS','2002-02-14','D3','2023-06-26 09:50:36','2023-06-26 09:50:36'),(744,'2020411057','SAFA SALSABILA','2002-02-08','D3','2023-06-26 09:50:36','2023-06-26 09:50:36'),(745,'2020411065','SALWA SHAFA SUPRIYADI','2001-12-20','D3','2023-06-26 09:50:36','2023-06-26 09:50:36'),(746,'2020411019','Shazia Maharani','2001-12-29','D3','2023-06-26 09:50:36','2023-06-26 09:50:36'),(747,'201923783','LUDJULI AHNAFSALMAN','1998-07-13','D3','2023-06-26 09:50:36','2023-06-26 09:50:36'),(748,'2020411013','TIARA ADELIA AZHAR','2002-05-26','D3','2023-06-26 09:50:36','2023-06-26 09:50:36'),(749,'2020411016','MIRNA SELLA PANGESTU ','2001-08-12','D3','2023-06-26 09:50:37','2023-06-26 09:50:37'),(750,'2020411051','RICHARD PENDI','2001-04-23','D3','2023-06-26 09:50:37','2023-06-26 09:50:37'),(751,'2020411087','PUAN PUTRI MAHADEWI','2002-05-12','D3','2023-06-26 09:50:37','2023-06-26 09:50:37'),(752,'2020411086','IQBAL NUGRAHA RIYADI','2000-12-08','D3','2023-06-26 09:50:37','2023-06-26 09:50:37'),(753,'2020411053','MEILYA PAQUITA PRICILLA','2002-05-17','D3','2023-06-26 09:50:37','2023-06-26 09:50:37'),(754,'2020411074','FARAH FAATIHAH AZZAHRA ','2002-07-21','D3','2023-06-26 09:50:37','2023-06-26 09:50:37'),(755,'201923586','SHERYL NOVIANIKE','2001-02-13','D3','2023-06-26 09:50:37','2023-06-26 09:50:37'),(756,'2020411070','ALMA NABILA','2001-06-22','D3','2023-06-26 09:50:37','2023-06-26 09:50:37'),(757,'2020411005','MICHELLE SASEMA','2002-03-15','D3','2023-06-26 09:50:37','2023-06-26 09:50:37'),(758,'2020411084','HELLEN WIJAYA','2002-12-05','D3','2023-06-26 09:50:37','2023-06-26 09:50:37'),(759,'201823084','SYIFA RASHIDA KAMILA','2000-04-22','D3','2023-06-26 09:50:37','2023-06-26 09:50:37'),(760,'2020411012','ELSA NUR PANGESTI','2001-08-14','D3','2023-06-26 09:50:37','2023-06-26 09:50:37'),(761,'2020411056','EVELYN WIJAYA','2002-02-23','D3','2023-06-26 09:50:37','2023-06-26 09:50:37'),(762,'2020411008','DARYN MAHARANI PURBANI','2002-08-04','D3','2023-06-26 09:50:37','2023-06-26 09:50:37'),(763,'2020411071','CRESCENTIA KARINENA ARDY','2002-07-27','D3','2023-06-26 09:50:37','2023-06-26 09:50:37'),(764,'2020411010','ANDREAS CAECARIO ANANDORA WIJANARKO','2001-11-19','D3','2023-06-26 09:50:37','2023-06-26 09:50:37'),(765,'2020411014','MUTHIA AZZAHRA','2002-12-22','D3','2023-06-26 09:50:38','2023-06-26 09:50:38'),(766,'2020411050','SHAQUILLA THIFAL ALIYA','2001-10-19','D3','2023-06-26 09:50:38','2023-06-26 09:50:38'),(767,'2020411006','ALISYA SHAFFIRA BRIGITA MERLIANY','2002-09-08','D3','2023-06-26 09:50:38','2023-06-26 09:50:38'),(768,'2020411011','ARSYI ZAHWA TRI ANISA ','2002-07-19','D3','2023-06-26 09:50:38','2023-06-26 09:50:38'),(769,'2020411060','YASMIN SALSABILLA ','2002-01-03','D3','2023-06-26 09:50:38','2023-06-26 09:50:38'),(770,'2020411004','FIKRI SASTRIAN ARIFANDI','2002-03-03','D3','2023-06-26 09:50:38','2023-06-26 09:50:38'),(771,'2020411069','MUHAMMAD FADEL','2001-01-19','D3','2023-06-26 09:50:38','2024-04-04 07:52:20'),(772,'2020411020','ANIAR AZZAHRA','2001-11-17','D3','2023-06-26 09:50:38','2023-06-26 09:50:38'),(773,'2020411009','ALMA FASHILA','2001-12-16','D3','2023-06-26 09:50:38','2023-06-26 09:50:38'),(777,'2020407099','EMIR ABID AL ZARQOU','2002-09-13','D3','2023-07-06 06:08:00','2023-07-06 06:08:00'),(778,'2020407073','TERRANCE BENEDICT','2002-08-04','D3','2023-07-06 06:10:39','2023-11-15 02:22:02'),(779,'2020411085','VIVIAN GOMAR','2002-02-15','D3','2023-07-06 06:12:54','2023-11-15 02:22:09'),(781,'201923855','RIKI RAHDIWANSYAH','1985-05-12','S2','2023-07-06 06:15:37','2023-07-06 06:15:37'),(782,'201823146','NIKSON HENDRA LUMBANTORUAN','1984-11-14','S2','2023-07-06 06:17:09','2023-07-06 06:17:09'),(783,'201923164','ELISABETH ELEONORA TIWU','2000-11-06','D4','2023-07-07 03:59:51','2023-07-07 03:59:51'),(784,'201923295','FANANI ADIS SAFITRI','2000-01-26','D4','2023-07-10 07:16:07','2023-07-10 07:16:07'),(785,'201923174','PURWITA','2002-03-20','D4','2023-07-11 01:42:52','2023-07-11 01:43:04'),(786,'201822650','ZIYAN FIRAS FITRIA','2000-01-07','D4','2023-07-13 06:57:42','2023-07-13 06:57:42'),(787,'201923379','MUHAMMAD ROFI ALMAIR JABBAR','1999-06-20','D4','2023-07-13 07:48:28','2023-07-13 07:48:28'),(788,'201923356','MUHAMMAD RIFQI ARDIANSYAH','1997-11-01','D4','2023-07-13 07:50:25','2023-07-13 07:50:25'),(789,'2020406098','HASAMONI','2001-09-11','D3','2023-07-13 09:39:47','2023-07-13 09:39:47'),(790,'201721889','NYOMAN BAGUS MAULANA PUTRA','1998-02-05','D4','2023-11-15 02:21:56','2023-11-15 02:21:56'),(791,'201923307','RIYALDI AFLAH DARMAWAN','2001-02-28','D4','2023-11-15 02:21:56','2024-04-04 07:52:03'),(792,'2022309063','GALAN SATRIA DEWATA','1997-02-24','D4','2023-11-15 02:21:56','2024-04-04 07:52:07'),(793,'201923348','JEAN RANGGA TAHI PARLINDUNGAN LIMBONG','1996-09-13','D4','2023-11-15 02:21:56','2024-04-04 07:52:07'),(794,'2020404053','ABRAHAM GIOVANNI','2001-05-03','D3','2023-11-15 02:21:56','2023-11-15 02:21:56'),(795,'2020404045','ADJI FADILLAH HADI GIANTARA','2002-05-10','D3','2023-11-15 02:21:56','2024-04-04 07:52:10'),(796,'201923392','AFIFAH HANUN NURIAH FAHMI','2002-02-24','D3','2023-11-15 02:21:56','2024-04-04 07:52:10'),(797,'2020404088','AININDA FADHILAH','2002-06-28','D3','2023-11-15 02:21:56','2023-11-15 02:21:56'),(798,'2020404036','AMANDA YULIA SURAWIDJAYA','2001-07-18','D3','2023-11-15 02:21:56','2024-04-04 07:52:10'),(799,'2020404019','ASEP JAELANI','2001-11-07','D3','2023-11-15 02:21:56','2023-11-15 02:21:56'),(800,'2020404056','ASHIVA HUDA ROHMAH','2002-05-05','D3','2023-11-15 02:21:56','2023-11-15 02:21:56'),(801,'2020404025','BIMA RIZKY RAHADIAN','2002-02-27','D3','2023-11-15 02:21:56','2024-04-04 07:52:10'),(802,'2020404038','DIMAS TRI ANUGRAH','2000-10-01','D3','2023-11-15 02:21:56','2023-11-15 02:21:56'),(803,'2020404103','DWIRIZKI RAMADHAN','2001-11-24','D3','2023-11-15 02:21:56','2023-11-15 02:21:56'),(804,'201923625','DYANA PUTRI RAMADHANI','2000-12-11','D3','2023-11-15 02:21:57','2023-11-15 02:21:57'),(805,'2020404042','ESEKIEL PUTRA SEBAYANG','2002-04-15','D3','2023-11-15 02:21:57','2023-11-15 02:21:57'),(806,'2020404030','FAJAR PRATAMA','2001-08-21','D3','2023-11-15 02:21:57','2024-04-04 07:52:10'),(807,'2020404033','GATHFAN RIZKY KUSTANDI','2002-09-16','D3','2023-11-15 02:21:57','2024-04-04 07:52:10'),(808,'2020404041','GUSTI ALDI FEBRIANSYAH','2002-02-24','D3','2023-11-15 02:21:57','2024-04-04 07:52:10'),(809,'2020404035','HAFIZUDDIN KAZHAMI','2002-09-01','D3','2023-11-15 02:21:57','2023-11-15 02:21:57'),(810,'2020404017','HERNITA ULFAH YUNIANTI','1997-06-07','D3','2023-11-15 02:21:57','2023-11-15 02:21:57'),(811,'2020404006','ISA TAUHID HIDAYAT','2002-02-28','D3','2023-11-15 02:21:57','2023-11-15 02:21:57'),(812,'2020404078','JUAN FELIX FIRMANSYAH','2002-06-08','D3','2023-11-15 02:21:57','2023-11-15 02:21:57'),(813,'2020404097','LAURA ANITA MILINIA','2000-05-15','D3','2023-11-15 02:21:57','2023-11-15 02:21:57'),(814,'2020404029','LAURA HELEN HUTAURUK','2000-07-02','D3','2023-11-15 02:21:57','2023-11-15 02:21:57'),(815,'2020404043','M DZAKWAN FAJAR','2002-09-10','D3','2023-11-15 02:21:57','2023-11-15 02:21:57'),(816,'2020404057','MIA SALSA RAHAYU','2001-09-17','D3','2023-11-15 02:21:57','2023-11-15 02:21:57'),(817,'2020404099','MOCHAMMAD AXEL FATRA PRIADY','2001-04-19','D3','2023-11-15 02:21:57','2024-04-04 07:52:10'),(818,'2020404059','MONICA THERESIA','2001-01-11','D3','2023-11-15 02:21:57','2023-11-15 02:21:57'),(819,'2020404020','MUHAMAD RIPAI','2002-07-10','D3','2023-11-15 02:21:58','2023-11-15 02:21:58'),(820,'2020404024','MUHAMMAD DAFA MAIPUTRA','2002-05-09','D3','2023-11-15 02:21:58','2024-04-04 07:52:10'),(821,'2020404098','MUHAMMAD FADHLAN MUMTAZ','2002-05-30','D3','2023-11-15 02:21:58','2023-11-15 02:21:58'),(822,'2020404022','MUHAMMAD FAWWAZ','2002-07-13','D3','2023-11-15 02:21:58','2023-11-15 02:21:58'),(823,'2020404072','PATRICIA BERLIANA SIMANJUNTAK','2002-04-07','D3','2023-11-15 02:21:58','2023-11-15 02:21:58'),(824,'2020404037','PUTRI MAUREEN ANISA PUJIANTI','2001-06-28','D3','2023-11-15 02:21:58','2023-11-15 02:21:58'),(825,'2020404092','RASHYA JOVANKA MARIE','2001-11-28','D3','2023-11-15 02:21:58','2023-11-15 02:21:58'),(826,'2020404091','RATU AYU SUKMA PUTU WIJAYA','2000-06-28','D3','2023-11-15 02:21:58','2023-11-15 02:21:58'),(827,'2020404026','RECKY FIRMANSYAH','2002-01-24','D3','2023-11-15 02:21:58','2024-04-04 07:52:10'),(828,'2020404076','REGAN ISMAIL','2002-06-15','D3','2023-11-15 02:21:58','2023-11-15 02:21:58'),(829,'2020404031','REZEKI MARULITUA SIMAMORA','2002-04-10','D3','2023-11-15 02:21:58','2024-04-04 07:52:10'),(830,'2020404032','SALMAN ALFARIES','2003-04-22','D3','2023-11-15 02:21:58','2024-04-04 07:52:10'),(831,'2020404044','SERLY SASFIANA','2002-09-01','D3','2023-11-15 02:21:59','2023-11-15 02:21:59'),(832,'2020404063','SHAFITRA DWIMAYU','2001-02-01','D3','2023-11-15 02:21:59','2023-11-15 02:21:59'),(833,'2020404018','SRI RESKI SEPTI YANTI','2002-09-12','D3','2023-11-15 02:21:59','2023-11-15 02:21:59'),(834,'2020404087','STEFANUS OCTAVIANUS','2000-10-03','D3','2023-11-15 02:21:59','2023-11-15 02:21:59'),(835,'2020404096','SULISTYONO NURDIANTO','2001-12-31','D3','2023-11-15 02:21:59','2024-04-04 07:52:10'),(836,'2020404034','YEHEZKIEL WILLIAM PUTRA BEREL','2002-11-26','D3','2023-11-15 02:21:59','2024-04-04 07:52:12'),(837,'2020404023','BAITUL ADLY FITRA SALAM','2002-04-16','D3','2023-11-15 02:21:59','2024-04-04 07:52:10'),(838,'2020404027','BILKIN TRI PUTRA PASARIBU','1998-01-27','D3','2023-11-15 02:21:59','2024-04-04 07:52:10'),(839,'2020404028','BEATRIKS SERAN','2003-01-05','D3','2023-11-15 02:21:59','2024-04-04 07:52:10'),(840,'2020404069','ERDYSA REIYALDI','2002-07-21','D3','2023-11-15 02:21:59','2023-11-15 02:21:59'),(841,'2020407035','ADIAKSA ENDRU WIDIATMOKO','2002-08-26','D3','2023-11-15 02:21:59','2023-11-15 02:21:59'),(842,'2020407064','ADYA CHANDRA RUHIAT','2001-03-30','D3','2023-11-15 02:21:59','2023-11-17 09:02:17'),(843,'2020407095','ALIKA TRI ANDINAR','2001-07-12','D3','2023-11-15 02:21:59','2023-11-15 02:21:59'),(844,'2020407028','ANGGRAINI CUCU SITI AININ','2001-11-18','D3','2023-11-15 02:21:59','2023-11-15 02:21:59'),(845,'2020407086','CHRISTIAN ADE SAPUTRA','2000-12-01','D3','2023-11-15 02:22:00','2024-04-04 07:52:12'),(846,'2020407038','CHRISTIANUS DWI PRASETYA','2002-01-13','D3','2023-11-15 02:22:00','2024-04-04 07:52:12'),(847,'2020407062','DAVID VALENTINO BACAS','2002-02-25','D3','2023-11-15 02:22:00','2023-11-15 02:22:00'),(848,'2020407030','FAJAR IKHSAN SIDIK','2000-09-26','D3','2023-11-15 02:22:00','2024-04-04 07:52:12'),(849,'2020407044','FERALDO DEVIS','2002-01-01','D3','2023-11-15 02:22:00','2023-11-15 02:22:00'),(850,'2020407020','GABRIELLA YOGA LILYA JASMINE','2002-08-18','D3','2023-11-15 02:22:00','2024-04-04 07:52:12'),(851,'2020407034','GALANG SATRIO PAMUNGKAS','2002-01-10','D3','2023-11-15 02:22:00','2023-11-15 02:22:00'),(852,'2020407027','GILBERT FEBRIAN','2002-09-16','D3','2023-11-15 02:22:00','2024-04-04 07:52:12'),(853,'2020407048','GUIDO GHANNIY SYARIF','2002-06-24','D3','2023-11-15 02:22:00','2024-04-04 07:52:12'),(854,'2020407085','IHFAL RAHMA DANI','2001-11-23','D3','2023-11-15 02:22:00','2024-04-04 07:52:12'),(855,'2020407094','IKHSAN FAIQ RAHARJO','2002-01-11','D3','2023-11-15 02:22:00','2023-11-15 02:22:00'),(856,'2020407046','IVANA EKA ZENIA PUTRI','2001-01-21','D3','2023-11-15 02:22:00','2024-04-04 07:52:12'),(857,'2020407087','JADZBAH FAKHIRAH','2002-09-11','D3','2023-11-15 02:22:00','2024-04-04 07:52:12'),(858,'2020407023','JOAN FEBIANTY GALUNG','2002-01-05','D3','2023-11-15 02:22:00','2023-11-15 02:22:00'),(859,'2020407032','JONATHAN HAIKEL SIMON','2001-11-03','D3','2023-11-15 02:22:00','2024-04-04 07:52:12'),(860,'2020407102','KAITO MAEDA','2001-08-23','D3','2023-11-15 02:22:00','2024-04-04 07:52:12'),(861,'2020407033','KRESNA ADJI NUGRAHA','2001-06-25','D3','2023-11-15 02:22:00','2024-04-04 07:52:12'),(862,'2020407040','LEONARDO ALEXANDER','2002-06-03','D3','2023-11-15 02:22:01','2024-04-04 07:52:12'),(863,'2020407098','LEVAN HARYANTO','2001-01-22','D3','2023-11-15 02:22:01','2023-11-15 02:22:01'),(864,'2020407066','LOUIS FERNANDO SAPULETE','2000-04-10','D3','2023-11-15 02:22:01','2024-04-04 07:52:12'),(865,'2020407036','MARCEL REYNALDO','2002-05-16','D3','2023-11-15 02:22:01','2023-11-15 02:22:01'),(866,'2020407043','MILKHA YEREMIA NOCH BOLLA','2001-02-27','D3','2023-11-15 02:22:01','2024-04-04 07:52:12'),(867,'2020407091','MOSES CHRISTOFFEL','2001-06-30','D3','2023-11-15 02:22:01','2023-11-15 02:22:01'),(868,'2020407092','MUHAMAD NAUFAL HILWAN','2001-07-09','D3','2023-11-15 02:22:01','2023-11-15 02:22:01'),(869,'2020407022','MUHAMMAD AL GIVARI','2001-11-24','D3','2023-11-15 02:22:01','2024-04-04 07:52:12'),(870,'2020407042','MUHAMMAD MULANA YUSUF','2002-08-28','D3','2023-11-15 02:22:01','2023-11-15 02:22:01'),(871,'2020407029','PUTRA SANJAYA','2002-01-04','D3','2023-11-15 02:22:01','2023-11-15 02:22:01'),(872,'2020407024','RAIHAN FERRIEL SETIAWAN','2002-02-24','D3','2023-11-15 02:22:01','2023-11-15 02:22:01'),(873,'2020407045','RAIHAN MALIK','2002-09-25','D3','2023-11-15 02:22:01','2023-11-15 02:22:01'),(874,'2020407025','RIDO ANDRIAN','2002-02-15','D3','2023-11-15 02:22:01','2024-04-04 07:52:12'),(875,'2020407041','RIO FREDIANSYAH','2002-02-03','D3','2023-11-15 02:22:02','2023-11-15 02:22:02'),(876,'2020407058','SALMA HALIMAH NUGRAHA','2001-02-15','D3','2023-11-15 02:22:02','2023-11-15 02:22:02'),(877,'2020407021','THEODORE ARYA CAESAR','2002-10-12','D3','2023-11-15 02:22:02','2024-04-04 07:52:12'),(878,'2020407037','TRISTOVA RAROBONG BIMANDARU','2000-04-29','D3','2023-11-15 02:22:02','2024-04-04 07:52:12'),(879,'2020407026','VICKY AYU LESTARI','2002-03-25','D3','2023-11-15 02:22:02','2023-11-17 09:02:17'),(880,'2020407065','WEMPYANA SISWANDI','2002-09-14','D3','2023-11-15 02:22:02','2023-11-15 02:22:02'),(881,'2020407088','ZIDANE SYAHPUTRA DUNDA','2003-10-22','D3','2023-11-15 02:22:02','2023-11-15 02:22:02'),(882,'2020407031','GEORGHIS HASIHOLAN','2001-12-15','D3','2023-11-15 02:22:02','2024-04-04 07:52:12'),(883,'201923677','MUCH FERDIANSYAH','2001-02-19','D3','2023-11-15 02:22:02','2024-04-04 07:52:12'),(884,'2020406099','Cinthya Chandra Nirwana Poernama','2002-09-18','D3','2023-11-15 02:22:02','2023-11-15 02:22:02'),(885,'2020406031','Ibrahim','2001-03-06','D3','2023-11-15 02:22:02','2023-11-17 09:02:17'),(886,'2020406036','Ivandra Farrel Afdinal','2003-03-03','D3','2023-11-15 02:22:02','2023-11-17 09:02:17'),(887,'2020406038','Muhammad Rafli Dwianto','2001-10-18','D3','2023-11-15 02:22:02','2023-11-15 02:22:02'),(888,'2020406050','BALQIS PRATIWI','2001-07-31','D3','2023-11-15 02:22:02','2023-11-15 02:22:02'),(889,'2020406039','FELIZIO HARTADI','2002-04-21','D3','2023-11-15 02:22:02','2023-11-15 02:22:02'),(890,'2020406104','Giorgio Denzellano Asmoro','2001-12-01','D3','2023-11-15 02:22:02','2023-11-15 02:22:02'),(891,'2020406033','Dikki Pamungkas','2002-06-18','D3','2023-11-15 02:22:02','2023-11-15 02:22:02'),(892,'2020406054','Fahsabiel Adrian Maulana','2002-03-21','D3','2023-11-15 02:22:03','2023-11-17 09:02:17'),(893,'2020406042','Abiyyu bassam taqy','2002-06-15','D3','2023-11-15 02:22:03','2023-11-15 02:22:03'),(894,'2020406025','HARUN AR RASYID','2001-12-01','D3','2023-11-15 02:22:03','2023-11-15 02:22:03'),(895,'2020406090','MUHAMMAD FADHLY HIDAYATULLAH','2001-04-28','D3','2023-11-15 02:22:03','2023-11-15 02:22:03'),(896,'2020406046','Arlentino Immanuel','2003-02-12','D3','2023-11-15 02:22:03','2023-11-15 02:22:03'),(897,'2020406065','AZIZAH NUR FAJRIA ','2001-03-05','D3','2023-11-15 02:22:03','2023-11-17 09:02:17'),(898,'2020406034','Attar Giras Farrelviando','2003-03-19','D3','2023-11-15 02:22:03','2023-11-17 09:02:17'),(899,'2020406048','Viona Aurelia Saputrajaya','2002-09-20','D3','2023-11-15 02:22:03','2023-11-15 02:22:03'),(900,'2020406027','Frederick Jonathan','2002-10-07','D3','2023-11-15 02:22:03','2023-11-15 02:22:03'),(901,'2020406024','Adi Santosa Rustan ','2002-04-22','D3','2023-11-15 02:22:03','2023-11-15 02:22:03'),(902,'2020406089','RATUZAHRA TANYA YUSTITI','2003-06-09','D3','2023-11-15 02:22:03','2023-11-15 02:22:03'),(903,'201923520','Daffa Putra Fernanda','2001-09-27','D3','2023-11-15 02:22:03','2023-11-15 02:22:03'),(904,'2020406030','Ruziqa Raihan Yandito','2002-10-29','D3','2023-11-15 02:22:03','2023-11-15 02:22:03'),(905,'2020406035','Julaicha Indah Tri Wulan Ramadanti','2001-11-12','D3','2023-11-15 02:22:03','2023-11-15 02:22:03'),(906,'2020406020','Meidy Maulida Muhtadi','2002-05-25','D3','2023-11-15 02:22:03','2023-11-15 02:22:03'),(907,'2020406041','Luthfia Devi Septyaningrum','2002-09-29','D3','2023-11-15 02:22:04','2023-11-15 02:22:04'),(908,'2020406043','Rayhani Fauziyah Azmi','2001-10-22','D3','2023-11-15 02:22:04','2023-11-15 02:22:04'),(909,'2020406093','Khoirini Fitria Dwirahman','2002-12-06','D3','2023-11-15 02:22:04','2023-11-15 02:22:04'),(910,'2020406022','Zachary Ocampo Juha','2002-09-12','D3','2023-11-15 02:22:04','2023-11-15 02:22:04'),(911,'2020406028','Rifta Seftia','2002-09-27','D3','2023-11-15 02:22:04','2023-11-15 02:22:04'),(912,'2020406087','PUTRI ABABIL RAUDHAH ','2001-03-12','D3','2023-11-15 02:22:04','2023-11-17 09:02:17'),(913,'2020406044','HADI MULIA WARMAN','2002-11-12','D3','2023-11-15 02:22:04','2024-04-04 07:52:16'),(914,'2020406103','Hanif Farhan B','2002-04-28','D3','2023-11-15 02:22:04','2023-11-15 02:22:04'),(915,'2020406092','Sesiarita Helsi Agisa','2001-08-29','D3','2023-11-15 02:22:04','2023-11-15 02:22:04'),(916,'201923753','HAKEM ALFIANTO','2000-11-07','D3','2023-11-15 02:22:04','2024-04-04 07:52:16'),(917,'2020406069','Denara Anjani','2002-01-12','D3','2023-11-15 02:22:04','2023-11-15 02:22:04'),(918,'2020406086','GIFEN APRILLIANO RAFAEL','2002-04-08','D3','2023-11-15 02:22:04','2024-04-04 07:52:16'),(919,'2020406085','REIHAN RAFI SJAHADAT','2001-12-24','D3','2023-11-15 02:22:04','2024-04-04 07:52:16'),(920,'2020406060','Valdez Rivaldo Wattimena','2001-11-30','D3','2023-11-15 02:22:04','2023-11-15 02:22:04'),(921,'2020406084','Cheta Elryad Wicaksana','2001-10-28','D3','2023-11-15 02:22:05','2023-11-15 02:22:05'),(922,'2020406052','Muhammad Hisyam Musthafa','2001-09-21','D3','2023-11-15 02:22:05','2023-11-15 02:22:05'),(923,'2020406107','Ryoga Rakan Rizqulah','2002-09-06','D3','2023-11-15 02:22:05','2023-11-15 02:22:05'),(924,'2020406057','RA. PUTRI INDAH WAHYUNINGSIH','2002-06-30','D3','2023-11-15 02:22:05','2024-04-04 07:52:16'),(925,'2020406045','Muhammad Alfaridzi','2002-03-03','D3','2023-11-15 02:22:05','2023-11-17 09:02:17'),(926,'2020406021','Priscilla Karina Deviningtyas','2002-07-13','D3','2023-11-15 02:22:05','2023-11-15 02:22:05'),(927,'2020406088','Anargya Fuqaha Rasendriya','2001-09-04','D3','2023-11-15 02:22:05','2023-11-15 02:22:05'),(928,'2020406095','KHAIRUNNISA JIHAN KOESNADI','2001-04-18','D3','2023-11-15 02:22:05','2023-11-15 02:22:05'),(929,'2020406105','Andi Zhafran Fadhilah Yusuf','2002-10-28','D3','2023-11-15 02:22:05','2023-11-15 02:22:05'),(930,'2020406029','Ikramina Az-Zahra Adzra Anaknya Angkuna','2000-08-03','D3','2023-11-15 02:22:05','2023-11-15 02:22:05'),(931,'2020406091','Abrar Prasanna Addarda','2002-07-28','D3','2023-11-15 02:22:05','2023-11-15 02:22:05'),(932,'2020406037','JEMINA ARELA THEOFILA HARMUSIAL','2002-01-25','D3','2023-11-15 02:22:05','2024-04-04 07:52:16'),(933,'2020406023','Albert Dwi Junianto','2002-06-14','D3','2023-11-15 02:22:05','2023-11-15 02:22:05'),(934,'201923734','MUHAMMAD TSAAKIF RAYNALDI GUNAWAN','2001-06-17','D3','2023-11-15 02:22:05','2024-04-04 07:52:16'),(935,'2020406062','MUHAMMAD GIFARIE AULIA PASHA','2000-11-05','D3','2023-11-15 02:22:06','2023-11-15 02:22:06'),(936,'2020406061','IRFAN RABBANI','2002-07-22','D3','2023-11-15 02:22:06','2024-04-04 07:52:16'),(937,'2020406094','MUHAMMAD AMMAR ATHALLAH','2000-03-07','D3','2023-11-15 02:22:06','2023-11-17 09:02:17'),(938,'2020411075','ADRIANA ARDHANA','2002-02-02','D3','2023-11-15 02:22:06','2023-11-15 02:22:06'),(939,'2020411095','AJENG NOVA AGUSTIN','2001-11-05','D3','2023-11-15 02:22:06','2023-11-15 02:22:06'),(940,'2020411030','ALYA WIKI ASHARIN','2001-10-03','D3','2023-11-15 02:22:06','2023-11-15 02:22:06'),(941,'2020411092','AMELIA NURUL HUSNA','2001-03-18','D3','2023-11-15 02:22:06','2023-11-17 09:02:17'),(942,'2020411025','ANISSA TIARA FIRDAUS','2000-10-13','D3','2023-11-15 02:22:06','2023-11-15 02:22:06'),(943,'2020411052','ATHIYYA NAHDA RAMADHANI','2001-12-06','D3','2023-11-15 02:22:06','2023-11-15 02:22:06'),(944,'2020411032','AZMI LIDYA SIWI','2002-07-08','D3','2023-11-15 02:22:06','2023-11-15 02:22:06'),(945,'2020411027','CHALLISTA PUTRI HARYADI','2001-07-01','D3','2023-11-15 02:22:06','2023-11-15 02:22:06'),(946,'2020411062','CHRISTINA ANGELA','2001-06-12','D3','2023-11-15 02:22:06','2023-11-15 02:22:06'),(947,'2020411094','DZALIKHA DINDA PUTRI','1999-11-24','D3','2023-11-15 02:22:06','2023-11-15 02:22:06'),(948,'2020411044','ELLIANA SABATINI','2002-07-12','D3','2023-11-15 02:22:06','2023-11-15 02:22:06'),(949,'2020411042','FALDA REGINA KUSAULIAWAN','2002-05-10','D3','2023-11-15 02:22:06','2023-11-15 02:22:06'),(950,'2020411036','HALSYA DESTANIA NURFADHLILLAH','2002-02-19','D3','2023-11-15 02:22:06','2023-11-15 02:22:06'),(951,'2020411039','HANANNISA DJUWAIRIYYAH HADIKARA','2002-09-01','D3','2023-11-15 02:22:06','2023-11-15 02:22:06'),(952,'2020411023','HELMI MAJID FIRMANSYACH','2002-07-03','D3','2023-11-15 02:22:07','2024-04-04 07:52:20'),(953,'2020411055','INEKE PUTRI JULIANTI','2002-07-25','D3','2023-11-15 02:22:07','2023-11-15 02:22:07'),(954,'2020411101','JUNIA TRIFANDILA','2002-06-09','D3','2023-11-15 02:22:07','2023-11-15 02:22:07'),(955,'2020411098','LARATRI IZRA F','2001-10-23','D3','2023-11-15 02:22:07','2023-11-15 02:22:07'),(956,'2020411047','LINA MULYANI','2001-06-07','D3','2023-11-15 02:22:07','2023-11-15 02:22:07'),(957,'2020411054','MUHAMMAD FHADIL ALDIVA','2003-02-09','D3','2023-11-15 02:22:07','2023-11-15 02:22:07'),(958,'2020411034','MUHAMMAD NABILI IBRAHIM','2002-01-29','D3','2023-11-15 02:22:07','2023-11-15 02:22:07'),(959,'2020411033','NAFILLA ANASHA TIALITA','2000-04-28','D3','2023-11-15 02:22:07','2023-11-15 02:22:07'),(960,'2020411102','NICOLLETTA AURELIA','2002-05-30','D3','2023-11-15 02:22:07','2023-11-15 02:22:07'),(961,'2020411029','NYIMAS DINDA GENESIA','2000-05-06','D3','2023-11-15 02:22:07','2023-11-15 02:22:07'),(962,'2020411037','ODILIA NOVITASARI','2001-11-05','D3','2023-11-15 02:22:07','2023-11-15 02:22:07'),(963,'2020411028','RADEN RORO ILLONA NADHYA PUTRI PERMATASARI','2002-10-16','D3','2023-11-15 02:22:07','2023-11-15 02:22:07'),(964,'201923811','Rana Inas Zhafirah','2002-04-17','D3','2023-11-15 02:22:07','2023-11-15 02:22:07'),(965,'2020411091','RANDIKA ACHMAD FAJRIANSYAH','2002-06-07','D3','2023-11-15 02:22:07','2023-11-15 02:22:07'),(966,'2020411078','RAUDHAH EXCELINA HAKIM','2002-08-16','D3','2023-11-15 02:22:08','2023-11-15 02:22:08'),(967,'2020411045','RENAISSANCE AYU DIVA','2002-05-08','D3','2023-11-15 02:22:08','2023-11-15 02:22:08'),(968,'2020411093','RESHA BITZMA','2002-02-08','D3','2023-11-15 02:22:08','2023-11-15 02:22:08'),(969,'2020411103','RIVA PUTRI AULIA','2002-03-18','D3','2023-11-15 02:22:08','2023-11-17 09:02:17'),(970,'2020411097','RULLI ADITIA PRATAMA','2000-07-19','D3','2023-11-15 02:22:08','2023-11-15 02:22:08'),(971,'2020411063','SHABRINA KAMILA','2002-02-24','D3','2023-11-15 02:22:08','2023-11-15 02:22:08'),(972,'2020411048','SHABRINA TRIADINI','2003-01-20','D3','2023-11-15 02:22:08','2023-11-15 02:22:08'),(973,'2020411035','SITI ANNISA','2002-04-26','D3','2023-11-15 02:22:08','2023-11-15 02:22:08'),(974,'2020411046','SITI NUR AISYAH ASSYIFA','2002-05-21','D3','2023-11-15 02:22:08','2023-11-15 02:22:08'),(975,'2020411076','SOFIE ANGELINA','2001-06-27','D3','2023-11-15 02:22:08','2023-11-15 02:22:08'),(976,'2020411026','STEFIANIE BERNARDO','2000-09-26','D3','2023-11-15 02:22:08','2024-04-04 07:52:20'),(977,'2020411077','SYAKIRA PUTRI MAYRIZKIA','2002-05-19','D3','2023-11-15 02:22:08','2023-11-15 02:22:08'),(978,'2020411041','TARISSA ADHISTY PRAMUDYA','2002-01-31','D3','2023-11-15 02:22:08','2023-11-15 02:22:08'),(979,'2020411024','TEREZA DE AVILA DASAT','2000-10-01','D3','2023-11-15 02:22:08','2023-11-15 02:22:08'),(980,'2020411043','VANESSA CHELSYALITA ANANDIEL','2002-06-07','D3','2023-11-15 02:22:08','2023-11-15 02:22:08'),(981,'2020411088','VENA VANISHA YULIANTO PUTRI','2002-07-28','D3','2023-11-15 02:22:09','2023-11-15 02:22:09'),(982,'2020411031','VISHELA JOVITA CAHYADI','2002-09-26','D3','2023-11-15 02:22:09','2023-11-15 02:22:09'),(983,'2020411089','HUMAIROTUL JAMILAH','2002-05-27','D3','2023-11-15 02:22:09','2023-11-15 02:22:09'),(984,'2020411100','KEVIN AKBAR ZULFIKAR','2000-03-22','D3','2023-11-15 02:22:09','2023-11-17 09:02:17'),(985,'2020411049','ARDELIA NUR FAUZIYAH','2001-09-17','D3','2023-11-15 02:22:09','2023-11-15 02:22:09'),(986,'2020411090','NUR AFIFAH AZH ZAHRA','2002-01-30','D3','2023-11-15 02:22:09','2023-11-15 02:22:09'),(987,'2020411058','DENTHAMIRA CECILIYADI','2001-05-13','D3','2023-11-15 02:22:09','2024-04-04 07:52:20'),(988,'2020309067','AMAL SUDTIADI','1992-12-10','D4','2023-11-16 07:04:39','2023-11-16 07:04:39'),(989,'201923198','MELINDA ADE SYAFITRI','2001-03-02','D4','2023-11-16 07:05:16','2023-11-17 09:02:17'),(990,'201923313','ARDHAN FEBRIANSYAH','2001-02-10','D4','2023-11-16 08:59:31','2024-04-04 07:52:01'),(991,'201722442','Erza Mutaqin','1990-04-19','S2','2023-11-17 08:55:59','2023-11-17 08:55:59'),(992,'201923320','Farrel Naufalariq','2002-08-15','D4','2023-11-22 02:44:33','2024-04-04 07:52:01'),(993,'201923182','AIMAR ACHDIATUL AZHAR','2001-06-03','D4','2023-11-23 07:18:49','2024-04-04 07:51:56'),(994,'2020304023','ALBERTH SIANTURI','2003-02-26','D4','2024-04-04 07:51:52','2024-04-04 07:51:52'),(995,'2020304022','ALMA RAHMADIANI','2001-05-11','D4','2024-04-04 07:51:52','2024-04-04 07:51:52'),(996,'2020304025','ALYA SALMA SYLVIA','2001-08-11','D4','2024-04-04 07:51:52','2024-04-04 07:51:52'),(997,'2020304029','ANNISA FADHILAH','2002-09-15','D4','2024-04-04 07:51:52','2024-04-04 07:51:52'),(998,'2020304014','AQILLA NOUVAL GIARDIN','1999-11-24','D4','2024-04-04 07:51:52','2024-04-04 07:51:52'),(999,'2020304027','ARINI RAKA SIWI','2001-12-28','D4','2024-04-04 07:51:53','2024-04-04 07:51:53'),(1000,'2020304026','ARTHA SANJIA NUGROHO','2002-04-06','D4','2024-04-04 07:51:53','2024-04-04 07:51:53'),(1001,'2020304011','ATHALLA ANDHIKA TANAZZULA','2002-03-18','D4','2024-04-04 07:51:53','2024-05-13 06:36:24'),(1002,'2020304018','ATHIRAH SALSABILA PUTRI SANGADJI','2001-10-21','D4','2024-04-04 07:51:53','2024-04-04 07:51:53'),(1003,'2020304045','AUDITA FAHRIZA','2002-09-09','D4','2024-04-04 07:51:53','2024-04-04 07:51:53'),(1004,'2020304043','BAGAS NURINTO','2001-11-30','D4','2024-04-04 07:51:53','2024-04-04 07:51:53'),(1005,'2020304016','ELENA KARTIKA DEWI','2002-03-16','D4','2024-04-04 07:51:53','2024-05-13 06:31:52'),(1006,'2020304002','FAIZAH RIZKI ANANDA','2000-12-03','D4','2024-04-04 07:51:53','2024-04-04 07:51:53'),(1007,'2020304028','FAUZAN AZHARI','2001-01-09','D4','2024-04-04 07:51:53','2024-04-04 07:51:53'),(1008,'2020304024','FINA RAMADHONA DWI PUTRI','2002-11-08','D4','2024-04-04 07:51:53','2024-04-04 07:51:53'),(1009,'2020304047','GHINA NUR ANNISA','2002-03-01','D4','2024-04-04 07:51:53','2024-05-14 07:04:33'),(1010,'2020304036','GUSTIYANA MUTIARA KHANSA','2002-01-09','D4','2024-04-04 07:51:53','2024-04-04 07:51:53'),(1011,'2020304019','HAIDAR MAKHZUM IRFAN ZIDAN','2001-08-15','D4','2024-04-04 07:51:53','2024-04-04 07:51:53'),(1012,'2020304030','HERAKLIUS MANDUT','2000-07-14','D4','2024-04-04 07:51:53','2024-04-04 07:51:53'),(1013,'2020304021','KHOFIFA RAUDHATUL JANNAH','2002-01-26','D4','2024-04-04 07:51:53','2024-04-04 07:51:53'),(1014,'2020304044','MARDHIYAH HANIFAH PUTRI','2001-12-05','D4','2024-04-04 07:51:54','2024-04-04 07:51:54'),(1015,'2020304040','MARSHA AURELLIA SYAHMIAR','2001-09-09','D4','2024-04-04 07:51:54','2024-04-04 07:51:54'),(1016,'2020304050','MARSHELLA ANANDIA','2001-04-11','D4','2024-04-04 07:51:54','2024-04-04 07:51:54'),(1017,'2020304037','MELATI MUSTIKA BARUS','2002-07-26','D4','2024-04-04 07:51:54','2024-04-04 07:51:54'),(1018,'2020304041','MOCHAMAD ARIF WICAKSONO','2002-03-14','D4','2024-04-04 07:51:54','2024-05-21 02:17:32'),(1019,'2020304038','MUHAMMAD WILDAN JANNATAN','2002-03-12','D4','2024-04-04 07:51:54','2024-05-21 08:06:52'),(1020,'2020304051','NADHIRA NARESWARI','2003-02-26','D4','2024-04-04 07:51:54','2024-04-04 07:51:54'),(1021,'2020304039','NAJIAH HAYATI NUFUS','2002-09-07','D4','2024-04-04 07:51:54','2024-04-04 07:51:54'),(1022,'2020304034','NAMIRA CITTA ASMARA','2002-06-10','D4','2024-04-04 07:51:54','2024-04-04 07:51:54'),(1023,'2020304007','NAUVAL PRAMODYA SAKTI WIGUNA','2001-01-25','D4','2024-04-04 07:51:54','2024-04-04 07:51:54'),(1024,'2020304003','NURHIDAYAH PERMATA ALBA','2001-06-26','D4','2024-04-04 07:51:54','2024-04-04 07:51:54'),(1025,'2020304031','PURBASARI NUASRI GUNAWAN','2002-02-21','D4','2024-04-04 07:51:54','2024-04-04 07:51:54'),(1026,'2020304013','PUSPITA DWI ASNANIK','2001-11-23','D4','2024-04-04 07:51:54','2024-04-04 07:51:54'),(1027,'2020304005','PUTRI LATHIFA HANDAYANI','2001-12-08','D4','2024-04-04 07:51:54','2024-04-04 07:51:54'),(1028,'2020304048','RAHMAN ROYHADIN','2002-10-21','D4','2024-04-04 07:51:54','2024-04-04 07:51:54'),(1029,'2020304001','RAMANI KHALDA SALSABILA','2001-12-09','D4','2024-04-04 07:51:54','2024-04-04 07:51:54'),(1030,'2020304032','REZA SASTRA ATMADJA','2002-01-09','D4','2024-04-04 07:51:55','2024-04-04 07:51:55'),(1031,'2020304006','RIZQI ANGGIE SAPUTRA','2002-07-25','D4','2024-04-04 07:51:55','2024-04-04 07:51:55'),(1032,'2020304033','RIZQY MEGASWARA','2001-10-02','D4','2024-04-04 07:51:55','2024-04-04 07:51:55'),(1033,'2020304004','SABINE EARLIZA DEFINNY','2002-03-12','D4','2024-04-04 07:51:55','2024-05-14 07:05:13'),(1034,'2020304035','SALSABILA YULIA MULYANA','2002-08-06','D4','2024-04-04 07:51:55','2024-04-04 07:51:55'),(1035,'2020304010','SHADAN BILL ARKHAN','2001-01-10','D4','2024-04-04 07:51:55','2024-04-04 07:51:55'),(1036,'2020304020','SHAFA AZZAHRA','2000-11-26','D4','2024-04-04 07:51:55','2024-04-04 07:51:55'),(1037,'2020304052','SYALSABILLA MONICAWATI','2002-07-28','D4','2024-04-04 07:51:55','2024-04-04 07:51:55'),(1038,'2020304017','SYIFA QONITAH APRILIA','2002-04-09','D4','2024-04-04 07:51:55','2024-04-04 07:51:55'),(1039,'2020304012','VALENCIA','2002-07-18','D4','2024-04-04 07:51:55','2024-04-04 07:51:55'),(1040,'2020304046','VIDYA SHADRINA ULAYYA','2002-10-25','D4','2024-04-04 07:51:55','2024-04-04 07:51:55'),(1041,'2020304009','VINCENTSIUS THOMAS RIESTYAN','2002-03-31','D4','2024-04-04 07:51:55','2024-05-13 06:35:26'),(1042,'2020304015','WULANNDARI AYU NINGTYAS','2001-03-09','D4','2024-04-04 07:51:55','2024-05-13 06:34:46'),(1043,'2020304042','YULIANUS LAMA','2003-02-25','D4','2024-04-04 07:51:56','2024-04-04 07:51:56'),(1044,'2020310009','ABIGAIL PUTRI WIGUNA','2002-10-11','D4','2024-04-04 07:51:56','2024-04-04 07:51:56'),(1045,'2020310004','ADINDA NOPIANI','2000-11-23','D4','2024-04-04 07:51:56','2024-04-04 07:51:56'),(1046,'2020310011','ADJI SATRIA PRATAMA','2002-09-18','D4','2024-04-04 07:51:56','2024-04-04 07:51:56'),(1047,'2020310006','ALFENIA LINGGIALLO','2002-08-18','D4','2024-04-04 07:51:56','2024-04-04 07:51:56'),(1048,'2020310017','ANDI QANIA FIRSA AULIA TAUFIQ','2002-03-22','D4','2024-04-04 07:51:56','2024-05-14 02:55:58'),(1049,'2020310013','ASYIFA NURHALIZA','2002-01-01','D4','2024-04-04 07:51:56','2024-04-04 07:51:56'),(1050,'2020310021','BENFIGO TULUS','2002-07-24','D4','2024-04-04 07:51:56','2024-04-04 07:51:56'),(1051,'2020310008','DEA ILAA ROYANA','2002-09-05','D4','2024-04-04 07:51:56','2024-04-04 07:51:56'),(1052,'2020310020','DILA WIRDATUL ZANAH RUHIYAT','2002-07-13','D4','2024-04-04 07:51:56','2024-04-04 07:51:56'),(1053,'2020310025','FARDILA NUR PRAVITASARI','2000-10-15','D4','2024-04-04 07:51:56','2024-04-04 07:51:56'),(1054,'2020310003','FASYA AROYA','2002-11-09','D4','2024-04-04 07:51:56','2024-04-04 07:51:56'),(1055,'201923215','FATWA SYUKRIA HANDINATA','2001-06-12','D4','2024-04-04 07:51:56','2024-04-04 07:51:56'),(1056,'2020310007','HELENA ARDYSTA SOLA FIDE','2002-02-09','D4','2024-04-04 07:51:56','2024-04-04 07:51:56'),(1057,'2020310018','MICHELLA AQUILARIA DASI MUDA','2002-09-06','D4','2024-04-04 07:51:56','2024-04-04 07:51:56'),(1058,'2020310010','NATHASYA SANDHORA ANKIRANI','2002-09-14','D4','2024-04-04 07:51:56','2024-04-04 07:51:56'),(1059,'2020310016','NUGROHO EKA PAKSI','2001-09-10','D4','2024-04-04 07:51:56','2024-04-04 07:51:56'),(1060,'2020310026','PRABU SULTAN GHANNY HASIBUAN','2000-06-14','D4','2024-04-04 07:51:57','2024-04-04 07:51:57'),(1061,'201822591','RAKHA LAM AA NASH LAILI NARISWARY','1999-11-08','D4','2024-04-04 07:51:57','2024-04-04 07:51:57'),(1062,'2020310019','RINI PUTRI GRANDJATI','2001-06-04','D4','2024-04-04 07:51:57','2024-04-04 07:51:57'),(1063,'2020310022','SALWA ZAHRA NUR JANAH','2002-12-16','D4','2024-04-04 07:51:57','2024-04-04 07:51:57'),(1064,'2020310027','SHAYNANDRA AIYANA RIZQI','2001-03-25','D4','2024-04-04 07:51:57','2024-05-14 02:40:25'),(1065,'2020310002','SYAKIRA AZ ZAHRA','2002-07-30','D4','2024-04-04 07:51:57','2024-04-04 07:51:57'),(1066,'2020310001','SYAUQI TAUFIQULHAKIM','2002-12-19','D4','2024-04-04 07:51:57','2024-04-04 07:51:57'),(1067,'2020310023','TANTI INTAN PRATIWI','2001-03-09','D4','2024-04-04 07:51:57','2024-05-14 03:55:59'),(1068,'2020310024','Valentina Agnes Stevani','2003-11-13','D4','2024-04-04 07:51:57','2024-04-04 07:51:57'),(1069,'2020310014','WELSAN SINAGA','2001-02-04','D4','2024-04-04 07:51:57','2024-04-04 07:51:57'),(1070,'2020310012','ZASKIA RANI','2002-12-09','D4','2024-04-04 07:51:57','2024-04-04 07:51:57'),(1071,'201923226','REGITA SARAH RISWANTI','2002-04-18','D4','2024-04-04 07:51:57','2024-04-04 07:51:57'),(1072,'2020307012','ADINDA FAUZIYYAH ABDURAHMAN','2002-06-05','D4','2024-04-04 07:51:57','2024-04-04 07:51:57'),(1073,'2020305021','AHMAD IRVAN FERNANDA','2002-02-03','D4','2024-04-04 07:51:57','2024-04-04 07:51:57'),(1074,'2020305023','ARINDRA PASCA AL-JANNATA','2002-02-05','D4','2024-04-04 07:51:57','2024-04-04 07:51:57'),(1075,'2020307015','ARYFIN ILHAM','2002-10-18','D4','2024-04-04 07:51:58','2024-04-04 07:51:58'),(1076,'2020305001','AUDRYA CHRISTINA BUDIARSO','2002-04-03','D4','2024-04-04 07:51:58','2024-04-04 07:51:58'),(1077,'2020305018','AULIA PRATAMA','2002-01-24','D4','2024-04-04 07:51:58','2024-04-04 07:51:58'),(1078,'2020305005','CHRISTANIA MEGAPRO PALANDI','2002-05-22','D4','2024-04-04 07:51:58','2024-04-04 07:51:58'),(1079,'2020305019','DANIEL DALU MAKIN','2001-02-27','D4','2024-04-04 07:51:58','2024-04-04 07:51:58'),(1080,'2020307010','DEWI MEISYA MAULIDDA','2002-05-23','D4','2024-04-04 07:51:58','2024-04-04 07:51:58'),(1081,'2020307024','DIANA SRI LESTARI','2002-08-27','D4','2024-04-04 07:51:58','2024-04-04 07:51:58'),(1082,'2020305010','DINI DWI APRILIANI','2002-04-07','D4','2024-04-04 07:51:58','2024-04-04 07:51:58'),(1083,'2020305002','DWI NOVITA ANGGRAINI','2002-01-09','D4','2024-04-04 07:51:58','2024-04-04 07:51:58'),(1084,'2020307006','DZAHRA YUNA ALIFIA','2001-05-29','D4','2024-04-04 07:51:58','2024-04-04 07:51:58'),(1085,'2020307004','DZIKRI AZHAR FARIZI','2001-02-18','D4','2024-04-04 07:51:58','2024-04-04 07:51:58'),(1086,'2020307002','ELBERT LAINARDO','2002-02-13','D4','2024-04-04 07:51:58','2024-04-04 07:51:58'),(1087,'201923268','FAISHAL AHMAD FAIQ','2001-07-18','D4','2024-04-04 07:51:58','2024-04-04 07:51:58'),(1088,'2020305024','HELZINSKY DELGRANDE IRJANOUVICK','2002-09-08','D4','2024-04-04 07:51:58','2024-04-04 07:51:58'),(1089,'2020305022','INTAN AGUSTIRA PUTRI','2001-08-09','D4','2024-04-04 07:51:58','2024-04-04 07:51:58'),(1090,'2020307026','IVY VANIA WIRYANTARI','2001-04-24','D4','2024-04-04 07:51:59','2024-04-04 07:51:59'),(1091,'2020307009','JONATHAN DAVID','2002-04-20','D4','2024-04-04 07:51:59','2024-04-04 07:51:59'),(1092,'2020305012','KARTIKA RESMI BANUR AMIRAH','2002-03-21','D4','2024-04-04 07:51:59','2024-05-17 01:08:52'),(1093,'2020305007','LULU NUR TSOFYANI PUTRI','2002-07-25','D4','2024-04-04 07:51:59','2024-04-04 07:51:59'),(1094,'2020307021','LYDIA OLYVIA','2002-10-30','D4','2024-04-04 07:51:59','2024-04-04 07:51:59'),(1095,'2020307013','MOCHAMMAD RAFFLY ARIFFIN','2002-11-22','D4','2024-04-04 07:51:59','2024-04-04 07:51:59'),(1096,'2020305013','MUHAMAD FARHAN ODHITIA','2002-06-02','D4','2024-04-04 07:51:59','2024-04-04 07:51:59'),(1097,'2020307017','MUHAMMAD KHOLIL GHUFRON','2002-04-01','D4','2024-04-04 07:51:59','2024-04-04 07:51:59'),(1098,'2020307005','NASYA KHUSNULIA KUSUMAH','2001-06-10','D4','2024-04-04 07:51:59','2024-04-04 07:51:59'),(1099,'2020305016','NUR FAHRIYAH MUSTOFA','2002-03-14','D4','2024-04-04 07:51:59','2024-05-17 02:27:44'),(1100,'2020307011','QARISSA DHARA HAPSARI','2002-01-08','D4','2024-04-04 07:51:59','2024-04-04 07:51:59'),(1101,'2020305006','QONITA FAYZA YUSUF','2002-04-17','D4','2024-04-04 07:51:59','2024-04-04 07:51:59'),(1102,'2020307008','RACHMA MAULIDYA MANDEH','2001-05-26','D4','2024-04-04 07:51:59','2024-04-04 07:51:59'),(1103,'2020305008','RAFIQAH AL ATHIYAH','2001-11-08','D4','2024-04-04 07:51:59','2024-04-04 07:51:59'),(1104,'2020307018','RATNA MAHARANI RAHIM','2001-12-26','D4','2024-04-04 07:52:00','2024-04-04 07:52:00'),(1105,'2020307025','RENDRA ARIF','1999-04-18','D4','2024-04-04 07:52:00','2024-04-04 07:52:00'),(1106,'2020307019','RICHARD STEVEN','2000-09-29','D4','2024-04-04 07:52:00','2024-04-04 07:52:00'),(1107,'2020305011','RIF\'ATUL KHAIRIYYAH','2001-06-06','D4','2024-04-04 07:52:00','2024-04-04 07:52:00'),(1108,'2020305015','RISKA CAHYANA','2002-01-30','D4','2024-04-04 07:52:00','2024-04-04 07:52:00'),(1109,'2020305017','SALMA NURHALIZAH','2002-03-19','D4','2024-04-04 07:52:00','2024-05-17 02:29:35'),(1110,'2020307001','SALSABILA MUTIARA SUHADA','2002-11-02','D4','2024-04-04 07:52:00','2024-04-04 07:52:00'),(1111,'2020305014','SALSABILLA NAFISHA HASNUAGI','2002-06-25','D4','2024-04-04 07:52:00','2024-04-04 07:52:00'),(1112,'2020305025','SALSADILLA AISYAH NUR','2002-02-19','D4','2024-04-04 07:52:00','2024-04-04 07:52:00'),(1113,'2020307007','SEKAR NAIMA HERMAWAN','2002-06-18','D4','2024-04-04 07:52:00','2024-04-04 07:52:00'),(1114,'2020305009','SOLEHATUN MARFUAH','2002-07-27','D4','2024-04-04 07:52:00','2024-04-04 07:52:00'),(1115,'2020307016','SYAKILA CINTA NASYWA','2002-09-09','D4','2024-04-04 07:52:00','2024-04-04 07:52:00'),(1116,'2020305020','THERESA IRENA AMARA. S','2002-06-04','D4','2024-04-04 07:52:00','2024-04-04 07:52:00'),(1117,'2020305004','TIARA AMELIA','2002-03-22','D4','2024-04-04 07:52:00','2024-05-17 01:57:19'),(1118,'2020305003','TIARA KAYMANA WIDIANA','2002-10-20','D4','2024-04-04 07:52:00','2024-04-04 07:52:00'),(1119,'2020306017','ADZANI OKTAVIYANTI','2001-10-27','D4','2024-04-04 07:52:01','2024-04-04 07:52:01'),(1120,'2020306010','AFTA BAGJA WILANDANA','2002-02-01','D4','2024-04-04 07:52:01','2024-04-04 07:52:01'),(1121,'2020306025','ALIFIA FAYZA AZZAHRA','2002-07-12','D4','2024-04-04 07:52:01','2024-04-04 07:52:01'),(1122,'2020306035','ALMIRA NAURAH HISANAH','2002-07-26','D4','2024-04-04 07:52:01','2024-04-04 07:52:01'),(1123,'2020306031','BALQIS ANNISA','2002-03-22','D4','2024-04-04 07:52:01','2024-05-20 09:14:37'),(1124,'2020306038','BAYU RAMDANI','2001-11-18','D4','2024-04-04 07:52:01','2024-04-04 07:52:01'),(1125,'2020306016','CH DESNIKO ARIQ BAGASKORO','1999-03-13','D4','2024-04-04 07:52:01','2024-05-21 05:50:46'),(1126,'2020306013','DARLA BALQIST MAYLAFFAYZA','2002-10-20','D4','2024-04-04 07:52:01','2024-04-04 07:52:01'),(1127,'2020306005','DIAN NING RAHAYU','2001-12-12','D4','2024-04-04 07:52:01','2024-04-04 07:52:01'),(1128,'2020306046','DITTO AVELINO','2002-08-02','D4','2024-04-04 07:52:01','2024-04-04 07:52:01'),(1129,'2020306006','FAIZ AKBAR ILYAS','2002-05-04','D4','2024-04-04 07:52:01','2024-04-04 07:52:01'),(1130,'2020306034','FARHAN SYARIEF','2002-01-17','D4','2024-04-04 07:52:01','2024-04-04 07:52:01'),(1131,'2020306042','FARRAS TSABITA RAIHANA','2001-07-13','D4','2024-04-04 07:52:01','2024-04-04 07:52:01'),(1132,'2020306012','FEBBE KRISTIANINGJATI WIBOWO','2003-02-17','D4','2024-04-04 07:52:01','2024-04-04 07:52:01'),(1133,'2020306007','FIONA','2002-02-21','D4','2024-04-04 07:52:01','2024-04-04 07:52:01'),(1134,'2020306029','FITRI PERMATA PUTRI','2002-01-30','D4','2024-04-04 07:52:01','2024-04-04 07:52:01'),(1135,'2020306002','HALIMATUS SADIYAH','2002-02-15','D4','2024-04-04 07:52:02','2024-04-04 07:52:02'),(1136,'2020306040','HASYA SARI FADHILAH HANDOKO','2002-06-05','D4','2024-04-04 07:52:02','2024-04-04 07:52:02'),(1137,'2020306033','IGNASIA VANESSA AUDRYNA JUWONO','2002-07-31','D4','2024-04-04 07:52:02','2024-04-04 07:52:02'),(1138,'2020306001','JENNIFER AUDRY','2002-06-10','D4','2024-04-04 07:52:02','2024-04-04 07:52:02'),(1139,'2020306050','KEISYA DEVANIA SANDHY','2002-10-28','D4','2024-04-04 07:52:02','2024-04-04 07:52:02'),(1140,'2020306014','LUVITA RISSHAUMA FITRAH','2001-11-30','D4','2024-04-04 07:52:02','2024-04-04 07:52:02'),(1141,'2020306026','MARIA NAVAZ PAULIE ANAVILLE','2002-07-01','D4','2024-04-04 07:52:02','2024-04-04 07:52:02'),(1142,'2020306020','MARIA YUBILLEA WYNMILENIA','2000-05-01','D4','2024-04-04 07:52:02','2024-04-04 07:52:02'),(1143,'2020306028','MOH RICKO HALIM SAPUTRA','2002-08-12','D4','2024-04-04 07:52:02','2024-04-04 07:52:02'),(1144,'2020306044','MOHAMAD ADVEN RUSDI ALDIANTORO','1999-09-15','D4','2024-04-04 07:52:02','2024-04-04 07:52:02'),(1145,'2020306009','MUHAMMAD IRSYAD FAUZAN','2001-10-28','D4','2024-04-04 07:52:02','2024-04-04 07:52:02'),(1146,'2020306047','MUTIARA ADINDA RIZQI DAULAY','2002-03-18','D4','2024-04-04 07:52:02','2024-05-17 08:44:17'),(1147,'2020306024','NADHIF GHANI RAZAN','2002-07-24','D4','2024-04-04 07:52:02','2024-04-04 07:52:02'),(1148,'2020306018','NURUL ANNISAH SABRINA','2001-03-05','D4','2024-04-04 07:52:02','2024-05-17 08:46:19'),(1149,'2020306037','PRADNYA KANIA DITA','2002-04-30','D4','2024-04-04 07:52:03','2024-04-04 07:52:03'),(1150,'2020306021','PUTRI MAHARANI','2003-03-03','D4','2024-04-04 07:52:03','2024-05-20 02:40:15'),(1151,'2020306030','RAFLI ADITYA PURNAMA','2001-03-14','D4','2024-04-04 07:52:03','2024-05-20 03:04:07'),(1152,'2020306049','RATU FIA ZULFIA HENDRITA','2000-09-22','D4','2024-04-04 07:52:03','2024-04-04 07:52:03'),(1153,'2020306027','RIA RAHMA OKTAVIANA','2001-10-09','D4','2024-04-04 07:52:03','2024-04-04 07:52:03'),(1154,'2020306019','RIZKI AGUNG AZANI','2002-08-07','D4','2024-04-04 07:52:03','2024-04-04 07:52:03'),(1155,'2020306032','SALSABILA DWI FITRIANI','2002-06-06','D4','2024-04-04 07:52:03','2024-04-04 07:52:03'),(1156,'2020306052','SHELY FAKHIRA RACHMAWATI','2001-07-18','D4','2024-04-04 07:52:03','2024-04-04 07:52:03'),(1157,'2020306003','TAMARA BINTANG APRILIA UTOMO','2002-04-02','D4','2024-04-04 07:52:03','2024-04-04 07:52:03'),(1158,'2020306008','TERESA VANIA JASMINE BUDI','2002-06-02','D4','2024-04-04 07:52:03','2024-04-04 07:52:03'),(1159,'2020306015','ZAHARA RAHMAWATI F','2002-07-17','D4','2024-04-04 07:52:03','2024-04-04 07:52:03'),(1160,'201822676','THAMARA','2000-07-15','D4','2024-04-04 07:52:03','2024-04-04 07:52:03'),(1161,'2020309023','ADIN MUTIARA ZAHRA','2002-07-13','D4','2024-04-04 07:52:03','2024-04-04 07:52:03'),(1162,'2020309037','ANASTASIA SARAH JACOBUS','2003-07-05','D4','2024-04-04 07:52:03','2024-04-04 07:52:03'),(1163,'2020309043','ANAYA ANASTASYA','2002-08-09','D4','2024-04-04 07:52:03','2024-04-04 07:52:03'),(1164,'2020309011','ANGEL PRISCILLA LUCIANA','2002-07-27','D4','2024-04-04 07:52:04','2024-04-04 07:52:04'),(1165,'2020309026','ANGELENE PRETTYCIA','2003-01-01','D4','2024-04-04 07:52:04','2024-04-04 07:52:04'),(1166,'2020309048','BESTRA PUTRI NARURITASARI','2001-07-28','D4','2024-04-04 07:52:04','2024-04-04 07:52:04'),(1167,'2020309019','CARLA FIDELIA','2002-04-04','D4','2024-04-04 07:52:04','2024-04-04 07:52:04'),(1168,'2020309007','CHARLES YOHANES TUMANGGOR','2002-02-12','D4','2024-04-04 07:52:04','2024-04-04 07:52:04'),(1169,'2020309041','CHYNTIA SILALAHI','1999-08-17','D4','2024-04-04 07:52:04','2024-04-04 07:52:04'),(1170,'2020309015','CINDY OCTAVIANI','2002-10-02','D4','2024-04-04 07:52:04','2024-04-04 07:52:04'),(1171,'2020309050','Citra Devi Br Panjaitan','2002-01-16','D4','2024-04-04 07:52:04','2024-04-04 07:52:04'),(1172,'2020309031','DAFFARIZA HAFIYAN','2002-06-17','D4','2024-04-04 07:52:04','2024-04-04 07:52:04'),(1173,'2020309049','DAMIANUS ABEL LHAMO PRASETIO PUTRA','2020-04-21','D4','2024-04-04 07:52:04','2024-04-04 07:52:04'),(1174,'2020309013','DAVE NICHOLAS','2002-01-06','D4','2024-04-04 07:52:04','2024-04-04 07:52:04'),(1175,'2020309027','DELIA NURAENI','2002-07-12','D4','2024-04-04 07:52:04','2024-04-04 07:52:04'),(1176,'2020309042','DINDA AFIFAH ANGGRAINI','2002-08-11','D4','2024-04-04 07:52:04','2024-04-04 07:52:04'),(1177,'2020309018','FADHILA NURUL AZIZAH','2001-10-14','D4','2024-04-04 07:52:04','2024-04-04 07:52:04'),(1178,'2020309016','FAJAR MUHAMAD RAMDHANI','2001-12-08','D4','2024-04-04 07:52:04','2024-04-04 07:52:04'),(1179,'2020309003','FARAGRINA PRIMA MUSTIKASARI','2003-03-31','D4','2024-04-04 07:52:05','2024-05-16 03:49:31'),(1180,'2020309014','FARRAS ARKHAN','2003-01-18','D4','2024-04-04 07:52:05','2024-04-04 07:52:05'),(1181,'2020309046','GALIO PATI PINYANG','2001-07-01','D4','2024-04-04 07:52:05','2024-04-04 07:52:05'),(1182,'2020309010','GENTA FIRDAUS','2002-03-01','D4','2024-04-04 07:52:05','2024-05-20 06:09:22'),(1183,'2020309032','GILANG PUTRA','2002-08-31','D4','2024-04-04 07:52:05','2024-04-04 07:52:05'),(1184,'2020309024','ILHAM AULIYA','2000-09-11','D4','2024-04-04 07:52:05','2024-04-04 07:52:05'),(1185,'2020309009','ILHAM MUHAMMAD AZRIEL','2002-02-10','D4','2024-04-04 07:52:05','2024-04-04 07:52:05'),(1186,'2020309025','ILHAM NOER HAMID','2002-06-29','D4','2024-04-04 07:52:05','2024-04-04 07:52:05'),(1187,'2020309017','JANETHA SYAWALINA','2002-01-03','D4','2024-04-04 07:52:05','2024-04-04 07:52:05'),(1188,'2020309029','JOSEPHINE DEBORA BERNADETTE','2000-12-09','D4','2024-04-04 07:52:05','2024-04-04 07:52:05'),(1189,'2020309047','KHANSA NADHIRA AMANDA','2003-06-13','D4','2024-04-04 07:52:05','2024-04-04 07:52:05'),(1190,'2020309001','LAKSAMANA FATTAHILLAH','2002-02-26','D4','2024-04-04 07:52:05','2024-04-04 07:52:05'),(1191,'2020309030','LILIS FATIKA INDAH SARI','2002-10-23','D4','2024-04-04 07:52:05','2024-04-04 07:52:05'),(1192,'2020309008','MEI LIN CHARISTY','2001-05-15','D4','2024-04-04 07:52:05','2024-04-04 07:52:05'),(1193,'2020309052','MICHAEL RAJAHANI B GOELTOM','2002-02-24','D4','2024-04-04 07:52:05','2024-04-04 07:52:05'),(1194,'2020309020','NABIL AZKIA PASHA','2002-03-04','D4','2024-04-04 07:52:05','2024-05-16 03:52:53'),(1195,'2020309006','NANDARI DECHA DIKJAYANTRI','2001-03-02','D4','2024-04-04 07:52:05','2024-05-16 03:50:52'),(1196,'2020309039','NATASHYA LIVIA BUDIANTO','2003-01-22','D4','2024-04-04 07:52:06','2024-04-04 07:52:06'),(1197,'2020309004','NURAPRIANY TINORA PUTRI TAMPUBOLON','2002-04-19','D4','2024-04-04 07:52:06','2024-04-04 07:52:06'),(1198,'2020309038','OLIVIA AUDREY','2002-10-06','D4','2024-04-04 07:52:06','2024-04-04 07:52:06'),(1199,'2020309028','PUTU BENDESA WENDIASTANA','2001-12-13','D4','2024-04-04 07:52:06','2024-04-04 07:52:06'),(1200,'2020309034','RADITYA BAYU KRESNA','2002-04-18','D4','2024-04-04 07:52:06','2024-04-04 07:52:06'),(1201,'2020309040','RAFIDAN DARELAHNAF','2002-04-09','D4','2024-04-04 07:52:06','2024-04-04 07:52:06'),(1202,'2020309036','RAYYIS RAKHI PERMANA','2002-04-23','D4','2024-04-04 07:52:06','2024-04-04 07:52:06'),(1203,'2020309033','RICKY CHRISTANTO','2000-08-30','D4','2024-04-04 07:52:06','2024-04-04 07:52:06'),(1204,'2020309035','RIZKI FEBRIANI ANISUMFI','2003-02-06','D4','2024-04-04 07:52:06','2024-04-04 07:52:06'),(1205,'2020309021','SHOFIYA JINGGA SAFIRA','2002-03-15','D4','2024-04-04 07:52:06','2024-05-20 06:10:21'),(1206,'201923362','SYAFIYA MUTIARA AZZAHRA','2000-04-16','D4','2024-04-04 07:52:06','2024-04-04 07:52:06'),(1207,'2020309045','TABITA IMMANUELLA PUTRI','2002-03-14','D4','2024-04-04 07:52:06','2024-05-20 02:16:52'),(1208,'2020309002','TANYA RIZQY NUGRAHA','2001-07-24','D4','2024-04-04 07:52:06','2024-04-04 07:52:06'),(1209,'2020309012','VALENTINA VALERIE','2002-03-01','D4','2024-04-04 07:52:06','2024-05-16 03:50:17'),(1210,'2020309022','YOGA DESTIAN','2001-12-31','D4','2024-04-04 07:52:06','2024-04-04 07:52:06'),(1211,'2021404033','ALIF APRILIAN FADHILLAH PUTRA GUNAWAN','2003-04-05','D3','2024-04-04 07:52:07','2024-04-04 07:52:07'),(1212,'2021404087','ALIFIAN WIBI PURWANTO','2003-05-11','D3','2024-04-04 07:52:07','2024-04-04 07:52:07'),(1213,'2021404062','ALVIN PUTRA WIJAYA','2003-06-27','D3','2024-04-04 07:52:07','2024-04-04 07:52:07'),(1214,'2021404091','ANANDA DWI HERLIANI','2002-10-06','D3','2024-04-04 07:52:07','2024-04-04 07:52:07'),(1215,'2021404022','ANNA MATHILDA TENDEAN','2003-05-04','D3','2024-04-04 07:52:07','2024-04-04 07:52:07'),(1216,'2021404030','ANNISA CHAERANI APRILIA','2003-04-19','D3','2024-04-04 07:52:07','2024-04-04 07:52:07'),(1217,'2021404018','AULIYA FAZILA','2003-07-24','D3','2024-04-04 07:52:07','2024-04-04 07:52:07'),(1218,'2021404078','BERLIANA SHALLOM MARCELLA','2002-12-19','D3','2024-04-04 07:52:07','2024-04-04 07:52:07'),(1219,'2021404039','CALYSTA NATHANIA','2003-05-09','D3','2024-04-04 07:52:07','2024-04-04 07:52:07'),(1220,'2021404001','DIVA RAMDHAN SETIA PERMANA','2002-11-30','D3','2024-04-04 07:52:07','2024-04-04 07:52:07'),(1221,'2021404040','FAIZA HANIFAH PUTRI GUMILAR','2003-09-29','D3','2024-04-04 07:52:07','2024-04-04 07:52:07'),(1222,'2021404086','FAUZAN IHSANUL GANI','2000-10-30','D3','2024-04-04 07:52:07','2024-04-04 07:52:07'),(1223,'2021404063','FIOLA MARSELA','2003-03-20','D3','2024-04-04 07:52:07','2024-05-21 02:27:41'),(1224,'2021404085','GESAN ULUN AL ARAAF','2003-09-27','D3','2024-04-04 07:52:07','2024-04-04 07:52:07'),(1225,'2021404026','I GEDE WILLY ARNAWA','2002-11-10','D3','2024-04-04 07:52:07','2024-04-04 07:52:07'),(1226,'2021404082','JONATHAN BERWYN LIM','2002-04-24','D3','2024-04-04 07:52:07','2024-04-04 07:52:07'),(1227,'2021404045','JOVANKA MUHAMMAD AVARELL','2003-03-21','D3','2024-04-04 07:52:07','2024-06-06 10:45:38'),(1228,'2020404067','LAUDYA CLARABEL POLII','2002-10-30','D3','2024-04-04 07:52:08','2024-04-04 07:52:08'),(1229,'2021404042','MATHEW YOEL','2003-01-06','D3','2024-04-04 07:52:08','2024-04-04 07:52:08'),(1230,'2021404009','MATIAS DARREN WIJONYO','2003-06-18','D3','2024-04-04 07:52:08','2024-04-04 07:52:08'),(1231,'2021404088','MAUREN JESSICA ASGIATHI','2003-03-29','D3','2024-04-04 07:52:08','2024-05-20 03:00:26'),(1232,'2021404010','MOCH ALWAN AL FAWWAZ','2003-01-14','D3','2024-04-04 07:52:08','2024-04-04 07:52:08'),(1233,'2021404046','MOHAMAD ALIFFUDIN','2002-08-17','D3','2024-04-04 07:52:08','2024-04-04 07:52:08'),(1234,'2021404005','MUHAMMAD ABIZARD AL GHIFARI','2002-07-15','D3','2024-04-04 07:52:08','2024-04-04 07:52:08'),(1235,'2021404097','MUHAMMAD KEFIN FEBRIANSYAH','2002-09-15','D3','2024-04-04 07:52:08','2024-04-04 07:52:08'),(1236,'2021404073','MUHAMMAD KURNIA SHANDY IBRAHIM','2003-07-01','D3','2024-04-04 07:52:08','2024-04-04 07:52:08'),(1237,'2021404034','MUHAMMAD RAFIF RAZAVI','2003-06-06','D3','2024-04-04 07:52:08','2024-04-04 07:52:08'),(1238,'2021404025','NADIA HANSEL STEPHANY WIJAYA','2003-09-15','D3','2024-04-04 07:52:08','2024-04-04 07:52:08'),(1239,'2021404080','NICHOLAS DONIA','2003-09-14','D3','2024-04-04 07:52:08','2024-04-04 07:52:08'),(1240,'2021404016','NURLINA OKTAVIA SITUMORANG','2001-10-05','D3','2024-04-04 07:52:08','2024-04-04 07:52:08'),(1241,'2021404008','RAIHAN FIKRI FADILLAH','2003-10-07','D3','2024-04-04 07:52:09','2024-04-04 07:52:09'),(1242,'2021404075','RAMADHIKA KURNIAWAN','2003-04-15','D3','2024-04-04 07:52:09','2024-04-04 07:52:09'),(1243,'2021404052','RIZAL NAUFAL ABDULLAH','2000-10-12','D3','2024-04-04 07:52:09','2024-04-04 07:52:09'),(1244,'2021404017','SALSABILA FEBIANDANI','2002-02-28','D3','2024-04-04 07:52:09','2024-04-04 07:52:09'),(1245,'2021404056','SALZSABILLA ZSAHRA FARADIZSA','2002-06-17','D3','2024-04-04 07:52:09','2024-04-04 07:52:09'),(1246,'2021404043','SAPHIRA SALSABIL','2002-07-07','D3','2024-04-04 07:52:09','2024-04-04 07:52:09'),(1247,'2021404006','SATRIA JAYA WIGUNA','2003-10-09','D3','2024-04-04 07:52:09','2024-04-04 07:52:09'),(1248,'2021404065','SENA TRIANDA KUSUMA','2002-12-10','D3','2024-04-04 07:52:09','2024-04-04 07:52:09'),(1249,'2021404077','STEFANUS STEVE NAIBAHO','2003-01-05','D3','2024-04-04 07:52:09','2024-04-04 07:52:09'),(1250,'2021404074','SUKMA FEBRI LESTARI','2004-02-05','D3','2024-04-04 07:52:09','2024-04-04 07:52:09'),(1251,'2021404094','SYAHLA TANAIA PUTRI SOEMANTRI','2004-05-24','D3','2024-04-04 07:52:09','2024-04-04 07:52:09'),(1252,'2021404011','SYANIAH SALSA NURJANAH','2001-03-25','D3','2024-04-04 07:52:09','2024-05-21 03:43:35'),(1253,'2021404020','TALITHA FAE LARASATI','2004-01-30','D3','2024-04-04 07:52:09','2024-04-04 07:52:09'),(1254,'2021404038','TIARA ANGGRAENI RAHAYU','2003-02-20','D3','2024-04-04 07:52:09','2024-04-04 07:52:09'),(1255,'2021404044','TUBAGUS BILLY','2003-06-14','D3','2024-04-04 07:52:10','2024-04-04 07:52:10'),(1256,'2021407056','ABDUL AZIZ','2000-11-24','D3','2024-04-04 07:52:10','2024-04-04 07:52:10'),(1257,'2021407013','ALVARO DEYANDRA','2002-05-30','D3','2024-04-04 07:52:10','2024-04-04 07:52:10'),(1258,'2021407066','AMARA WINONA ISTIAZAH','2004-01-24','D3','2024-04-04 07:52:10','2024-04-04 07:52:10'),(1259,'2021407009','AMIRAH ADILLA','2003-03-30','D3','2024-04-04 07:52:10','2024-05-22 08:12:37'),(1260,'2021407077','ARYO JULIANTO','2003-07-18','D3','2024-04-04 07:52:10','2024-04-04 07:52:10'),(1261,'2021407095','BIMO ANFRIO','2001-12-29','D3','2024-04-04 07:52:10','2024-04-04 07:52:10'),(1262,'2021407046','BUNGA ILVI AGUSTIANI','2001-08-13','D3','2024-04-04 07:52:10','2024-04-04 07:52:10'),(1263,'2021407049','CHRISTOPER MICHAEL INDRA PRAMANA','2001-12-14','D3','2024-04-04 07:52:10','2024-04-04 07:52:10'),(1264,'2021407010','CRISTINE SITIO','2003-11-30','D3','2024-04-04 07:52:10','2024-04-04 07:52:10'),(1265,'2021407072','DECHI MAHAFITRIE','2001-12-17','D3','2024-04-04 07:52:10','2024-04-04 07:52:10'),(1266,'2021407078','DIVA FITRIYANDI PRAJA','2002-12-03','D3','2024-04-04 07:52:10','2024-04-04 07:52:10'),(1267,'2021407040','EDWARD YEHEZKIEL SIRAIT','2002-10-23','D3','2024-04-04 07:52:10','2024-04-04 07:52:10'),(1268,'2021407055','ENDAH SRI LESTARY','2000-12-03','D3','2024-04-04 07:52:11','2024-04-04 07:52:11'),(1269,'2021407085','FARIDH AL GHIFARI','2001-09-06','D3','2024-04-04 07:52:11','2024-04-04 07:52:11'),(1270,'2021407050','FAZRI SUTAN MAULANA','2002-02-05','D3','2024-04-04 07:52:11','2024-04-04 07:52:11'),(1271,'2021407057','FLOURACHINTA MOKTIKA PRASETIO WIEMO','2003-05-19','D3','2024-04-04 07:52:11','2024-04-04 07:52:11'),(1272,'2021407037','GHILMAR BAGUS','2003-02-02','D3','2024-04-04 07:52:11','2024-04-04 07:52:11'),(1273,'2021407018','HERFYN PRAMUDYA KUSUMA','2002-01-30','D3','2024-04-04 07:52:11','2024-04-04 07:52:11'),(1274,'2021407069','HILLARY TARIN CEARI DWIARKA RUSDIARTO','2003-01-13','D3','2024-04-04 07:52:11','2024-04-04 07:52:11'),(1275,'2021407001','JANSSEN CHRISTENSEN','2003-04-02','D3','2024-04-04 07:52:11','2024-04-04 07:52:11'),(1276,'2021407008','LATHIF ADHI NUGROHO','2003-03-01','D3','2024-04-04 07:52:11','2024-05-17 07:28:38'),(1277,'2021407080','LEONARDUS JEREMY SEBASTIAN','2002-07-18','D3','2024-04-04 07:52:11','2024-04-04 07:52:11'),(1278,'2021407062','MADINAH ZERLINDA EL QAF','2003-05-07','D3','2024-04-04 07:52:11','2024-04-04 07:52:11'),(1279,'2021407075','MELVIN MASLI','2003-05-26','D3','2024-04-04 07:52:11','2024-04-04 07:52:11'),(1280,'2021407020','MUHAMMAD DERAS AL FATHAN HERMAWAN','2002-11-19','D3','2024-04-04 07:52:11','2024-04-04 07:52:11'),(1281,'2021407042','MUHAMMED AIRA PRATAMA','2002-05-17','D3','2024-04-04 07:52:11','2024-04-04 07:52:11'),(1282,'2021407029','NANDA RIFA FEBRIANA','2001-02-20','D3','2024-04-04 07:52:11','2024-04-04 07:52:11'),(1283,'2021407071','RAFLI RAZAQ RANGKUTI','2002-08-06','D3','2024-04-04 07:52:12','2024-04-04 07:52:12'),(1284,'2020407103','RAID NAUFAL SHATRIE','2001-02-28','D3','2024-04-04 07:52:12','2024-04-04 07:52:12'),(1285,'2021407012','REBECA FHEBY SHAFIRA','2001-02-18','D3','2024-04-04 07:52:12','2024-04-04 07:52:12'),(1286,'2021407094','RHEISSA AZALEA','2003-05-03','D3','2024-04-04 07:52:12','2024-04-04 07:52:12'),(1287,'2021407031','RIZKIA KAMELIANA','2002-08-04','D3','2024-04-04 07:52:12','2024-04-04 07:52:12'),(1288,'2021407054','SABRINA ZEFANYA MOESTIKA RATAM','2002-11-26','D3','2024-04-04 07:52:12','2024-04-04 07:52:12'),(1289,'2021407019','SANIYYAH AURORA SYAMSUDDIN','2003-04-21','D3','2024-04-04 07:52:12','2024-04-04 07:52:12'),(1290,'2021407061','STEVEN AUGUST ANDREAS','2001-08-15','D3','2024-04-04 07:52:12','2024-04-04 07:52:12'),(1291,'2021407051','TANTI RATNAPURI','2002-12-28','D3','2024-04-04 07:52:12','2024-04-04 07:52:12'),(1292,'2021407026','TASYA AIDA ATHIRAH','2001-10-16','D3','2024-04-04 07:52:12','2024-04-04 07:52:12'),(1293,'2021407027','ZALSA VRIZI UMMAYA','2003-08-18','D3','2024-04-04 07:52:12','2024-04-04 07:52:12'),(1294,'2021407052','ZANDRA SURACHMAN','2003-01-20','D3','2024-04-04 07:52:12','2024-04-04 07:52:12'),(1295,'2021406098','ADIB KHAIRUL HIBBAN','2003-01-17','D3','2024-04-04 07:52:12','2024-04-04 07:52:12'),(1296,'2021406093','AGNI AGRAPRANA INAS YUSUF SOEPANDI','2003-04-19','D3','2024-04-04 07:52:13','2024-04-04 07:52:13'),(1297,'2021406073','AISHA ASLAMA METIANA','2003-04-01','D3','2024-04-04 07:52:13','2024-04-04 07:52:13'),(1298,'2021406055','ANGELIN NATALIE CECILLIA','2002-12-24','D3','2024-04-04 07:52:13','2024-04-04 07:52:13'),(1299,'2021406022','AXEL KUSUMA','2003-09-26','D3','2024-04-04 07:52:13','2024-04-04 07:52:13'),(1300,'2021406048','AZMI ZAKIRA','2003-07-17','D3','2024-04-04 07:52:13','2024-04-04 07:52:13'),(1301,'2021406084','BRYAN MARPAUNG','2003-12-06','D3','2024-04-04 07:52:13','2024-04-04 07:52:13'),(1302,'2021406090','BTARI RATNANING WARDHANI','2003-07-12','D3','2024-04-04 07:52:13','2024-04-04 07:52:13'),(1303,'2021406081','CLAUDIO THOMAS','2003-05-26','D3','2024-04-04 07:52:13','2024-04-04 07:52:13'),(1304,'2021406017','DINDA KHAULAH KHOIRUNNISAA TAUFIK','2003-04-22','D3','2024-04-04 07:52:13','2024-04-04 07:52:13'),(1305,'2021406079','FARRELL NAZRA MARCHI','2003-03-02','D3','2024-04-04 07:52:13','2024-05-20 07:18:24'),(1306,'2021406062','FIRDA PUTRI HASTARI','2001-08-24','D3','2024-04-04 07:52:13','2024-04-04 07:52:13'),(1307,'2021406032','HANA HANIFAH','2003-05-27','D3','2024-04-04 07:52:13','2024-04-04 07:52:13'),(1308,'2021406023','HAPPY AYU SUKMA','2003-01-06','D3','2024-04-04 07:52:13','2024-04-04 07:52:13'),(1309,'2021406066','HELFRICH SAMUEL MANGAPUL SITORUS','2000-09-19','D3','2024-04-04 07:52:13','2024-04-04 07:52:13'),(1310,'2021406010','IRSYAD ATHALLA TEGAR SUGIARTO','2003-08-21','D3','2024-04-04 07:52:13','2024-04-04 07:52:13'),(1311,'2021406029','JUAN JEDDY ANDAROZKY','2002-05-17','D3','2024-04-04 07:52:13','2024-04-04 07:52:13'),(1312,'2021406027','KHANSA FATHINAH NIRWASITA','2003-10-01','D3','2024-04-04 07:52:14','2024-04-04 07:52:14'),(1313,'2021406018','M DITO GUSTIANDRA','2003-08-05','D3','2024-04-04 07:52:14','2024-04-04 07:52:14'),(1314,'2021406009','M YUSUF RIZKI R','2003-09-28','D3','2024-04-04 07:52:14','2024-04-04 07:52:14'),(1315,'2021406058','MELVIAR HIZKIA DENFIE','2003-08-27','D3','2024-04-04 07:52:14','2024-04-04 07:52:14'),(1316,'2021406082','MUHAMMAD AULIA AKBAR','1999-04-06','D3','2024-04-04 07:52:14','2024-04-04 07:52:14'),(1317,'2021406091','MUHAMMAD AZMI','2002-02-20','D3','2024-04-04 07:52:14','2024-04-04 07:52:14'),(1318,'2021406008','MUHAMMAD ERZA SURYADINATA','2003-12-08','D3','2024-04-04 07:52:14','2024-04-04 07:52:14'),(1319,'2021406031','MUHAMMAD FEBRIAN SYAHPUTRA','2003-02-07','D3','2024-04-04 07:52:14','2024-04-04 07:52:14'),(1320,'2021406056','MUHAMMAD HABIBILLAH','2003-04-12','D3','2024-04-04 07:52:14','2024-04-04 07:52:14'),(1321,'2021406012','MUHAMMAD HADIYAN FAZA NUGROHO','1996-04-02','D3','2024-04-04 07:52:14','2024-04-04 07:52:14'),(1322,'2021406096','MUHAMMAD HAFIZH ALFARIST','2003-08-09','D3','2024-04-04 07:52:14','2024-04-04 07:52:14'),(1323,'2021406052','MUHAMMAD NAZA ROFERTI FARREL','2002-11-02','D3','2024-04-04 07:52:14','2024-04-04 07:52:14'),(1324,'2021406092','NABIEL ORTHON','2001-08-28','D3','2024-04-04 07:52:14','2024-04-04 07:52:14'),(1325,'2021406006','NABILA KARIN','2003-06-24','D3','2024-04-04 07:52:14','2024-04-04 07:52:14'),(1326,'2021406026','NADILLA ARIF','2001-11-11','D3','2024-04-04 07:52:14','2024-04-04 07:52:14'),(1327,'2021406100','NAILA ALLISA ZULFIKAR','2003-09-24','D3','2024-04-04 07:52:14','2024-04-04 07:52:14'),(1328,'2021406057','NAJWA BALQIS PUTRI','2003-09-17','D3','2024-04-04 07:52:15','2024-04-04 07:52:15'),(1329,'2021406095','NAJWA QUEENNA LATIFAH','2003-08-16','D3','2024-04-04 07:52:15','2024-04-04 07:52:15'),(1330,'2021406043','NAUSA RAMADHAN AKBAR','2002-11-18','D3','2024-04-04 07:52:15','2024-04-04 07:52:15'),(1331,'2021406039','NAZHLAFIELLAH NUR SAFAH LUBIS','2002-08-03','D3','2024-04-04 07:52:15','2024-04-04 07:52:15'),(1332,'2021406085','NITA WULANDARI','2002-12-25','D3','2024-04-04 07:52:15','2024-04-04 07:52:15'),(1333,'2021406068','OLIVIA FLORENTIA SIWEMOLE','2002-12-02','D3','2024-04-04 07:52:15','2024-04-04 07:52:15'),(1334,'2021406074','PUTRA RAMDANI','2003-10-28','D3','2024-04-04 07:52:15','2024-04-04 07:52:15'),(1335,'2021406067','RAFI RASENDRIA HAPSORO','2002-05-30','D3','2024-04-04 07:52:15','2024-04-04 07:52:15'),(1336,'2021406028','RAHADIAN RAMADHAN SUJANA','2001-12-14','D3','2024-04-04 07:52:15','2024-04-04 07:52:15'),(1337,'2021406024','RAMDHANI PURNAMA PUTRA','2002-12-11','D3','2024-04-04 07:52:15','2024-04-04 07:52:15'),(1338,'2021406064','RANGGA WIJAYAKUSUMAH','2001-06-12','D3','2024-04-04 07:52:15','2024-04-04 07:52:15'),(1339,'2021406016','RETANIA YUDITHIA SYAH','2002-03-08','D3','2024-04-04 07:52:15','2024-05-20 09:16:08'),(1340,'2021406097','RISQIA SEPI MAULITA','2003-01-23','D3','2024-04-04 07:52:15','2024-04-04 07:52:15'),(1341,'2021406075','RIZAL MUMTAZ RAHMANI','2003-10-14','D3','2024-04-04 07:52:15','2024-04-04 07:52:15'),(1342,'2021406007','RIZKE ERYZA PUTRI ARTHARANI','2002-06-01','D3','2024-04-04 07:52:15','2024-04-04 07:52:15'),(1343,'2021406054','RIZKY RISKAWATI','2003-03-01','D3','2024-04-04 07:52:16','2024-05-20 01:28:50'),(1344,'2020406040','ROMEO JOSHUA','2002-03-02','D3','2024-04-04 07:52:16','2024-05-20 07:15:19'),(1345,'2021406049','SABRINA ADRIATIC SEA','2003-10-11','D3','2024-04-04 07:52:16','2024-04-04 07:52:16'),(1346,'2021406042','SACHIO RAFIF SAPTIANTO','2002-07-26','D3','2024-04-04 07:52:16','2024-04-04 07:52:16'),(1347,'2021406065','SAVANA LADY ROSE','2002-12-17','D3','2024-04-04 07:52:16','2024-04-04 07:52:16'),(1348,'2021406001','SHAH RAKYAN L\'AZURI','2003-04-16','D3','2024-04-04 07:52:16','2024-04-04 07:52:16'),(1349,'2021406005','SILVA NABILA JASDRIMA','2003-09-24','D3','2024-04-04 07:52:16','2024-04-04 07:52:16'),(1350,'2021406053','SYAHRIZAL MU\'IEZU','2002-09-28','D3','2024-04-04 07:52:16','2024-04-04 07:52:16'),(1351,'2021406051','SYEBA PUTRI GAYATRI JATMIKO','2003-03-01','D3','2024-04-04 07:52:16','2024-05-17 03:31:03'),(1352,'2021406086','SYIFA NURFAUZIAH','2002-10-20','D3','2024-04-04 07:52:16','2024-04-04 07:52:16'),(1353,'2021406099','TIA ASALISA','2002-12-26','D3','2024-04-04 07:52:16','2024-04-04 07:52:16'),(1354,'2021411009','ABIL REFI SEPTIAN','2003-09-04','D3','2024-04-04 07:52:16','2024-04-04 07:52:16'),(1355,'2021411082','ADITYA BAGUS LESMANA','2002-09-25','D3','2024-04-04 07:52:16','2024-04-04 07:52:16'),(1356,'2021411096','AGNES RAYA PONGSAMMIN','2002-12-10','D3','2024-04-04 07:52:17','2024-04-04 07:52:17'),(1357,'2021411005','AMELIA ALISTIAWATI','2003-10-03','D3','2024-04-04 07:52:17','2024-04-04 07:52:17'),(1358,'2021411070','ANANTI ZAHRA BADRIAH','2004-01-29','D3','2024-04-04 07:52:17','2024-04-04 07:52:17'),(1359,'2021411012','ANINDYA MAHARANI','2003-02-04','D3','2024-04-04 07:52:17','2024-04-04 07:52:17'),(1360,'2021411045','AUDREY MARGUERITA','2003-03-31','D3','2024-04-04 07:52:17','2024-05-16 07:41:17'),(1361,'2021411018','AZZAHRA SALSABILA','2003-06-20','D3','2024-04-04 07:52:17','2024-04-04 07:52:17'),(1362,'2021411104','BASIA IVANA','2002-11-01','D3','2024-04-04 07:52:17','2024-04-04 07:52:17'),(1363,'2021411007','BINTANG SUSAN','2003-11-06','D3','2024-04-04 07:52:17','2024-04-04 07:52:17'),(1364,'2021411103','CAESAR','2002-12-11','D3','2024-04-04 07:52:17','2024-04-04 07:52:17'),(1365,'2021411086','CHARISSA ELEANORA','2003-06-13','D3','2024-04-04 07:52:17','2024-04-04 07:52:17'),(1366,'2021411090','CLARA TIANAKA EFENDI','2003-10-06','D3','2024-04-04 07:52:17','2024-04-04 07:52:17'),(1367,'2021411027','DAFFA ANANDHITO','2003-09-06','D3','2024-04-04 07:52:17','2024-04-04 07:52:17'),(1368,'2021411013','DINDA AFIFAH PARTAKUSUMAH','2003-05-14','D3','2024-04-04 07:52:17','2024-04-04 07:52:17'),(1369,'2021411006','DINDA CAHYANI ERIKA','2003-03-20','D3','2024-04-04 07:52:17','2024-05-16 07:44:05'),(1370,'2021411097','DURROTUL ASYFIYA KHUSNAYATI','2002-12-04','D3','2024-04-04 07:52:17','2024-04-04 07:52:17'),(1371,'2021411078','DWI LINTANG NUR APRILIA','2001-04-20','D3','2024-04-04 07:52:17','2024-04-04 07:52:17'),(1372,'2021411105','ENFI YOHANA YULIANTI SIMBOLON','2003-07-23','D3','2024-04-04 07:52:17','2024-04-04 07:52:17'),(1373,'2021411036','FAATHIRA NUUR QODRINA','2003-03-07','D3','2024-04-04 07:52:18','2024-05-16 07:45:15'),(1374,'2021411011','FARAH KHOERUNISSA ROSADA','2004-01-03','D3','2024-04-04 07:52:18','2024-04-04 07:52:18'),(1375,'2020411038','FATIYAH ZAHROTUL IFADAH','2001-07-10','D3','2024-04-04 07:52:18','2024-04-04 07:52:18'),(1376,'2021411101','FERDY KURNIAWAN','2003-02-24','D3','2024-04-04 07:52:18','2024-04-04 07:52:18'),(1377,'2021411071','HAYA AMANI FAUZIYYAH','2002-09-08','D3','2024-04-04 07:52:18','2024-04-04 07:52:18'),(1378,'2021411029','JENIFER','2003-09-12','D3','2024-04-04 07:52:18','2024-04-04 07:52:18'),(1379,'2021411020','JESSICA ANADEA TATELEY','2003-08-24','D3','2024-04-04 07:52:18','2024-04-04 07:52:18'),(1380,'2021411100','JIHAN ATIHA SADIRA','2003-06-16','D3','2024-04-04 07:52:18','2024-04-04 07:52:18'),(1381,'2021411069','KALISTA SYIFA ASHILA','2001-08-27','D3','2024-04-04 07:52:18','2024-04-04 07:52:18'),(1382,'2021411010','KHEIVA SASEMA','2003-09-05','D3','2024-04-04 07:52:18','2024-04-04 07:52:18'),(1383,'2021411030','KIMBERLY FORTUNA','2002-12-23','D3','2024-04-04 07:52:19','2024-04-04 07:52:19'),(1384,'2021411028','MAHARANI YUNIFA KAMAL','2003-06-03','D3','2024-04-04 07:52:19','2024-04-04 07:52:19'),(1385,'2021411043','MALIKA SABIRA FEBRIANI','2003-02-22','D3','2024-04-04 07:52:19','2024-04-04 07:52:19'),(1386,'2021411061','MOCHAMMAD FADHILLAH ALBANY','2003-03-05','D3','2024-04-04 07:52:19','2024-05-17 09:50:54'),(1387,'2021411060','MUHAMMAD FADEL RAMADHAN','1996-02-04','D3','2024-04-04 07:52:19','2024-04-04 07:52:19'),(1388,'2021411091','NAZWA KANIA MAULIDA','2003-06-14','D3','2024-04-04 07:52:19','2024-04-04 07:52:19'),(1389,'2021411080','PUTRI INDRIYANI NURYADIN','2002-04-09','D3','2024-04-04 07:52:19','2024-04-04 07:52:19'),(1390,'2021411051','RACHMALIA SYAM FIRLIANA ALAMSYAH','2002-11-02','D3','2024-04-04 07:52:19','2024-04-04 07:52:19'),(1391,'2021411026','RADEN BALQIST AZRA GHANIYAH','2003-05-10','D3','2024-04-04 07:52:19','2024-04-04 07:52:19'),(1392,'2021411044','RANGGA SETIAWAN','2002-06-24','D3','2024-04-04 07:52:19','2024-04-04 07:52:19'),(1393,'2021411081','RANNY SARTIKA','2002-04-03','D3','2024-04-04 07:52:19','2024-04-04 07:52:19'),(1394,'2021411017','RIMA FITRIYANI NURAMBIYA','2003-03-17','D3','2024-04-04 07:52:19','2024-05-16 07:41:48'),(1395,'2021411089','RIZKY AMELIA','2001-11-15','D3','2024-04-04 07:52:19','2024-04-04 07:52:19'),(1396,'2021411068','SAFIRA ANNISHA RACHMAH','2003-07-05','D3','2024-04-04 07:52:20','2024-04-04 07:52:20'),(1397,'2021411083','SALMA AYU NASTITI','2003-08-14','D3','2024-04-04 07:52:20','2024-04-04 07:52:20'),(1398,'2021411084','SEKAR FITRIA MARIANI','2003-12-05','D3','2024-04-04 07:52:20','2024-04-04 07:52:20'),(1399,'2021411037','SITI NURUL ASYIFA','2002-06-27','D3','2024-04-04 07:52:20','2024-04-04 07:52:20'),(1400,'2021411047','SOFFI SALVANIA WIDIASTUTI','2003-03-09','D3','2024-04-04 07:52:20','2024-05-16 07:44:29'),(1401,'2021411085','STEVIE ATALIA EXCLATION','2003-09-07','D3','2024-04-04 07:52:20','2024-04-04 07:52:20'),(1402,'2021411033','VANESSA','2003-03-07','D3','2024-04-04 07:52:20','2024-05-16 07:42:18'),(1403,'2021411102','ZAYYANDA MARSHAL SABIR','2003-03-19','D3','2024-04-04 07:52:20','2024-05-16 07:46:34'),(1404,'2021411025','ZOCHA NATHANIA','2003-05-27','D3','2024-04-04 07:52:20','2024-04-04 07:52:20');

--
